180.190.126.225 - - [22/Dec/2025:05:23:33 -0300] "GET /wp-admin/upgrade.php?_wp_http_referer=%2Fwp-admin%2Fplugins.php%3Fshow_all%3D1 HTTP/1.1" 200 661 "https://pages.cmmozart.com.br/wp-admin/plugins.php?show_all=1" "Mozilla/5.0 (Windows NT 10.0; Win64; x64; rv:133.0) Gecko/20100101 Firefox/133.0"
180.190.126.225 - - [22/Dec/2025:05:24:05 -0300] "GET /wp-admin/plugin-install.php HTTP/1.1" 302 0 "-" "Mozilla/5.0 (Windows NT 10.0; Win64; x64) AppleWebKit/537.36 (KHTML, like Gecko) Chrome/131.0.0.0 Safari/537.36"
180.190.126.225 - - [22/Dec/2025:05:24:09 -0300] "GET /wp-admin/upgrade.php?_wp_http_referer=%2Fwp-admin%2Fplugin-install.php HTTP/1.1" 200 650 "https://pages.cmmozart.com.br/wp-admin/plugin-install.php" "Mozilla/5.0 (Windows NT 10.0; Win64; x64) AppleWebKit/537.36 (KHTML, like Gecko) Chrome/131.0.0.0 Safari/537.36"
180.190.126.225 - - [22/Dec/2025:05:24:22 -0300] "GET /wp-admin/plugins.php?show_all=1 HTTP/1.1" 302 0 "-" "Mozilla/5.0 (Windows NT 10.0; Win64; x64) AppleWebKit/537.36 (KHTML, like Gecko) Chrome/131.0.0.0 Safari/537.36"
180.190.126.225 - - [22/Dec/2025:05:24:42 -0300] "GET /wp-admin/admin.php?page=wpcode HTTP/1.1" 302 0 "-" "Mozilla/5.0 (Windows NT 10.0; Win64; x64) AppleWebKit/537.36 (KHTML, like Gecko) Chrome/131.0.0.0 Safari/537.36"
180.190.126.225 - - [22/Dec/2025:05:24:47 -0300] "GET /wp-admin/upgrade.php?_wp_http_referer=%2Fwp-admin%2Fadmin.php%3Fpage%3Dwpcode HTTP/1.1" 200 657 "https://pages.cmmozart.com.br/wp-admin/admin.php?page=wpcode" "Mozilla/5.0 (Windows NT 10.0; Win64; x64) AppleWebKit/537.36 (KHTML, like Gecko) Chrome/131.0.0.0 Safari/537.36"
180.190.126.225 - - [22/Dec/2025:05:25:21 -0300] "GET /wp-login.php HTTP/1.1" 200 3128 "http://pages.cmmozart.com.br/wp-login.php" "Mozilla/5.0 (Windows NT 10.0; Win64; x64) AppleWebKit/537.36 (KHTML, like Gecko) Chrome/131.0.0.0 Safari/537.36"
180.190.126.225 - - [22/Dec/2025:05:25:26 -0300] "POST /wp-login.php HTTP/1.1" 302 0 "-" "Mozilla/5.0 (Windows NT 10.0; Win64; x64; rv:133.0) Gecko/20100101 Firefox/133.0"
180.190.126.225 - - [22/Dec/2025:05:25:38 -0300] "GET /wp-admin/my-sites.php HTTP/1.1" 302 0 "-" "Mozilla/5.0 (Windows NT 10.0; Win64; x64; rv:133.0) Gecko/20100101 Firefox/133.0"
180.190.126.225 - - [22/Dec/2025:05:26:08 -0300] "GET /wp-admin/upgrade.php?_wp_http_referer=%2Fwp-admin%2Fplugins.php%3Fshow_all%3D1 HTTP/1.1" 200 661 "https://pages.cmmozart.com.br/wp-admin/plugins.php?show_all=1" "Mozilla/5.0 (Windows NT 10.0; Win64; x64) AppleWebKit/537.36 (KHTML, like Gecko) Chrome/131.0.0.0 Safari/537.36"
187.33.241.49 - - [22/Dec/2025:05:26:13 -0300] "POST /wp-cron.php?doing_wp_cron=1766391973.0103380680084228515625 HTTP/1.1" 200 0 "-" "WordPress/6.9; https://pages.cmmozart.com.br"
180.190.126.225 - - [22/Dec/2025:05:26:20 -0300] "GET /wp-admin/plugins.php?show_all=1 HTTP/1.1" 302 0 "-" "Mozilla/5.0 (Windows NT 10.0; Win64; x64) AppleWebKit/537.36 (KHTML, like Gecko) Chrome/131.0.0.0 Safari/537.36"
180.190.126.225 - - [22/Dec/2025:05:25:51 -0300] "GET /wp-admin/upgrade.php?_wp_http_referer=%2Fwp-admin%2Fplugins.php%3Fshow_all%3D1 HTTP/1.1" 200 661 "https://pages.cmmozart.com.br/wp-admin/plugins.php?show_all=1" "Mozilla/5.0 (Windows NT 10.0; Win64; x64; rv:133.0) Gecko/20100101 Firefox/133.0"
180.190.126.225 - - [22/Dec/2025:05:26:03 -0300] "GET /wp-admin/plugins.php?show_all=1 HTTP/1.1" 302 0 "-" "Mozilla/5.0 (Windows NT 10.0; Win64; x64) AppleWebKit/537.36 (KHTML, like Gecko) Chrome/131.0.0.0 Safari/537.36"
180.190.126.225 - - [22/Dec/2025:05:26:12 -0300] "GET /wp-admin/plugins.php?show_all=1 HTTP/1.1" 302 0 "-" "Mozilla/5.0 (Windows NT 10.0; Win64; x64) AppleWebKit/537.36 (KHTML, like Gecko) Chrome/131.0.0.0 Safari/537.36"
187.33.241.49 - - [22/Dec/2025:05:26:38 -0300] "POST /wp-cron.php?doing_wp_cron=1766391997.9906411170959472656250 HTTP/1.1" 200 0 "-" "WordPress/6.9; https://pages.cmmozart.com.br"
180.190.126.225 - - [22/Dec/2025:05:26:53 -0300] "GET /wp-admin/plugins.php?show_all=1 HTTP/1.1" 302 0 "-" "Mozilla/5.0 (Windows NT 10.0; Win64; x64) AppleWebKit/537.36 (KHTML, like Gecko) Chrome/131.0.0.0 Safari/537.36"
180.190.126.225 - - [22/Dec/2025:05:27:18 -0300] "GET /wp-admin/admin.php?page=wpcode-snippet-manager&custom=1 HTTP/1.1" 302 0 "-" "Mozilla/5.0 (Windows NT 10.0; Win64; x64) AppleWebKit/537.36 (KHTML, like Gecko) Chrome/126.0.0.0 Safari/537.36"
180.190.126.225 - - [22/Dec/2025:05:27:33 -0300] "GET /wp-admin/upgrade.php?_wp_http_referer=%2Fwp-admin%2Fadmin.php%3Fpage%3Dwpcode HTTP/1.1" 200 657 "https://pages.cmmozart.com.br/wp-admin/admin.php?page=wpcode" "Mozilla/5.0 (Windows NT 10.0; Win64; x64) AppleWebKit/537.36 (KHTML, like Gecko) Chrome/126.0.0.0 Safari/537.36"
160.119.159.162 - - [22/Dec/2025:05:28:04 -0300] "GET /wp-login.php?redirect_to=https%3A%2F%2Fpages.cmmozart.com.br%2Fwp-admin%2F&action=confirm_admin_email&wp_lang=pt_BR HTTP/1.1" 200 1674 "https://pages.cmmozart.com.br/wp-login.php" "Mozilla/5.0 (Windows NT 10.0; Win64; x64; rv:133.0) Gecko/20100101 Firefox/133.0"
187.33.241.49 - - [22/Dec/2025:05:28:11 -0300] "POST /wp-cron.php?doing_wp_cron=1766392090.9876220226287841796875 HTTP/1.1" 200 0 "-" "WordPress/6.9; https://pages.cmmozart.com.br"
160.119.159.162 - - [22/Dec/2025:05:28:09 -0300] "GET /wp-admin/my-sites.php HTTP/1.1" 302 0 "-" "Mozilla/5.0 (Windows NT 10.0; Win64; x64) AppleWebKit/537.36 (KHTML, like Gecko) Chrome/131.0.0.0 Safari/537.36"
160.119.159.162 - - [22/Dec/2025:05:28:26 -0300] "GET /wp-admin/plugins.php?show_all=1 HTTP/1.1" 302 0 "-" "Mozilla/5.0 (Windows NT 10.0; Win64; x64) AppleWebKit/537.36 (KHTML, like Gecko) Chrome/131.0.0.0 Safari/537.36"
187.33.241.49 - - [22/Dec/2025:05:28:38 -0300] "POST /wp-cron.php?doing_wp_cron=1766392118.7737510204315185546875 HTTP/1.1" 200 0 "-" "WordPress/6.9; https://pages.cmmozart.com.br"
160.119.159.162 - - [22/Dec/2025:05:28:38 -0300] "GET /wp-admin/plugins.php?show_all=1 HTTP/1.1" 302 0 "-" "Mozilla/5.0 (Windows NT 10.0; Win64; x64) AppleWebKit/537.36 (KHTML, like Gecko) Chrome/131.0.0.0 Safari/537.36"
160.119.159.162 - - [22/Dec/2025:05:29:04 -0300] "GET /wp-admin/plugins.php?show_all=1 HTTP/1.1" 302 0 "-" "Mozilla/5.0 (Windows NT 10.0; Win64; x64) AppleWebKit/537.36 (KHTML, like Gecko) Chrome/126.0.0.0 Safari/537.36"
180.190.126.225 - - [22/Dec/2025:05:26:35 -0300] "GET /wp-admin/plugin-install.php HTTP/1.1" 302 0 "-" "Mozilla/5.0 (Windows NT 10.0; Win64; x64) AppleWebKit/537.36 (KHTML, like Gecko) Chrome/126.0.0.0 Safari/537.36"
180.190.126.225 - - [22/Dec/2025:05:26:45 -0300] "GET /wp-admin/plugins.php?show_all=1 HTTP/1.1" 302 0 "-" "Mozilla/5.0 (Windows NT 10.0; Win64; x64) AppleWebKit/537.36 (KHTML, like Gecko) Chrome/131.0.0.0 Safari/537.36"
180.190.126.225 - - [22/Dec/2025:05:26:57 -0300] "GET /wp-admin/upgrade.php?_wp_http_referer=%2Fwp-admin%2Fplugins.php%3Fshow_all%3D1 HTTP/1.1" 200 661 "https://pages.cmmozart.com.br/wp-admin/plugins.php?show_all=1" "Mozilla/5.0 (Windows NT 10.0; Win64; x64) AppleWebKit/537.36 (KHTML, like Gecko) Chrome/131.0.0.0 Safari/537.36"
187.33.241.49 - - [22/Dec/2025:05:27:06 -0300] "POST /wp-cron.php?doing_wp_cron=1766392026.0972869396209716796875 HTTP/1.1" 200 0 "-" "WordPress/6.9; https://pages.cmmozart.com.br"
180.190.126.225 - - [22/Dec/2025:05:27:05 -0300] "GET /wp-admin/upgrade.php?_wp_http_referer=%2Fwp-admin%2Fplugins.php HTTP/1.1" 200 647 "https://pages.cmmozart.com.br/wp-admin/plugins.php" "Mozilla/5.0 (Windows NT 10.0; Win64; x64) AppleWebKit/537.36 (KHTML, like Gecko) Chrome/131.0.0.0 Safari/537.36"
187.33.241.49 - - [22/Dec/2025:05:27:11 -0300] "POST /wp-cron.php?doing_wp_cron=1766392031.0805919170379638671875 HTTP/1.1" 200 0 "-" "WordPress/6.9; https://pages.cmmozart.com.br"
180.190.126.225 - - [22/Dec/2025:05:27:09 -0300] "GET /wp-admin/admin.php?page=wpcode HTTP/1.1" 302 0 "-" "Mozilla/5.0 (Windows NT 10.0; Win64; x64; rv:133.0) Gecko/20100101 Firefox/133.0"
180.190.126.225 - - [22/Dec/2025:05:27:25 -0300] "GET /wp-admin/upgrade.php?_wp_http_referer=%2Fwp-admin%2Fadmin.php%3Fpage%3Dwpcode-snippet-manager%26custom%3D1 HTTP/1.1" 200 676 "https://pages.cmmozart.com.br/wp-admin/admin.php?page=wpcode-snippet-manager&custom=1" "Mozilla/5.0 (Windows NT 10.0; Win64; x64) AppleWebKit/537.36 (KHTML, like Gecko) Chrome/126.0.0.0 Safari/537.36"
187.33.241.49 - - [22/Dec/2025:05:27:34 -0300] "POST /wp-cron.php?doing_wp_cron=1766392054.3460860252380371093750 HTTP/1.1" 200 0 "-" "WordPress/6.9; https://pages.cmmozart.com.br"
160.119.159.162 - - [22/Dec/2025:05:27:46 -0300] "GET /wp-login.php HTTP/1.1" 200 3128 "http://pages.cmmozart.com.br/wp-login.php" "Mozilla/5.0 (Windows NT 10.0; Win64; x64) AppleWebKit/537.36 (KHTML, like Gecko) Chrome/131.0.0.0 Safari/537.36"
160.119.159.162 - - [22/Dec/2025:05:27:58 -0300] "POST /wp-login.php HTTP/1.1" 302 0 "-" "Mozilla/5.0 (Windows NT 10.0; Win64; x64; rv:133.0) Gecko/20100101 Firefox/133.0"
160.119.159.162 - - [22/Dec/2025:05:28:18 -0300] "GET /wp-admin/upgrade.php?_wp_http_referer=%2Fwp-admin%2Fmy-sites.php HTTP/1.1" 200 647 "https://pages.cmmozart.com.br/wp-admin/my-sites.php" "Mozilla/5.0 (Windows NT 10.0; Win64; x64) AppleWebKit/537.36 (KHTML, like Gecko) Chrome/131.0.0.0 Safari/537.36"
160.119.159.162 - - [22/Dec/2025:05:29:20 -0300] "GET /wp-admin/plugins.php?show_all=1 HTTP/1.1" 302 0 "-" "Mozilla/5.0 (Windows NT 10.0; Win64; x64) AppleWebKit/537.36 (KHTML, like Gecko) Chrome/131.0.0.0 Safari/537.36"
180.190.126.225 - - [22/Dec/2025:05:26:16 -0300] "GET /wp-admin/upgrade.php?_wp_http_referer=%2Fwp-admin%2Fplugins.php%3Fshow_all%3D1 HTTP/1.1" 200 661 "https://pages.cmmozart.com.br/wp-admin/plugins.php?show_all=1" "Mozilla/5.0 (Windows NT 10.0; Win64; x64) AppleWebKit/537.36 (KHTML, like Gecko) Chrome/131.0.0.0 Safari/537.36"
180.190.126.225 - - [22/Dec/2025:05:26:25 -0300] "GET /wp-admin/upgrade.php?_wp_http_referer=%2Fwp-admin%2Fplugins.php%3Fshow_all%3D1 HTTP/1.1" 200 661 "https://pages.cmmozart.com.br/wp-admin/plugins.php?show_all=1" "Mozilla/5.0 (Windows NT 10.0; Win64; x64) AppleWebKit/537.36 (KHTML, like Gecko) Chrome/131.0.0.0 Safari/537.36"
180.190.126.225 - - [22/Dec/2025:05:26:27 -0300] "GET /wp-admin/plugins.php?show_all=1 HTTP/1.1" 302 0 "-" "Mozilla/5.0 (Windows NT 10.0; Win64; x64) AppleWebKit/537.36 (KHTML, like Gecko) Chrome/131.0.0.0 Safari/537.36"
180.190.126.225 - - [22/Dec/2025:05:26:31 -0300] "GET /wp-admin/upgrade.php?_wp_http_referer=%2Fwp-admin%2Fplugins.php%3Fshow_all%3D1 HTTP/1.1" 200 661 "https://pages.cmmozart.com.br/wp-admin/plugins.php?show_all=1" "Mozilla/5.0 (Windows NT 10.0; Win64; x64) AppleWebKit/537.36 (KHTML, like Gecko) Chrome/131.0.0.0 Safari/537.36"
180.190.126.225 - - [22/Dec/2025:05:26:41 -0300] "GET /wp-admin/upgrade.php?_wp_http_referer=%2Fwp-admin%2Fplugin-install.php HTTP/1.1" 200 650 "https://pages.cmmozart.com.br/wp-admin/plugin-install.php" "Mozilla/5.0 (Windows NT 10.0; Win64; x64) AppleWebKit/537.36 (KHTML, like Gecko) Chrome/126.0.0.0 Safari/537.36"
180.190.126.225 - - [22/Dec/2025:05:26:50 -0300] "GET /wp-admin/upgrade.php?_wp_http_referer=%2Fwp-admin%2Fplugins.php%3Fshow_all%3D1 HTTP/1.1" 200 661 "https://pages.cmmozart.com.br/wp-admin/plugins.php?show_all=1" "Mozilla/5.0 (Windows NT 10.0; Win64; x64) AppleWebKit/537.36 (KHTML, like Gecko) Chrome/131.0.0.0 Safari/537.36"
180.190.126.225 - - [22/Dec/2025:05:27:00 -0300] "GET /wp-admin/plugins.php HTTP/1.1" 302 0 "-" "Mozilla/5.0 (Windows NT 10.0; Win64; x64) AppleWebKit/537.36 (KHTML, like Gecko) Chrome/131.0.0.0 Safari/537.36"
180.190.126.225 - - [22/Dec/2025:05:27:14 -0300] "GET /wp-admin/upgrade.php?_wp_http_referer=%2Fwp-admin%2Fadmin.php%3Fpage%3Dwpcode HTTP/1.1" 200 657 "https://pages.cmmozart.com.br/wp-admin/admin.php?page=wpcode" "Mozilla/5.0 (Windows NT 10.0; Win64; x64; rv:133.0) Gecko/20100101 Firefox/133.0"
180.190.126.225 - - [22/Dec/2025:05:27:29 -0300] "GET /wp-admin/admin.php?page=wpcode HTTP/1.1" 302 0 "-" "Mozilla/5.0 (Windows NT 10.0; Win64; x64) AppleWebKit/537.36 (KHTML, like Gecko) Chrome/126.0.0.0 Safari/537.36"
160.119.159.162 - - [22/Dec/2025:05:28:32 -0300] "GET /wp-admin/upgrade.php?_wp_http_referer=%2Fwp-admin%2Fplugins.php%3Fshow_all%3D1 HTTP/1.1" 200 661 "https://pages.cmmozart.com.br/wp-admin/plugins.php?show_all=1" "Mozilla/5.0 (Windows NT 10.0; Win64; x64) AppleWebKit/537.36 (KHTML, like Gecko) Chrome/131.0.0.0 Safari/537.36"
160.119.159.162 - - [22/Dec/2025:05:28:44 -0300] "GET /wp-admin/upgrade.php?_wp_http_referer=%2Fwp-admin%2Fplugins.php%3Fshow_all%3D1 HTTP/1.1" 200 661 "https://pages.cmmozart.com.br/wp-admin/plugins.php?show_all=1" "Mozilla/5.0 (Windows NT 10.0; Win64; x64) AppleWebKit/537.36 (KHTML, like Gecko) Chrome/131.0.0.0 Safari/537.36"
187.33.241.49 - - [22/Dec/2025:05:29:05 -0300] "POST /wp-cron.php?doing_wp_cron=1766392145.2904360294342041015625 HTTP/1.1" 200 0 "-" "WordPress/6.9; https://pages.cmmozart.com.br"
160.119.159.162 - - [22/Dec/2025:05:29:25 -0300] "GET /wp-admin/upgrade.php?_wp_http_referer=%2Fwp-admin%2Fplugins.php%3Fshow_all%3D1 HTTP/1.1" 200 661 "https://pages.cmmozart.com.br/wp-admin/plugins.php?show_all=1" "Mozilla/5.0 (Windows NT 10.0; Win64; x64) AppleWebKit/537.36 (KHTML, like Gecko) Chrome/131.0.0.0 Safari/537.36"
160.119.159.162 - - [22/Dec/2025:05:29:30 -0300] "GET /wp-admin/plugins.php?show_all=1 HTTP/1.1" 302 0 "-" "Mozilla/5.0 (Windows NT 10.0; Win64; x64) AppleWebKit/537.36 (KHTML, like Gecko) Chrome/131.0.0.0 Safari/537.36"
187.33.241.49 - - [22/Dec/2025:05:29:43 -0300] "POST /wp-cron.php?doing_wp_cron=1766392183.3920660018920898437500 HTTP/1.1" 200 0 "-" "WordPress/6.9; https://pages.cmmozart.com.br"
187.33.241.49 - - [22/Dec/2025:05:30:06 -0300] "POST /wp-cron.php?doing_wp_cron=1766392206.3759810924530029296875 HTTP/1.1" 200 0 "-" "WordPress/6.9; https://pages.cmmozart.com.br"
160.119.159.162 - - [22/Dec/2025:05:30:27 -0300] "GET /wp-admin/upgrade.php?_wp_http_referer=%2Fwp-admin%2Fplugins.php%3Fshow_all%3D1 HTTP/1.1" 200 661 "https://pages.cmmozart.com.br/wp-admin/plugins.php?show_all=1" "Mozilla/5.0 (Windows NT 10.0; Win64; x64) AppleWebKit/537.36 (KHTML, like Gecko) Chrome/126.0.0.0 Safari/537.36"
160.119.159.162 - - [22/Dec/2025:05:30:37 -0300] "GET /wp-admin/upgrade.php?_wp_http_referer=%2Fwp-admin%2Fplugins.php HTTP/1.1" 200 647 "https://pages.cmmozart.com.br/wp-admin/plugins.php" "Mozilla/5.0 (Windows NT 10.0; Win64; x64) AppleWebKit/537.36 (KHTML, like Gecko) Chrome/126.0.0.0 Safari/537.36"
187.33.241.49 - - [22/Dec/2025:05:30:44 -0300] "POST /wp-cron.php?doing_wp_cron=1766392244.3910079002380371093750 HTTP/1.1" 200 0 "-" "WordPress/6.9; https://pages.cmmozart.com.br"
187.33.241.49 - - [22/Dec/2025:05:31:08 -0300] "POST /wp-cron.php?doing_wp_cron=1766392268.8046290874481201171875 HTTP/1.1" 200 0 "-" "WordPress/6.9; https://pages.cmmozart.com.br"
160.119.159.162 - - [22/Dec/2025:05:31:26 -0300] "GET /wp-login.php HTTP/1.1" 200 3128 "http://pages.cmmozart.com.br/wp-login.php" "Mozilla/5.0 (Windows NT 10.0; Win64; x64) AppleWebKit/537.36 (KHTML, like Gecko) Chrome/131.0.0.0 Safari/537.36"
63.141.253.98 - - [22/Dec/2025:05:31:26 -0300] "GET / HTTP/1.1" 200 30287 "-" "Mozilla/5.0 (Windows NT 10.0; Win64; x64) AppleWebKit/537.36 (KHTML, like Gecko) Chrome/103.0.0.0 Safari/537.36"
160.119.159.162 - - [22/Dec/2025:05:32:02 -0300] "GET /wp-login.php?redirect_to=https%3A%2F%2Fpages.cmmozart.com.br%2Fwp-admin%2F&action=confirm_admin_email&wp_lang=pt_BR HTTP/1.1" 200 1671 "https://pages.cmmozart.com.br/wp-login.php" "Mozilla/5.0 (Windows NT 10.0; Win64; x64; rv:133.0) Gecko/20100101 Firefox/133.0"
160.119.159.162 - - [22/Dec/2025:05:29:42 -0300] "GET /wp-admin/upgrade.php?_wp_http_referer=%2Fwp-admin%2Fplugins.php%3Fshow_all%3D1 HTTP/1.1" 200 661 "https://pages.cmmozart.com.br/wp-admin/plugins.php?show_all=1" "Mozilla/5.0 (Windows NT 10.0; Win64; x64) AppleWebKit/537.36 (KHTML, like Gecko) Chrome/131.0.0.0 Safari/537.36"
187.33.241.49 - - [22/Dec/2025:05:29:53 -0300] "POST /wp-cron.php?doing_wp_cron=1766392193.7728850841522216796875 HTTP/1.1" 200 0 "-" "WordPress/6.9; https://pages.cmmozart.com.br"
160.119.159.162 - - [22/Dec/2025:05:29:51 -0300] "GET /wp-admin/plugin-install.php HTTP/1.1" 302 0 "-" "Mozilla/5.0 (Windows NT 10.0; Win64; x64; rv:133.0) Gecko/20100101 Firefox/133.0"
160.119.159.162 - - [22/Dec/2025:05:29:57 -0300] "GET /wp-admin/upgrade.php?_wp_http_referer=%2Fwp-admin%2Fplugin-install.php HTTP/1.1" 200 650 "https://pages.cmmozart.com.br/wp-admin/plugin-install.php" "Mozilla/5.0 (Windows NT 10.0; Win64; x64; rv:133.0) Gecko/20100101 Firefox/133.0"
160.119.159.162 - - [22/Dec/2025:05:30:03 -0300] "GET /wp-admin/plugins.php?show_all=1 HTTP/1.1" 302 0 "-" "Mozilla/5.0 (Windows NT 10.0; Win64; x64) AppleWebKit/537.36 (KHTML, like Gecko) Chrome/131.0.0.0 Safari/537.36"
160.119.159.162 - - [22/Dec/2025:05:30:17 -0300] "GET /wp-admin/plugins.php?show_all=1 HTTP/1.1" 302 0 "-" "Mozilla/5.0 (Windows NT 10.0; Win64; x64) AppleWebKit/537.36 (KHTML, like Gecko) Chrome/126.0.0.0 Safari/537.36"
160.119.159.162 - - [22/Dec/2025:05:30:50 -0300] "GET /wp-admin/upgrade.php?_wp_http_referer=%2Fwp-admin%2Fadmin.php%3Fpage%3Dwpcode HTTP/1.1" 200 657 "https://pages.cmmozart.com.br/wp-admin/admin.php?page=wpcode" "Mozilla/5.0 (Windows NT 10.0; Win64; x64) AppleWebKit/537.36 (KHTML, like Gecko) Chrome/131.0.0.0 Safari/537.36"
160.119.159.162 - - [22/Dec/2025:05:30:56 -0300] "GET /wp-admin/admin.php?page=wpcode-snippet-manager&custom=1 HTTP/1.1" 302 0 "-" "Mozilla/5.0 (Windows NT 10.0; Win64; x64) AppleWebKit/537.36 (KHTML, like Gecko) Chrome/131.0.0.0 Safari/537.36"
160.119.159.162 - - [22/Dec/2025:05:31:06 -0300] "GET /wp-admin/admin.php?page=wpcode HTTP/1.1" 302 0 "-" "Mozilla/5.0 (Windows NT 10.0; Win64; x64) AppleWebKit/537.36 (KHTML, like Gecko) Chrome/126.0.0.0 Safari/537.36"
160.119.159.162 - - [22/Dec/2025:05:31:15 -0300] "GET /wp-admin/upgrade.php?_wp_http_referer=%2Fwp-admin%2Fadmin.php%3Fpage%3Dwpcode HTTP/1.1" 200 657 "https://pages.cmmozart.com.br/wp-admin/admin.php?page=wpcode" "Mozilla/5.0 (Windows NT 10.0; Win64; x64) AppleWebKit/537.36 (KHTML, like Gecko) Chrome/126.0.0.0 Safari/537.36"
187.33.241.49 - - [22/Dec/2025:05:31:52 -0300] "POST /wp-cron.php?doing_wp_cron=1766392311.6732549667358398437500 HTTP/1.1" 200 0 "-" "WordPress/6.9; https://pages.cmmozart.com.br"
160.119.159.162 - - [22/Dec/2025:05:31:39 -0300] "POST /wp-login.php HTTP/1.1" 302 0 "-" "Mozilla/5.0 (Windows NT 10.0; Win64; x64; rv:133.0) Gecko/20100101 Firefox/133.0"
187.33.241.49 - - [22/Dec/2025:05:32:18 -0300] "POST /wp-cron.php?doing_wp_cron=1766392338.6752181053161621093750 HTTP/1.1" 200 0 "-" "WordPress/6.9; https://pages.cmmozart.com.br"
160.119.159.162 - - [22/Dec/2025:05:30:10 -0300] "GET /wp-admin/upgrade.php?_wp_http_referer=%2Fwp-admin%2Fplugins.php%3Fshow_all%3D1 HTTP/1.1" 200 661 "https://pages.cmmozart.com.br/wp-admin/plugins.php?show_all=1" "Mozilla/5.0 (Windows NT 10.0; Win64; x64) AppleWebKit/537.36 (KHTML, like Gecko) Chrome/131.0.0.0 Safari/537.36"
160.119.159.162 - - [22/Dec/2025:05:30:31 -0300] "GET /wp-admin/plugins.php HTTP/1.1" 302 0 "-" "Mozilla/5.0 (Windows NT 10.0; Win64; x64) AppleWebKit/537.36 (KHTML, like Gecko) Chrome/126.0.0.0 Safari/537.36"
187.33.241.49 - - [22/Dec/2025:05:30:38 -0300] "POST /wp-cron.php?doing_wp_cron=1766392238.3153250217437744140625 HTTP/1.1" 200 0 "-" "WordPress/6.9; https://pages.cmmozart.com.br"
160.119.159.162 - - [22/Dec/2025:05:30:43 -0300] "GET /wp-admin/admin.php?page=wpcode HTTP/1.1" 302 0 "-" "Mozilla/5.0 (Windows NT 10.0; Win64; x64) AppleWebKit/537.36 (KHTML, like Gecko) Chrome/131.0.0.0 Safari/537.36"
160.119.159.162 - - [22/Dec/2025:05:31:01 -0300] "GET /wp-admin/upgrade.php?_wp_http_referer=%2Fwp-admin%2Fadmin.php%3Fpage%3Dwpcode-snippet-manager%26custom%3D1 HTTP/1.1" 200 676 "https://pages.cmmozart.com.br/wp-admin/admin.php?page=wpcode-snippet-manager&custom=1" "Mozilla/5.0 (Windows NT 10.0; Win64; x64) AppleWebKit/537.36 (KHTML, like Gecko) Chrome/131.0.0.0 Safari/537.36"
63.141.253.98 - - [22/Dec/2025:05:31:46 -0300] "GET / HTTP/1.1" 200 27570 "-" "Googlebot/2.1 (+http://www.googlebot.com/bot.html)"
157.55.39.192 - - [22/Dec/2025:05:32:20 -0300] "GET /join-now-and-find-your-perfect-cougar-girl-begin-dating-today/ HTTP/2" 404 13866 "-" "Mozilla/5.0 AppleWebKit/537.36 (KHTML, like Gecko; compatible; bingbot/2.0; +http://www.bing.com/bingbot.htm) Chrome/116.0.1938.76 Safari/537.36"
95.108.213.138 - - [22/Dec/2025:05:40:37 -0300] "GET /robots.txt HTTP/1.1" 200 122 "-" "Mozilla/5.0 (compatible; YandexBot/3.0; +http://yandex.com/bots)"
187.33.241.49 - - [22/Dec/2025:05:40:38 -0300] "POST /wp-cron.php?doing_wp_cron=1766392838.2150759696960449218750 HTTP/1.1" 200 0 "-" "WordPress/6.9; https://pages.cmmozart.com.br"
45.195.54.76 - - [22/Dec/2025:05:52:44 -0300] "GET /bf.php HTTP/1.1" 200 4908 "-" "Mozilla/5.0 (Windows NT 10.0; Win64; x64) AppleWebKit/537.36 (KHTML, like Gecko) Chrome/105.0.0.0 Safari/537.36"
45.195.54.76 - - [22/Dec/2025:05:52:45 -0300] "POST /bf.php HTTP/1.1" 302 0 "-" "Mozilla/5.0 (Windows NT 10.0; Win64; x64) AppleWebKit/537.36 (KHTML, like Gecko) Chrome/105.0.0.0 Safari/537.36"
45.195.54.76 - - [22/Dec/2025:05:52:45 -0300] "GET /bf.php?p=AhomeAkelarte1ApagesIcmmozartIcomIbr HTTP/1.1" 200 4998 "-" "Mozilla/5.0 (Windows NT 10.0; Win64; x64) AppleWebKit/537.36 (KHTML, like Gecko) Chrome/105.0.0.0 Safari/537.36"
45.195.54.76 - - [22/Dec/2025:05:52:46 -0300] "GET /txets.php HTTP/1.1" 200 31 "-" "Mozilla/5.0 (Windows NT 10.0; Win64; x64) AppleWebKit/537.36 (KHTML, like Gecko) Chrome/105.0.0.0 Safari/537.36"
💾 Save
❌ Cancel
Sid Gifari File Manager v1.0 | Terminal Auto-Sync Enabled | Current Path: /home/kelarte1/access-logs