Sid Gifari File Manager
🏠 Root
/
home
/
kelarte1
/
access-logs
/
📝 Editing: pages.cmmozart.com.br-ssl_log
187.33.241.49 - - [22/Dec/2025:03:47:01 -0300] "GET /category/uncategorized/ HTTP/1.1" 200 16091 "-" "WP Rocket/Preload Mozilla/5.0 (iPhone; CPU iPhone OS 9_1 like Mac OS X) AppleWebKit/601.1.46 (KHTML, like Gecko) Version/9.0 Mobile/13B143 Safari/601.1"
187.33.241.49 - - [22/Dec/2025:03:46:51 -0300] "GET /category/uncategorized/ HTTP/1.1" 200 16100 "-" "WP Rocket/Preload"
101.44.80.245 - - [22/Dec/2025:03:46:48 -0300] "GET / HTTP/2" 200 26337 "http://pages.cmmozart.com.br" "Mozilla/5.0 (Windows NT 10.0; Win64; x64) AppleWebKit/537.36 (KHTML, like Gecko) Chrome/90.0.4430.212 Safari/537.36"
101.44.80.245 - - [22/Dec/2025:03:47:13 -0300] "GET / HTTP/2" 200 23858 "http://pages.cmmozart.com.br" "Mozilla/5.0+(compatible;+Googlebot/2.1;++http://www.google.com/bot.html)"
101.44.80.245 - - [22/Dec/2025:04:05:42 -0300] "GET /wp-content/plugins/elementor/assets/lib/font-awesome/css/v4-shims.min.css?ver=3.33.6 HTTP/3" 200 3987 "https://pages.cmmozart.com.br/" "Mozilla/5.0 (Windows NT 10.0; Win64; x64) AppleWebKit/537.36 (KHTML, like Gecko) Chrome/142.0.0.0 Safari/537.36"
101.44.80.245 - - [22/Dec/2025:04:05:42 -0300] "GET /wp-content/plugins/elementor/assets/css/widget-heading.min.css?ver=3.33.6 HTTP/3" 200 126 "https://pages.cmmozart.com.br/" "Mozilla/5.0 (Windows NT 10.0; Win64; x64) AppleWebKit/537.36 (KHTML, like Gecko) Chrome/142.0.0.0 Safari/537.36"
101.44.80.245 - - [22/Dec/2025:04:05:42 -0300] "GET /wp-content/plugins/elementor/assets/css/widget-video.min.css?ver=3.33.6 HTTP/3" 200 328 "https://pages.cmmozart.com.br/" "Mozilla/5.0 (Windows NT 10.0; Win64; x64) AppleWebKit/537.36 (KHTML, like Gecko) Chrome/142.0.0.0 Safari/537.36"
101.44.80.245 - - [22/Dec/2025:04:05:42 -0300] "GET /wp-content/uploads/elementor/css/custom-widget-image-box.min.css?ver=1766382915 HTTP/3" 200 278 "https://pages.cmmozart.com.br/" "Mozilla/5.0 (Windows NT 10.0; Win64; x64) AppleWebKit/537.36 (KHTML, like Gecko) Chrome/142.0.0.0 Safari/537.36"
101.44.80.245 - - [22/Dec/2025:04:05:42 -0300] "GET /wp-content/plugins/pro-elements/assets/css/widget-forms.min.css?ver=3.24.2 HTTP/3" 200 1436 "https://pages.cmmozart.com.br/" "Mozilla/5.0 (Windows NT 10.0; Win64; x64) AppleWebKit/537.36 (KHTML, like Gecko) Chrome/142.0.0.0 Safari/537.36"
101.44.80.245 - - [22/Dec/2025:04:05:42 -0300] "GET /wp-content/plugins/elementor/assets/lib/flatpickr/flatpickr.min.css?ver=4.6.13 HTTP/3" 200 2797 "https://pages.cmmozart.com.br/" "Mozilla/5.0 (Windows NT 10.0; Win64; x64) AppleWebKit/537.36 (KHTML, like Gecko) Chrome/142.0.0.0 Safari/537.36"
101.44.80.245 - - [22/Dec/2025:04:05:43 -0300] "GET /wp-content/uploads/elementor/css/custom-widget-icon-box.min.css?ver=1766382915 HTTP/3" 200 403 "https://pages.cmmozart.com.br/" "Mozilla/5.0 (Windows NT 10.0; Win64; x64) AppleWebKit/537.36 (KHTML, like Gecko) Chrome/142.0.0.0 Safari/537.36"
101.44.80.245 - - [22/Dec/2025:04:05:43 -0300] "GET /wp-content/uploads/elementor/css/custom-apple-webkit.min.css?ver=1766382915 HTTP/3" 200 472 "https://pages.cmmozart.com.br/" "Mozilla/5.0 (Windows NT 10.0; Win64; x64) AppleWebKit/537.36 (KHTML, like Gecko) Chrome/142.0.0.0 Safari/537.36"
101.44.80.245 - - [22/Dec/2025:04:05:43 -0300] "GET /wp-content/plugins/elementor/assets/css/widget-social-icons.min.css?ver=3.33.6 HTTP/3" 200 1039 "https://pages.cmmozart.com.br/" "Mozilla/5.0 (Windows NT 10.0; Win64; x64) AppleWebKit/537.36 (KHTML, like Gecko) Chrome/142.0.0.0 Safari/537.36"
101.44.80.245 - - [22/Dec/2025:04:05:43 -0300] "GET /wp-content/uploads/elementor/css/post-4552.css?ver=1766382918 HTTP/3" 200 1122 "https://pages.cmmozart.com.br/" "Mozilla/5.0 (Windows NT 10.0; Win64; x64) AppleWebKit/537.36 (KHTML, like Gecko) Chrome/142.0.0.0 Safari/537.36"
101.44.80.245 - - [22/Dec/2025:04:05:43 -0300] "GET /wp-content/uploads/elementor/css/post-4524.css?ver=1766386025 HTTP/3" 200 5818 "https://pages.cmmozart.com.br/" "Mozilla/5.0 (Windows NT 10.0; Win64; x64) AppleWebKit/537.36 (KHTML, like Gecko) Chrome/142.0.0.0 Safari/537.36"
101.44.80.245 - - [22/Dec/2025:04:05:43 -0300] "GET /wp-content/plugins/happy-elementor-addons/assets/fonts/style.min.css?ver=3.20.4 HTTP/3" 200 5227 "https://pages.cmmozart.com.br/" "Mozilla/5.0 (Windows NT 10.0; Win64; x64) AppleWebKit/537.36 (KHTML, like Gecko) Chrome/142.0.0.0 Safari/537.36"
101.44.80.245 - - [22/Dec/2025:04:05:44 -0300] "GET /wp-content/plugins/elementor/assets/lib/font-awesome/css/font-awesome.min.css?ver=4.7.0 HTTP/3" 200 6657 "https://pages.cmmozart.com.br/" "Mozilla/5.0 (Windows NT 10.0; Win64; x64) AppleWebKit/537.36 (KHTML, like Gecko) Chrome/142.0.0.0 Safari/537.36"
187.33.241.49 - - [22/Dec/2025:04:05:40 -0300] "GET /home/ HTTP/1.1" 200 16709 "-" "WP Rocket/Preload Mozilla/5.0 (iPhone; CPU iPhone OS 9_1 like Mac OS X) AppleWebKit/601.1.46 (KHTML, like Gecko) Version/9.0 Mobile/13B143 Safari/601.1"
101.44.80.245 - - [22/Dec/2025:04:05:44 -0300] "GET /wp-content/plugins/happy-elementor-addons/assets/vendor/slick/slick.css?ver=3.20.4 HTTP/3" 200 466 "https://pages.cmmozart.com.br/" "Mozilla/5.0 (Windows NT 10.0; Win64; x64) AppleWebKit/537.36 (KHTML, like Gecko) Chrome/142.0.0.0 Safari/537.36"
101.44.80.245 - - [22/Dec/2025:04:05:44 -0300] "GET /wp-content/plugins/happy-elementor-addons/assets/vendor/slick/slick-theme.css?ver=3.20.4 HTTP/3" 200 774 "https://pages.cmmozart.com.br/" "Mozilla/5.0 (Windows NT 10.0; Win64; x64) AppleWebKit/537.36 (KHTML, like Gecko) Chrome/142.0.0.0 Safari/537.36"
101.44.80.245 - - [22/Dec/2025:04:05:44 -0300] "GET /wp-content/uploads/happyaddons/css/ha-4524.css?ver=3.20.4.1729375853 HTTP/3" 200 698 "https://pages.cmmozart.com.br/" "Mozilla/5.0 (Windows NT 10.0; Win64; x64) AppleWebKit/537.36 (KHTML, like Gecko) Chrome/142.0.0.0 Safari/537.36"
101.44.80.245 - - [22/Dec/2025:04:05:45 -0300] "GET /wp-includes/js/jquery/jquery.min.js?ver=3.7.1 HTTP/3" 200 29744 "https://pages.cmmozart.com.br/" "Mozilla/5.0 (Windows NT 10.0; Win64; x64) AppleWebKit/537.36 (KHTML, like Gecko) Chrome/142.0.0.0 Safari/537.36"
101.44.80.245 - - [22/Dec/2025:04:05:45 -0300] "GET /wp-includes/js/jquery/jquery-migrate.min.js?ver=3.4.1 HTTP/3" 200 4678 "https://pages.cmmozart.com.br/" "Mozilla/5.0 (Windows NT 10.0; Win64; x64) AppleWebKit/537.36 (KHTML, like Gecko) Chrome/142.0.0.0 Safari/537.36"
101.44.80.245 - - [22/Dec/2025:04:05:45 -0300] "GET /wp-content/plugins/elementor/assets/lib/font-awesome/js/v4-shims.min.js?ver=3.33.6 HTTP/3" 200 4042 "https://pages.cmmozart.com.br/" "Mozilla/5.0 (Windows NT 10.0; Win64; x64) AppleWebKit/537.36 (KHTML, like Gecko) Chrome/142.0.0.0 Safari/537.36"
101.44.80.245 - - [22/Dec/2025:04:05:45 -0300] "GET /wp-content/plugins/pixelyoursite-pro/dist/scripts/js.cookie-2.1.3.min.js?ver=2.1.3 HTTP/3" 200 803 "https://pages.cmmozart.com.br/" "Mozilla/5.0 (Windows NT 10.0; Win64; x64) AppleWebKit/537.36 (KHTML, like Gecko) Chrome/142.0.0.0 Safari/537.36"
101.44.80.245 - - [22/Dec/2025:04:05:46 -0300] "GET /wp-content/plugins/pixelyoursite-pro/dist/scripts/jquery.bind-first-0.2.3.min.js?ver=6.9 HTTP/3" 200 626 "https://pages.cmmozart.com.br/" "Mozilla/5.0 (Windows NT 10.0; Win64; x64) AppleWebKit/537.36 (KHTML, like Gecko) Chrome/142.0.0.0 Safari/537.36"
101.44.80.245 - - [22/Dec/2025:04:05:46 -0300] "GET /wp-content/plugins/pixelyoursite-pro/dist/scripts/sha256.js?ver=0.11.0 HTTP/3" 200 4304 "https://pages.cmmozart.com.br/" "Mozilla/5.0 (Windows NT 10.0; Win64; x64) AppleWebKit/537.36 (KHTML, like Gecko) Chrome/142.0.0.0 Safari/537.36"
101.44.80.245 - - [22/Dec/2025:04:05:46 -0300] "GET /wp-content/plugins/pixelyoursite-pro/dist/scripts/vimeo.min.js?ver=6.9 HTTP/3" 200 4970 "https://pages.cmmozart.com.br/" "Mozilla/5.0 (Windows NT 10.0; Win64; x64) AppleWebKit/537.36 (KHTML, like Gecko) Chrome/142.0.0.0 Safari/537.36"
101.44.80.245 - - [22/Dec/2025:04:05:46 -0300] "GET /wp-content/plugins/pixelyoursite-pro/dist/scripts/public.js?ver=10.2.3 HTTP/3" 200 33000 "https://pages.cmmozart.com.br/" "Mozilla/5.0 (Windows NT 10.0; Win64; x64) AppleWebKit/537.36 (KHTML, like Gecko) Chrome/142.0.0.0 Safari/537.36"
101.44.80.245 - - [22/Dec/2025:04:05:47 -0300] "GET /wp-content/plugins/happy-elementor-addons/assets/vendor/dom-purify/purify.min.js?ver=3.1.6 HTTP/3" 200 8245 "https://pages.cmmozart.com.br/" "Mozilla/5.0 (Windows NT 10.0; Win64; x64) AppleWebKit/537.36 (KHTML, like Gecko) Chrome/142.0.0.0 Safari/537.36"
101.44.80.245 - - [22/Dec/2025:04:05:47 -0300] "GET /wp-content/webp-express/webp-images/uploads/2024/05/IMAGEM-SOBRE-NOS-SITE-NOVO-MOZART-2.png.webp HTTP/3" 200 31446 "https://pages.cmmozart.com.br/" "Mozilla/5.0 (Windows NT 10.0; Win64; x64) AppleWebKit/537.36 (KHTML, like Gecko) Chrome/142.0.0.0 Safari/537.36"
101.44.80.245 - - [22/Dec/2025:04:05:47 -0300] "GET /wp-content/webp-express/webp-images/uploads/2024/10/logo-1.png.webp HTTP/3" 200 4126 "https://pages.cmmozart.com.br/" "Mozilla/5.0 (Windows NT 10.0; Win64; x64) AppleWebKit/537.36 (KHTML, like Gecko) Chrome/142.0.0.0 Safari/537.36"
101.44.80.245 - - [22/Dec/2025:04:05:47 -0300] "GET /wp-content/webp-express/webp-images/uploads/2023/12/david-schultz-x77yNw3ZTME-unsplash-scaled.jpg.webp HTTP/3" 200 184498 "https://pages.cmmozart.com.br/" "Mozilla/5.0 (Windows NT 10.0; Win64; x64) AppleWebKit/537.36 (KHTML, like Gecko) Chrome/142.0.0.0 Safari/537.36"
101.44.80.245 - - [22/Dec/2025:04:05:48 -0300] "GET /wp-content/webp-express/webp-images/uploads/2023/11/Violao-Popular-e-Classico-1.jpg.webp HTTP/3" 200 15582 "https://pages.cmmozart.com.br/" "Mozilla/5.0 (Windows NT 10.0; Win64; x64) AppleWebKit/537.36 (KHTML, like Gecko) Chrome/142.0.0.0 Safari/537.36"
101.44.80.245 - - [22/Dec/2025:04:05:49 -0300] "GET /wp-content/webp-express/webp-images/uploads/2023/11/Saxofone-6.jpg.webp HTTP/3" 200 12544 "https://pages.cmmozart.com.br/" "Mozilla/5.0 (Windows NT 10.0; Win64; x64) AppleWebKit/537.36 (KHTML, like Gecko) Chrome/142.0.0.0 Safari/537.36"
101.44.80.245 - - [22/Dec/2025:04:05:49 -0300] "GET /wp-content/themes/hello-elementor/assets/js/hello-frontend.js?ver=3.4.5 HTTP/3" 200 493 "https://pages.cmmozart.com.br/" "Mozilla/5.0 (Windows NT 10.0; Win64; x64) AppleWebKit/537.36 (KHTML, like Gecko) Chrome/142.0.0.0 Safari/537.36"
101.44.80.245 - - [22/Dec/2025:04:05:49 -0300] "GET /wp-content/plugins/elementor/assets/js/webpack.runtime.min.js?ver=3.33.6 HTTP/3" 200 2257 "https://pages.cmmozart.com.br/" "Mozilla/5.0 (Windows NT 10.0; Win64; x64) AppleWebKit/537.36 (KHTML, like Gecko) Chrome/142.0.0.0 Safari/537.36"
101.44.80.245 - - [22/Dec/2025:04:05:49 -0300] "GET /wp-content/plugins/elementor/assets/js/frontend-modules.min.js?ver=3.33.6 HTTP/3" 200 23908 "https://pages.cmmozart.com.br/" "Mozilla/5.0 (Windows NT 10.0; Win64; x64) AppleWebKit/537.36 (KHTML, like Gecko) Chrome/142.0.0.0 Safari/537.36"
101.44.80.245 - - [22/Dec/2025:04:05:50 -0300] "GET /wp-includes/js/jquery/ui/core.min.js?ver=1.13.3 HTTP/3" 200 6812 "https://pages.cmmozart.com.br/" "Mozilla/5.0 (Windows NT 10.0; Win64; x64) AppleWebKit/537.36 (KHTML, like Gecko) Chrome/142.0.0.0 Safari/537.36"
101.44.80.245 - - [22/Dec/2025:04:05:50 -0300] "GET /wp-content/plugins/elementor/assets/js/frontend.min.js?ver=3.33.6 HTTP/3" 200 10035 "https://pages.cmmozart.com.br/" "Mozilla/5.0 (Windows NT 10.0; Win64; x64) AppleWebKit/537.36 (KHTML, like Gecko) Chrome/142.0.0.0 Safari/537.36"
101.44.80.245 - - [22/Dec/2025:04:05:50 -0300] "GET /wp-content/plugins/pro-elements/assets/lib/smartmenus/jquery.smartmenus.min.js?ver=1.2.1 HTTP/3" 200 6867 "https://pages.cmmozart.com.br/" "Mozilla/5.0 (Windows NT 10.0; Win64; x64) AppleWebKit/537.36 (KHTML, like Gecko) Chrome/142.0.0.0 Safari/537.36"
101.44.80.245 - - [22/Dec/2025:04:05:50 -0300] "GET /wp-content/plugins/happy-elementor-addons/assets/js/happy-addons.min.js?ver=3.20.4 HTTP/3" 200 8820 "https://pages.cmmozart.com.br/" "Mozilla/5.0 (Windows NT 10.0; Win64; x64) AppleWebKit/537.36 (KHTML, like Gecko) Chrome/142.0.0.0 Safari/537.36"
101.44.80.245 - - [22/Dec/2025:04:05:50 -0300] "GET /wp-content/uploads/wpmss/wpmssab.min.js?ver=1699995472 HTTP/3" 200 49 "https://pages.cmmozart.com.br/" "Mozilla/5.0 (Windows NT 10.0; Win64; x64) AppleWebKit/537.36 (KHTML, like Gecko) Chrome/142.0.0.0 Safari/537.36"
101.44.80.245 - - [22/Dec/2025:04:05:51 -0300] "GET /wp-content/plugins/mousewheel-smooth-scroll/js/SmoothScroll.min.js?ver=1.5.1 HTTP/3" 200 2991 "https://pages.cmmozart.com.br/" "Mozilla/5.0 (Windows NT 10.0; Win64; x64) AppleWebKit/537.36 (KHTML, like Gecko) Chrome/142.0.0.0 Safari/537.36"
101.44.80.245 - - [22/Dec/2025:04:05:51 -0300] "GET /wp-content/uploads/wpmss/wpmss.min.js?ver=1699995472 HTTP/3" 200 181 "https://pages.cmmozart.com.br/" "Mozilla/5.0 (Windows NT 10.0; Win64; x64) AppleWebKit/537.36 (KHTML, like Gecko) Chrome/142.0.0.0 Safari/537.36"
101.44.80.245 - - [22/Dec/2025:04:05:51 -0300] "GET /wp-content/plugins/happy-elementor-addons/assets/js/extension-reading-progress-bar.min.js?ver=3.20.4 HTTP/3" 200 513 "https://pages.cmmozart.com.br/" "Mozilla/5.0 (Windows NT 10.0; Win64; x64) AppleWebKit/537.36 (KHTML, like Gecko) Chrome/142.0.0.0 Safari/537.36"
101.44.80.245 - - [22/Dec/2025:04:05:51 -0300] "GET /wp-content/plugins/happy-elementor-addons/assets/vendor/slick/slick.min.js?ver=3.20.4 HTTP/3" 200 10097 "https://pages.cmmozart.com.br/" "Mozilla/5.0 (Windows NT 10.0; Win64; x64) AppleWebKit/537.36 (KHTML, like Gecko) Chrome/142.0.0.0 Safari/537.36"
101.44.80.245 - - [22/Dec/2025:04:05:52 -0300] "GET /wp-content/plugins/pro-elements/assets/js/webpack-pro.runtime.min.js?ver=3.24.2 HTTP/3" 200 2605 "https://pages.cmmozart.com.br/" "Mozilla/5.0 (Windows NT 10.0; Win64; x64) AppleWebKit/537.36 (KHTML, like Gecko) Chrome/142.0.0.0 Safari/537.36"
101.44.80.245 - - [22/Dec/2025:04:05:52 -0300] "GET /wp-includes/js/dist/hooks.min.js?ver=dd5603f07f9220ed27f1 HTTP/3" 200 1852 "https://pages.cmmozart.com.br/" "Mozilla/5.0 (Windows NT 10.0; Win64; x64) AppleWebKit/537.36 (KHTML, like Gecko) Chrome/142.0.0.0 Safari/537.36"
101.44.80.245 - - [22/Dec/2025:04:05:52 -0300] "GET /wp-includes/js/dist/i18n.min.js?ver=c26c3dc7bed366793375 HTTP/3" 200 2119 "https://pages.cmmozart.com.br/" "Mozilla/5.0 (Windows NT 10.0; Win64; x64) AppleWebKit/537.36 (KHTML, like Gecko) Chrome/142.0.0.0 Safari/537.36"
101.44.80.245 - - [22/Dec/2025:04:05:52 -0300] "GET /wp-content/plugins/pro-elements/assets/js/frontend.min.js?ver=3.24.2 HTTP/3" 200 6467 "https://pages.cmmozart.com.br/" "Mozilla/5.0 (Windows NT 10.0; Win64; x64) AppleWebKit/537.36 (KHTML, like Gecko) Chrome/142.0.0.0 Safari/537.36"
101.44.80.245 - - [22/Dec/2025:04:05:52 -0300] "GET /wp-content/plugins/pro-elements/assets/js/elements-handlers.min.js?ver=3.24.2 HTTP/3" 200 9716 "https://pages.cmmozart.com.br/" "Mozilla/5.0 (Windows NT 10.0; Win64; x64) AppleWebKit/537.36 (KHTML, like Gecko) Chrome/142.0.0.0 Safari/537.36"
187.33.241.49 - - [22/Dec/2025:04:05:42 -0300] "GET /online-spor-bahisleri-sirketi-ve-casin/ HTTP/1.1" 200 0 "-" "WP Rocket/Preload"
187.33.241.49 - - [22/Dec/2025:04:05:43 -0300] "GET /online-spor-bahisleri-sirketi-ve-casin/ HTTP/1.1" 200 0 "-" "WP Rocket/Preload Mozilla/5.0 (iPhone; CPU iPhone OS 9_1 like Mac OS X) AppleWebKit/601.1.46 (KHTML, like Gecko) Version/9.0 Mobile/13B143 Safari/601.1"
187.33.241.49 - - [22/Dec/2025:04:05:45 -0300] "GET /brifieng-projeto-01/ HTTP/1.1" 200 0 "-" "WP Rocket/Preload"
101.44.80.245 - - [22/Dec/2025:04:05:45 -0300] "GET /%3Chttps://cdn.jsdelivr.net/npm/sal.js@0.8.1/dist/sal.css%3E HTTP/3" 301 0 "https://pages.cmmozart.com.br/" "Mozilla/5.0 (Windows NT 10.0; Win64; x64) AppleWebKit/537.36 (KHTML, like Gecko) Chrome/142.0.0.0 Safari/537.36"
187.33.241.49 - - [22/Dec/2025:04:05:48 -0300] "GET /download-play-glory-casino-casino-slots-on-pc-mac-emulato/ HTTP/1.1" 200 0 "-" "WP Rocket/Preload"
101.44.80.245 - - [22/Dec/2025:04:05:47 -0300] "GET /%3Chttps://cdn.jsdelivr.net/npm/sal.js@0.8.1/dist/sal.js%3E HTTP/3" 301 0 "https://pages.cmmozart.com.br/" "Mozilla/5.0 (Windows NT 10.0; Win64; x64) AppleWebKit/537.36 (KHTML, like Gecko) Chrome/142.0.0.0 Safari/537.36"
187.33.241.49 - - [22/Dec/2025:04:05:53 -0300] "GET /mostbet-comda-oynamak-mi-istiyorsunuz-buradan-giris-yapi/ HTTP/1.1" 200 0 "-" "WP Rocket/Preload Mozilla/5.0 (iPhone; CPU iPhone OS 9_1 like Mac OS X) AppleWebKit/601.1.46 (KHTML, like Gecko) Version/9.0 Mobile/13B143 Safari/601.1"
187.33.241.49 - - [22/Dec/2025:04:05:54 -0300] "GET / HTTP/1.1" 200 0 "-" "WP Rocket/Preload"
101.44.80.245 - - [22/Dec/2025:04:05:57 -0300] "GET /%3Chttps:/cdn.jsdelivr.net/npm/sal.js@0.8.1/dist/sal.css%3E HTTP/3" 404 16406 "https://pages.cmmozart.com.br/" "Mozilla/5.0 (Windows NT 10.0; Win64; x64) AppleWebKit/537.36 (KHTML, like Gecko) Chrome/142.0.0.0 Safari/537.36"
101.44.80.245 - - [22/Dec/2025:04:05:35 -0300] "GET / HTTP/2" 200 26343 "http://www.openurls.com.cn/" "Mozilla/5.0 (Windows NT 10.0; Win64; x64) AppleWebKit/537.36 (KHTML, like Gecko) Chrome/142.0.0.0 Safari/537.36"
101.44.80.245 - - [22/Dec/2025:04:05:41 -0300] "GET /wp-content/themes/hello-elementor/assets/css/reset.css?ver=3.4.5 HTTP/2" 200 1581 "https://pages.cmmozart.com.br/" "Mozilla/5.0 (Windows NT 10.0; Win64; x64) AppleWebKit/537.36 (KHTML, like Gecko) Chrome/142.0.0.0 Safari/537.36"
101.44.80.245 - - [22/Dec/2025:04:05:41 -0300] "GET /wp-content/themes/hello-elementor/assets/css/header-footer.css?ver=3.4.5 HTTP/2" 200 1261 "https://pages.cmmozart.com.br/" "Mozilla/5.0 (Windows NT 10.0; Win64; x64) AppleWebKit/537.36 (KHTML, like Gecko) Chrome/142.0.0.0 Safari/537.36"
101.44.80.245 - - [22/Dec/2025:04:05:41 -0300] "GET /wp-content/themes/hello-elementor/assets/css/theme.css?ver=3.4.5 HTTP/2" 200 1126 "https://pages.cmmozart.com.br/" "Mozilla/5.0 (Windows NT 10.0; Win64; x64) AppleWebKit/537.36 (KHTML, like Gecko) Chrome/142.0.0.0 Safari/537.36"
101.44.80.245 - - [22/Dec/2025:04:05:41 -0300] "GET /wp-content/uploads/elementor/css/custom-frontend.min.css?ver=1766382915 HTTP/2" 200 6541 "https://pages.cmmozart.com.br/" "Mozilla/5.0 (Windows NT 10.0; Win64; x64) AppleWebKit/537.36 (KHTML, like Gecko) Chrome/142.0.0.0 Safari/537.36"
101.44.80.245 - - [22/Dec/2025:04:05:41 -0300] "GET /wp-content/uploads/elementor/css/post-40.css?ver=1766382916 HTTP/2" 200 413 "https://pages.cmmozart.com.br/" "Mozilla/5.0 (Windows NT 10.0; Win64; x64) AppleWebKit/537.36 (KHTML, like Gecko) Chrome/142.0.0.0 Safari/537.36"
101.44.80.245 - - [22/Dec/2025:04:05:41 -0300] "GET /wp-content/plugins/elementor/assets/css/widget-image.min.css?ver=3.33.6 HTTP/2" 200 96 "https://pages.cmmozart.com.br/" "Mozilla/5.0 (Windows NT 10.0; Win64; x64) AppleWebKit/537.36 (KHTML, like Gecko) Chrome/142.0.0.0 Safari/537.36"
101.44.80.245 - - [22/Dec/2025:04:05:41 -0300] "GET /wp-content/uploads/elementor/css/custom-pro-widget-nav-menu.min.css?ver=1766382916 HTTP/2" 200 3115 "https://pages.cmmozart.com.br/" "Mozilla/5.0 (Windows NT 10.0; Win64; x64) AppleWebKit/537.36 (KHTML, like Gecko) Chrome/142.0.0.0 Safari/537.36"
101.44.80.245 - - [22/Dec/2025:04:05:41 -0300] "GET /wp-content/uploads/elementor/css/custom-pro-frontend.min.css?ver=1766382916 HTTP/2" 200 1207 "https://pages.cmmozart.com.br/" "Mozilla/5.0 (Windows NT 10.0; Win64; x64) AppleWebKit/537.36 (KHTML, like Gecko) Chrome/142.0.0.0 Safari/537.36"
101.44.80.245 - - [22/Dec/2025:04:05:41 -0300] "GET /wp-content/plugins/elementor/assets/lib/font-awesome/css/all.min.css?ver=3.33.6 HTTP/2" 200 12380 "https://pages.cmmozart.com.br/" "Mozilla/5.0 (Windows NT 10.0; Win64; x64) AppleWebKit/537.36 (KHTML, like Gecko) Chrome/142.0.0.0 Safari/537.36"
187.33.241.49 - - [22/Dec/2025:04:05:46 -0300] "GET /brifieng-projeto-01/ HTTP/1.1" 200 0 "-" "WP Rocket/Preload Mozilla/5.0 (iPhone; CPU iPhone OS 9_1 like Mac OS X) AppleWebKit/601.1.46 (KHTML, like Gecko) Version/9.0 Mobile/13B143 Safari/601.1"
187.33.241.49 - - [22/Dec/2025:04:05:50 -0300] "GET /download-play-glory-casino-casino-slots-on-pc-mac-emulato/ HTTP/1.1" 200 0 "-" "WP Rocket/Preload Mozilla/5.0 (iPhone; CPU iPhone OS 9_1 like Mac OS X) AppleWebKit/601.1.46 (KHTML, like Gecko) Version/9.0 Mobile/13B143 Safari/601.1"
187.33.241.49 - - [22/Dec/2025:04:06:23 -0300] "POST /wp-cron.php?doing_wp_cron=1766387182.8236920833587646484375 HTTP/1.1" 200 0 "-" "WordPress/6.9; https://pages.cmmozart.com.br"
101.44.80.245 - - [22/Dec/2025:04:05:59 -0300] "GET /%3Chttps:/cdn.jsdelivr.net/npm/sal.js@0.8.1/dist/sal.js%3E HTTP/3" 200 0 "https://pages.cmmozart.com.br/" "Mozilla/5.0 (Windows NT 10.0; Win64; x64) AppleWebKit/537.36 (KHTML, like Gecko) Chrome/142.0.0.0 Safari/537.36"
187.33.241.49 - - [22/Dec/2025:04:05:35 -0300] "GET /home/ HTTP/1.1" 200 16715 "-" "WP Rocket/Preload"
187.33.241.49 - - [22/Dec/2025:04:05:51 -0300] "GET /mostbet-comda-oynamak-mi-istiyorsunuz-buradan-giris-yapi/ HTTP/1.1" 200 0 "-" "WP Rocket/Preload"
187.33.241.49 - - [22/Dec/2025:04:05:56 -0300] "GET / HTTP/1.1" 200 0 "-" "WP Rocket/Preload Mozilla/5.0 (iPhone; CPU iPhone OS 9_1 like Mac OS X) AppleWebKit/601.1.46 (KHTML, like Gecko) Version/9.0 Mobile/13B143 Safari/601.1"
187.86.251.38 - - [22/Dec/2025:04:44:03 -0300] "GET /best-granny-internet-dating-sites-meet-up-with-gilfs-in-america-2023 HTTP/1.1" 404 16062 "https://pages.cmmozart.com.br/" "Mozilla/5.0 (X11; CrOS x86_64 14541.0.0) AppleWebKit/537.36 (KHTML, like Gecko) Chrome/134.0.0.0 Safari/537.36"
187.33.241.49 - - [22/Dec/2025:04:44:11 -0300] "POST /wp-cron.php?doing_wp_cron=1766389451.7673990726470947265625 HTTP/1.1" 200 0 "-" "WordPress/6.9; https://pages.cmmozart.com.br"
38.156.100.12 - - [22/Dec/2025:05:11:31 -0300] "GET /wp-admin/upgrade.php?_wp_http_referer=%2Fwp-admin%2Fmy-sites.php HTTP/1.1" 200 647 "https://pages.cmmozart.com.br/wp-admin/my-sites.php" "Mozilla/5.0 (Windows NT 10.0; Win64; x64) AppleWebKit/537.36 (KHTML, like Gecko) Chrome/131.0.0.0 Safari/537.36"
38.156.100.12 - - [22/Dec/2025:05:11:33 -0300] "GET /wp-admin/plugins.php?show_all=1 HTTP/1.1" 302 0 "-" "Mozilla/5.0 (Windows NT 10.0; Win64; x64) AppleWebKit/537.36 (KHTML, like Gecko) Chrome/131.0.0.0 Safari/537.36"
38.156.100.12 - - [22/Dec/2025:05:11:49 -0300] "GET /wp-admin/upgrade.php?_wp_http_referer=%2Fwp-admin%2Fplugins.php%3Fshow_all%3D1 HTTP/1.1" 200 661 "https://pages.cmmozart.com.br/wp-admin/plugins.php?show_all=1" "Mozilla/5.0 (Windows NT 10.0; Win64; x64) AppleWebKit/537.36 (KHTML, like Gecko) Chrome/131.0.0.0 Safari/537.36"
38.156.100.12 - - [22/Dec/2025:05:11:55 -0300] "GET /wp-admin/upgrade.php?_wp_http_referer=%2Fwp-admin%2Fplugins.php%3Fshow_all%3D1 HTTP/1.1" 200 661 "https://pages.cmmozart.com.br/wp-admin/plugins.php?show_all=1" "Mozilla/5.0 (Windows NT 10.0; Win64; x64) AppleWebKit/537.36 (KHTML, like Gecko) Chrome/131.0.0.0 Safari/537.36"
38.156.100.12 - - [22/Dec/2025:05:12:04 -0300] "GET /wp-admin/plugins.php?show_all=1 HTTP/1.1" 302 0 "-" "Mozilla/5.0 (Windows NT 10.0; Win64; x64) AppleWebKit/537.36 (KHTML, like Gecko) Chrome/126.0.0.0 Safari/537.36"
38.156.100.12 - - [22/Dec/2025:05:12:07 -0300] "GET /wp-admin/upgrade.php?_wp_http_referer=%2Fwp-admin%2Fplugins.php%3Fshow_all%3D1 HTTP/1.1" 200 661 "https://pages.cmmozart.com.br/wp-admin/plugins.php?show_all=1" "Mozilla/5.0 (Windows NT 10.0; Win64; x64) AppleWebKit/537.36 (KHTML, like Gecko) Chrome/126.0.0.0 Safari/537.36"
38.156.100.12 - - [22/Dec/2025:05:12:14 -0300] "GET /wp-admin/upgrade.php?_wp_http_referer=%2Fwp-admin%2Fplugins.php%3Fshow_all%3D1 HTTP/1.1" 200 661 "https://pages.cmmozart.com.br/wp-admin/plugins.php?show_all=1" "Mozilla/5.0 (Windows NT 10.0; Win64; x64) AppleWebKit/537.36 (KHTML, like Gecko) Chrome/131.0.0.0 Safari/537.36"
38.156.100.12 - - [22/Dec/2025:05:12:16 -0300] "GET /wp-admin/plugin-install.php HTTP/1.1" 302 0 "-" "Mozilla/5.0 (Windows NT 10.0; Win64; x64) AppleWebKit/537.36 (KHTML, like Gecko) Chrome/131.0.0.0 Safari/537.36"
38.156.100.12 - - [22/Dec/2025:05:12:28 -0300] "GET /wp-admin/upgrade.php?_wp_http_referer=%2Fwp-admin%2Fplugin-install.php HTTP/1.1" 200 650 "https://pages.cmmozart.com.br/wp-admin/plugin-install.php" "Mozilla/5.0 (Windows NT 10.0; Win64; x64) AppleWebKit/537.36 (KHTML, like Gecko) Chrome/131.0.0.0 Safari/537.36"
187.33.241.49 - - [22/Dec/2025:05:12:35 -0300] "POST /wp-cron.php?doing_wp_cron=1766391155.7713420391082763671875 HTTP/1.1" 200 0 "-" "WordPress/6.9; https://pages.cmmozart.com.br"
38.156.100.12 - - [22/Dec/2025:05:12:43 -0300] "GET /wp-admin/plugins.php HTTP/1.1" 302 0 "-" "Mozilla/5.0 (Windows NT 10.0; Win64; x64) AppleWebKit/537.36 (KHTML, like Gecko) Chrome/131.0.0.0 Safari/537.36"
38.156.100.12 - - [22/Dec/2025:05:12:56 -0300] "GET /wp-admin/admin.php?page=wpcode-snippet-manager&custom=1 HTTP/1.1" 302 0 "-" "Mozilla/5.0 (Windows NT 10.0; Win64; x64) AppleWebKit/537.36 (KHTML, like Gecko) Chrome/131.0.0.0 Safari/537.36"
38.156.100.12 - - [22/Dec/2025:05:12:59 -0300] "GET /wp-admin/upgrade.php?_wp_http_referer=%2Fwp-admin%2Fadmin.php%3Fpage%3Dwpcode-snippet-manager%26custom%3D1 HTTP/1.1" 200 676 "https://pages.cmmozart.com.br/wp-admin/admin.php?page=wpcode-snippet-manager&custom=1" "Mozilla/5.0 (Windows NT 10.0; Win64; x64) AppleWebKit/537.36 (KHTML, like Gecko) Chrome/131.0.0.0 Safari/537.36"
38.156.100.12 - - [22/Dec/2025:05:13:07 -0300] "GET /wp-admin/upgrade.php?_wp_http_referer=%2Fwp-admin%2Fadmin.php%3Fpage%3Dwpcode HTTP/1.1" 200 657 "https://pages.cmmozart.com.br/wp-admin/admin.php?page=wpcode" "Mozilla/5.0 (Windows NT 10.0; Win64; x64) AppleWebKit/537.36 (KHTML, like Gecko) Chrome/131.0.0.0 Safari/537.36"
38.156.100.12 - - [22/Dec/2025:05:11:17 -0300] "POST /wp-login.php HTTP/1.1" 302 0 "-" "Mozilla/5.0 (Windows NT 10.0; Win64; x64) AppleWebKit/537.36 (KHTML, like Gecko) Chrome/126.0.0.0 Safari/537.36"
38.156.100.12 - - [22/Dec/2025:05:11:20 -0300] "GET /wp-login.php?redirect_to=https%3A%2F%2Fpages.cmmozart.com.br%2Fwp-admin%2F&action=confirm_admin_email&wp_lang=pt_BR HTTP/1.1" 200 1671 "https://pages.cmmozart.com.br/wp-login.php" "Mozilla/5.0 (Windows NT 10.0; Win64; x64) AppleWebKit/537.36 (KHTML, like Gecko) Chrome/126.0.0.0 Safari/537.36"
38.156.100.12 - - [22/Dec/2025:05:11:27 -0300] "GET /wp-admin/my-sites.php HTTP/1.1" 302 0 "-" "Mozilla/5.0 (Windows NT 10.0; Win64; x64) AppleWebKit/537.36 (KHTML, like Gecko) Chrome/131.0.0.0 Safari/537.36"
187.33.241.49 - - [22/Dec/2025:05:11:35 -0300] "POST /wp-cron.php?doing_wp_cron=1766391095.4497170448303222656250 HTTP/1.1" 200 0 "-" "WordPress/6.9; https://pages.cmmozart.com.br"
38.156.100.12 - - [22/Dec/2025:05:11:40 -0300] "GET /wp-admin/plugins.php?show_all=1 HTTP/1.1" 302 0 "-" "Mozilla/5.0 (Windows NT 10.0; Win64; x64) AppleWebKit/537.36 (KHTML, like Gecko) Chrome/131.0.0.0 Safari/537.36"
38.156.100.12 - - [22/Dec/2025:05:11:58 -0300] "GET /wp-admin/plugins.php?show_all=1 HTTP/1.1" 302 0 "-" "Mozilla/5.0 (Windows NT 10.0; Win64; x64) AppleWebKit/537.36 (KHTML, like Gecko) Chrome/131.0.0.0 Safari/537.36"
187.33.241.49 - - [22/Dec/2025:05:12:05 -0300] "POST /wp-cron.php?doing_wp_cron=1766391125.4194099903106689453125 HTTP/1.1" 200 0 "-" "WordPress/6.9; https://pages.cmmozart.com.br"
38.156.100.12 - - [22/Dec/2025:05:12:10 -0300] "GET /wp-admin/plugins.php?show_all=1 HTTP/1.1" 302 0 "-" "Mozilla/5.0 (Windows NT 10.0; Win64; x64) AppleWebKit/537.36 (KHTML, like Gecko) Chrome/131.0.0.0 Safari/537.36"
187.33.241.49 - - [22/Dec/2025:05:12:39 -0300] "POST /wp-cron.php?doing_wp_cron=1766391159.2088329792022705078125 HTTP/1.1" 200 0 "-" "WordPress/6.9; https://pages.cmmozart.com.br"
38.156.100.12 - - [22/Dec/2025:05:12:41 -0300] "GET /wp-admin/upgrade.php?_wp_http_referer=%2Fwp-admin%2Fplugins.php%3Fshow_all%3D1 HTTP/1.1" 200 661 "https://pages.cmmozart.com.br/wp-admin/plugins.php?show_all=1" "Mozilla/5.0 (Windows NT 10.0; Win64; x64) AppleWebKit/537.36 (KHTML, like Gecko) Chrome/131.0.0.0 Safari/537.36"
38.156.100.12 - - [22/Dec/2025:05:12:47 -0300] "GET /wp-admin/upgrade.php?_wp_http_referer=%2Fwp-admin%2Fplugins.php HTTP/1.1" 200 647 "https://pages.cmmozart.com.br/wp-admin/plugins.php" "Mozilla/5.0 (Windows NT 10.0; Win64; x64) AppleWebKit/537.36 (KHTML, like Gecko) Chrome/131.0.0.0 Safari/537.36"
38.156.100.12 - - [22/Dec/2025:05:12:53 -0300] "GET /wp-admin/upgrade.php?_wp_http_referer=%2Fwp-admin%2Fadmin.php%3Fpage%3Dwpcode HTTP/1.1" 200 657 "https://pages.cmmozart.com.br/wp-admin/admin.php?page=wpcode" "Mozilla/5.0 (Windows NT 10.0; Win64; x64) AppleWebKit/537.36 (KHTML, like Gecko) Chrome/126.0.0.0 Safari/537.36"
38.156.100.12 - - [22/Dec/2025:05:13:02 -0300] "GET /wp-admin/admin.php?page=wpcode HTTP/1.1" 302 0 "-" "Mozilla/5.0 (Windows NT 10.0; Win64; x64) AppleWebKit/537.36 (KHTML, like Gecko) Chrome/131.0.0.0 Safari/537.36"
187.33.241.49 - - [22/Dec/2025:05:13:07 -0300] "POST /wp-cron.php?doing_wp_cron=1766391187.3305900096893310546875 HTTP/1.1" 200 0 "-" "WordPress/6.9; https://pages.cmmozart.com.br"
38.156.100.12 - - [22/Dec/2025:05:13:12 -0300] "POST /wp-login.php HTTP/1.1" 302 0 "-" "Mozilla/5.0 (Windows NT 10.0; Win64; x64; rv:133.0) Gecko/20100101 Firefox/133.0"
38.156.100.12 - - [22/Dec/2025:05:13:20 -0300] "GET /wp-admin/my-sites.php HTTP/1.1" 302 0 "-" "Mozilla/5.0 (Windows NT 10.0; Win64; x64) AppleWebKit/537.36 (KHTML, like Gecko) Chrome/131.0.0.0 Safari/537.36"
187.33.241.49 - - [22/Dec/2025:05:13:35 -0300] "POST /wp-cron.php?doing_wp_cron=1766391215.4959940910339355468750 HTTP/1.1" 200 0 "-" "WordPress/6.9; https://pages.cmmozart.com.br"
38.156.100.12 - - [22/Dec/2025:05:13:43 -0300] "GET /wp-admin/plugins.php?show_all=1 HTTP/1.1" 302 0 "-" "Mozilla/5.0 (Windows NT 10.0; Win64; x64) AppleWebKit/537.36 (KHTML, like Gecko) Chrome/131.0.0.0 Safari/537.36"
187.33.241.49 - - [22/Dec/2025:05:11:15 -0300] "POST /wp-cron.php?doing_wp_cron=1766391075.3147130012512207031250 HTTP/1.1" 200 0 "-" "WordPress/6.9; https://pages.cmmozart.com.br"
38.156.100.12 - - [22/Dec/2025:05:11:11 -0300] "GET /wp-login.php HTTP/1.1" 200 3128 "-" "Mozilla/5.0 (Windows NT 10.0; Win64; x64; rv:133.0) Gecko/20100101 Firefox/133.0"
38.156.100.12 - - [22/Dec/2025:05:11:38 -0300] "GET /wp-admin/upgrade.php?_wp_http_referer=%2Fwp-admin%2Fplugins.php%3Fshow_all%3D1 HTTP/1.1" 200 661 "https://pages.cmmozart.com.br/wp-admin/plugins.php?show_all=1" "Mozilla/5.0 (Windows NT 10.0; Win64; x64) AppleWebKit/537.36 (KHTML, like Gecko) Chrome/131.0.0.0 Safari/537.36"
38.156.100.12 - - [22/Dec/2025:05:11:51 -0300] "GET /wp-admin/plugins.php?show_all=1 HTTP/1.1" 302 0 "-" "Mozilla/5.0 (Windows NT 10.0; Win64; x64) AppleWebKit/537.36 (KHTML, like Gecko) Chrome/131.0.0.0 Safari/537.36"
38.156.100.12 - - [22/Dec/2025:05:12:01 -0300] "GET /wp-admin/upgrade.php?_wp_http_referer=%2Fwp-admin%2Fplugins.php%3Fshow_all%3D1 HTTP/1.1" 200 661 "https://pages.cmmozart.com.br/wp-admin/plugins.php?show_all=1" "Mozilla/5.0 (Windows NT 10.0; Win64; x64) AppleWebKit/537.36 (KHTML, like Gecko) Chrome/131.0.0.0 Safari/537.36"
38.156.100.12 - - [22/Dec/2025:05:12:31 -0300] "GET /wp-admin/plugins.php?show_all=1 HTTP/1.1" 302 0 "-" "Mozilla/5.0 (Windows NT 10.0; Win64; x64) AppleWebKit/537.36 (KHTML, like Gecko) Chrome/131.0.0.0 Safari/537.36"
38.156.100.12 - - [22/Dec/2025:05:12:34 -0300] "GET /wp-admin/upgrade.php?_wp_http_referer=%2Fwp-admin%2Fplugins.php%3Fshow_all%3D1 HTTP/1.1" 200 661 "https://pages.cmmozart.com.br/wp-admin/plugins.php?show_all=1" "Mozilla/5.0 (Windows NT 10.0; Win64; x64) AppleWebKit/537.36 (KHTML, like Gecko) Chrome/131.0.0.0 Safari/537.36"
38.156.100.12 - - [22/Dec/2025:05:12:37 -0300] "GET /wp-admin/plugins.php?show_all=1 HTTP/1.1" 302 0 "-" "Mozilla/5.0 (Windows NT 10.0; Win64; x64) AppleWebKit/537.36 (KHTML, like Gecko) Chrome/131.0.0.0 Safari/537.36"
38.156.100.12 - - [22/Dec/2025:05:12:50 -0300] "GET /wp-admin/admin.php?page=wpcode HTTP/1.1" 302 0 "-" "Mozilla/5.0 (Windows NT 10.0; Win64; x64) AppleWebKit/537.36 (KHTML, like Gecko) Chrome/126.0.0.0 Safari/537.36"
187.33.241.49 - - [22/Dec/2025:05:13:10 -0300] "POST /wp-cron.php?doing_wp_cron=1766391190.3569650650024414062500 HTTP/1.1" 200 0 "-" "WordPress/6.9; https://pages.cmmozart.com.br"
38.156.100.12 - - [22/Dec/2025:05:13:09 -0300] "GET /wp-login.php HTTP/1.1" 200 3128 "-" "Mozilla/5.0 (Windows NT 10.0; Win64; x64; rv:133.0) Gecko/20100101 Firefox/133.0"
38.156.100.12 - - [22/Dec/2025:05:13:24 -0300] "GET /wp-admin/upgrade.php?_wp_http_referer=%2Fwp-admin%2Fmy-sites.php HTTP/1.1" 200 647 "https://pages.cmmozart.com.br/wp-admin/my-sites.php" "Mozilla/5.0 (Windows NT 10.0; Win64; x64) AppleWebKit/537.36 (KHTML, like Gecko) Chrome/131.0.0.0 Safari/537.36"
38.156.100.12 - - [22/Dec/2025:05:13:26 -0300] "GET /wp-admin/plugins.php?show_all=1 HTTP/1.1" 302 0 "-" "Mozilla/5.0 (Windows NT 10.0; Win64; x64) AppleWebKit/537.36 (KHTML, like Gecko) Chrome/131.0.0.0 Safari/537.36"
38.156.100.12 - - [22/Dec/2025:05:13:29 -0300] "GET /wp-admin/upgrade.php?_wp_http_referer=%2Fwp-admin%2Fplugins.php%3Fshow_all%3D1 HTTP/1.1" 200 661 "https://pages.cmmozart.com.br/wp-admin/plugins.php?show_all=1" "Mozilla/5.0 (Windows NT 10.0; Win64; x64) AppleWebKit/537.36 (KHTML, like Gecko) Chrome/131.0.0.0 Safari/537.36"
187.33.241.49 - - [22/Dec/2025:05:13:45 -0300] "POST /wp-cron.php?doing_wp_cron=1766391225.3900339603424072265625 HTTP/1.1" 200 0 "-" "WordPress/6.9; https://pages.cmmozart.com.br"
38.156.100.12 - - [22/Dec/2025:05:13:57 -0300] "GET /wp-admin/plugins.php?show_all=1 HTTP/1.1" 302 0 "-" "Mozilla/5.0 (Windows NT 10.0; Win64; x64) AppleWebKit/537.36 (KHTML, like Gecko) Chrome/126.0.0.0 Safari/537.36"
38.156.100.12 - - [22/Dec/2025:05:13:47 -0300] "GET /wp-admin/upgrade.php?_wp_http_referer=%2Fwp-admin%2Fplugins.php%3Fshow_all%3D1 HTTP/1.1" 200 661 "https://pages.cmmozart.com.br/wp-admin/plugins.php?show_all=1" "Mozilla/5.0 (Windows NT 10.0; Win64; x64) AppleWebKit/537.36 (KHTML, like Gecko) Chrome/131.0.0.0 Safari/537.36"
38.156.100.12 - - [22/Dec/2025:05:13:51 -0300] "GET /wp-admin/plugins.php?show_all=1 HTTP/1.1" 302 0 "-" "Mozilla/5.0 (Windows NT 10.0; Win64; x64) AppleWebKit/537.36 (KHTML, like Gecko) Chrome/131.0.0.0 Safari/537.36"
187.33.241.49 - - [22/Dec/2025:05:14:05 -0300] "POST /wp-cron.php?doing_wp_cron=1766391245.6849091053009033203125 HTTP/1.1" 200 0 "-" "WordPress/6.9; https://pages.cmmozart.com.br"
38.156.100.12 - - [22/Dec/2025:05:14:23 -0300] "GET /wp-admin/plugins.php?show_all=1 HTTP/1.1" 302 0 "-" "Mozilla/5.0 (Windows NT 10.0; Win64; x64) AppleWebKit/537.36 (KHTML, like Gecko) Chrome/126.0.0.0 Safari/537.36"
38.156.100.12 - - [22/Dec/2025:05:14:32 -0300] "GET /wp-admin/upgrade.php?_wp_http_referer=%2Fwp-admin%2Fplugins.php HTTP/1.1" 200 647 "https://pages.cmmozart.com.br/wp-admin/plugins.php" "Mozilla/5.0 (Windows NT 10.0; Win64; x64) AppleWebKit/537.36 (KHTML, like Gecko) Chrome/126.0.0.0 Safari/537.36"
38.156.100.12 - - [22/Dec/2025:05:14:38 -0300] "GET /wp-admin/upgrade.php?_wp_http_referer=%2Fwp-admin%2Fadmin.php%3Fpage%3Dwpcode HTTP/1.1" 200 657 "https://pages.cmmozart.com.br/wp-admin/admin.php?page=wpcode" "Mozilla/5.0 (Windows NT 10.0; Win64; x64) AppleWebKit/537.36 (KHTML, like Gecko) Chrome/131.0.0.0 Safari/537.36"
77.81.142.123 - - [22/Dec/2025:05:17:40 -0300] "GET /wp-admin/ HTTP/1.1" 302 0 "-" "Mozilla/5.0 (Windows NT 10.0; Win64; x64; rv:133.0) Gecko/20100101 Firefox/133.0"
38.156.100.12 - - [22/Dec/2025:05:13:16 -0300] "GET /wp-login.php?redirect_to=https%3A%2F%2Fpages.cmmozart.com.br%2Fwp-admin%2F&action=confirm_admin_email&wp_lang=pt_BR HTTP/1.1" 200 1672 "https://pages.cmmozart.com.br/wp-login.php" "Mozilla/5.0 (Windows NT 10.0; Win64; x64; rv:133.0) Gecko/20100101 Firefox/133.0"
38.156.100.12 - - [22/Dec/2025:05:13:32 -0300] "GET /wp-admin/plugins.php?show_all=1 HTTP/1.1" 302 0 "-" "Mozilla/5.0 (Windows NT 10.0; Win64; x64) AppleWebKit/537.36 (KHTML, like Gecko) Chrome/131.0.0.0 Safari/537.36"
38.156.100.12 - - [22/Dec/2025:05:13:35 -0300] "GET /wp-admin/upgrade.php?_wp_http_referer=%2Fwp-admin%2Fplugins.php%3Fshow_all%3D1 HTTP/1.1" 200 661 "https://pages.cmmozart.com.br/wp-admin/plugins.php?show_all=1" "Mozilla/5.0 (Windows NT 10.0; Win64; x64) AppleWebKit/537.36 (KHTML, like Gecko) Chrome/131.0.0.0 Safari/537.36"
38.156.100.12 - - [22/Dec/2025:05:13:55 -0300] "GET /wp-admin/upgrade.php?_wp_http_referer=%2Fwp-admin%2Fplugins.php%3Fshow_all%3D1 HTTP/1.1" 200 661 "https://pages.cmmozart.com.br/wp-admin/plugins.php?show_all=1" "Mozilla/5.0 (Windows NT 10.0; Win64; x64) AppleWebKit/537.36 (KHTML, like Gecko) Chrome/131.0.0.0 Safari/537.36"
38.156.100.12 - - [22/Dec/2025:05:14:04 -0300] "GET /wp-admin/plugins.php?show_all=1 HTTP/1.1" 302 0 "-" "Mozilla/5.0 (Windows NT 10.0; Win64; x64) AppleWebKit/537.36 (KHTML, like Gecko) Chrome/131.0.0.0 Safari/537.36"
38.156.100.12 - - [22/Dec/2025:05:14:15 -0300] "GET /wp-admin/plugins.php?show_all=1 HTTP/1.1" 302 0 "-" "Mozilla/5.0 (Windows NT 10.0; Win64; x64) AppleWebKit/537.36 (KHTML, like Gecko) Chrome/131.0.0.0 Safari/537.36"
38.156.100.12 - - [22/Dec/2025:05:14:26 -0300] "GET /wp-admin/upgrade.php?_wp_http_referer=%2Fwp-admin%2Fplugins.php%3Fshow_all%3D1 HTTP/1.1" 200 661 "https://pages.cmmozart.com.br/wp-admin/plugins.php?show_all=1" "Mozilla/5.0 (Windows NT 10.0; Win64; x64) AppleWebKit/537.36 (KHTML, like Gecko) Chrome/126.0.0.0 Safari/537.36"
38.156.100.12 - - [22/Dec/2025:05:14:35 -0300] "GET /wp-admin/admin.php?page=wpcode HTTP/1.1" 302 0 "-" "Mozilla/5.0 (Windows NT 10.0; Win64; x64) AppleWebKit/537.36 (KHTML, like Gecko) Chrome/131.0.0.0 Safari/537.36"
38.156.100.12 - - [22/Dec/2025:05:14:40 -0300] "GET /wp-admin/admin.php?page=wpcode-snippet-manager&custom=1 HTTP/1.1" 302 0 "-" "Mozilla/5.0 (Windows NT 10.0; Win64; x64) AppleWebKit/537.36 (KHTML, like Gecko) Chrome/131.0.0.0 Safari/537.36"
38.156.100.12 - - [22/Dec/2025:05:14:46 -0300] "GET /wp-admin/admin.php?page=wpcode HTTP/1.1" 302 0 "-" "Mozilla/5.0 (Windows NT 10.0; Win64; x64) AppleWebKit/537.36 (KHTML, like Gecko) Chrome/131.0.0.0 Safari/537.36"
38.156.100.12 - - [22/Dec/2025:05:14:50 -0300] "GET /wp-admin/upgrade.php?_wp_http_referer=%2Fwp-admin%2Fadmin.php%3Fpage%3Dwpcode HTTP/1.1" 200 657 "https://pages.cmmozart.com.br/wp-admin/admin.php?page=wpcode" "Mozilla/5.0 (Windows NT 10.0; Win64; x64) AppleWebKit/537.36 (KHTML, like Gecko) Chrome/131.0.0.0 Safari/537.36"
187.33.241.49 - - [22/Dec/2025:05:16:32 -0300] "POST /wp-cron.php?doing_wp_cron=1766391392.0783419609069824218750 HTTP/1.1" 200 0 "-" "WordPress/6.9; https://pages.cmmozart.com.br"
77.81.142.123 - - [22/Dec/2025:05:16:30 -0300] "GET /wp-login.php HTTP/1.1" 200 3128 "-" "Mozilla/5.0 (Windows NT 10.0; Win64; x64) AppleWebKit/537.36 (KHTML, like Gecko) Chrome/126.0.0.0 Safari/537.36"
187.33.241.49 - - [22/Dec/2025:05:17:40 -0300] "POST /wp-cron.php?doing_wp_cron=1766391460.6957619190216064453125 HTTP/1.1" 200 0 "-" "WordPress/6.9; https://pages.cmmozart.com.br"
38.156.100.12 - - [22/Dec/2025:05:14:01 -0300] "GET /wp-admin/upgrade.php?_wp_http_referer=%2Fwp-admin%2Fplugins.php%3Fshow_all%3D1 HTTP/1.1" 200 661 "https://pages.cmmozart.com.br/wp-admin/plugins.php?show_all=1" "Mozilla/5.0 (Windows NT 10.0; Win64; x64) AppleWebKit/537.36 (KHTML, like Gecko) Chrome/126.0.0.0 Safari/537.36"
38.156.100.12 - - [22/Dec/2025:05:14:07 -0300] "GET /wp-admin/upgrade.php?_wp_http_referer=%2Fwp-admin%2Fplugins.php%3Fshow_all%3D1 HTTP/1.1" 200 661 "https://pages.cmmozart.com.br/wp-admin/plugins.php?show_all=1" "Mozilla/5.0 (Windows NT 10.0; Win64; x64) AppleWebKit/537.36 (KHTML, like Gecko) Chrome/131.0.0.0 Safari/537.36"
38.156.100.12 - - [22/Dec/2025:05:14:10 -0300] "GET /wp-admin/plugin-install.php HTTP/1.1" 302 0 "-" "Mozilla/5.0 (Windows NT 10.0; Win64; x64; rv:133.0) Gecko/20100101 Firefox/133.0"
38.156.100.12 - - [22/Dec/2025:05:14:13 -0300] "GET /wp-admin/upgrade.php?_wp_http_referer=%2Fwp-admin%2Fplugin-install.php HTTP/1.1" 200 650 "https://pages.cmmozart.com.br/wp-admin/plugin-install.php" "Mozilla/5.0 (Windows NT 10.0; Win64; x64; rv:133.0) Gecko/20100101 Firefox/133.0"
38.156.100.12 - - [22/Dec/2025:05:14:19 -0300] "GET /wp-admin/upgrade.php?_wp_http_referer=%2Fwp-admin%2Fplugins.php%3Fshow_all%3D1 HTTP/1.1" 200 661 "https://pages.cmmozart.com.br/wp-admin/plugins.php?show_all=1" "Mozilla/5.0 (Windows NT 10.0; Win64; x64) AppleWebKit/537.36 (KHTML, like Gecko) Chrome/131.0.0.0 Safari/537.36"
38.156.100.12 - - [22/Dec/2025:05:14:29 -0300] "GET /wp-admin/plugins.php HTTP/1.1" 302 0 "-" "Mozilla/5.0 (Windows NT 10.0; Win64; x64) AppleWebKit/537.36 (KHTML, like Gecko) Chrome/126.0.0.0 Safari/537.36"
187.33.241.49 - - [22/Dec/2025:05:14:36 -0300] "POST /wp-cron.php?doing_wp_cron=1766391275.9975550174713134765625 HTTP/1.1" 200 0 "-" "WordPress/6.9; https://pages.cmmozart.com.br"
38.156.100.12 - - [22/Dec/2025:05:14:43 -0300] "GET /wp-admin/upgrade.php?_wp_http_referer=%2Fwp-admin%2Fadmin.php%3Fpage%3Dwpcode-snippet-manager%26custom%3D1 HTTP/1.1" 200 676 "https://pages.cmmozart.com.br/wp-admin/admin.php?page=wpcode-snippet-manager&custom=1" "Mozilla/5.0 (Windows NT 10.0; Win64; x64) AppleWebKit/537.36 (KHTML, like Gecko) Chrome/131.0.0.0 Safari/537.36"
77.81.142.123 - - [22/Dec/2025:05:16:35 -0300] "POST /wp-login.php HTTP/1.1" 302 0 "-" "Mozilla/5.0 (Windows NT 10.0; Win64; x64) AppleWebKit/537.36 (KHTML, like Gecko) Chrome/131.0.0.0 Safari/537.36"
180.190.126.225 - - [22/Dec/2025:05:22:39 -0300] "POST /wp-login.php HTTP/1.1" 302 0 "-" "Mozilla/5.0 (Windows NT 10.0; Win64; x64) AppleWebKit/537.36 (KHTML, like Gecko) Chrome/131.0.0.0 Safari/537.36"
180.190.126.225 - - [22/Dec/2025:05:23:11 -0300] "GET /wp-admin/plugins.php?show_all=1 HTTP/1.1" 302 0 "-" "Mozilla/5.0 (Windows NT 10.0; Win64; x64) AppleWebKit/537.36 (KHTML, like Gecko) Chrome/131.0.0.0 Safari/537.36"
180.190.126.225 - - [22/Dec/2025:05:23:18 -0300] "GET /wp-admin/plugins.php?show_all=1 HTTP/1.1" 302 0 "-" "Mozilla/5.0 (Windows NT 10.0; Win64; x64; rv:133.0) Gecko/20100101 Firefox/133.0"
180.190.126.225 - - [22/Dec/2025:05:23:28 -0300] "GET /wp-admin/plugins.php?show_all=1 HTTP/1.1" 302 0 "-" "Mozilla/5.0 (Windows NT 10.0; Win64; x64; rv:133.0) Gecko/20100101 Firefox/133.0"
187.33.241.49 - - [22/Dec/2025:05:23:39 -0300] "POST /wp-cron.php?doing_wp_cron=1766391819.3309669494628906250000 HTTP/1.1" 200 0 "-" "WordPress/6.9; https://pages.cmmozart.com.br"
180.190.126.225 - - [22/Dec/2025:05:23:37 -0300] "GET /wp-admin/plugins.php?show_all=1 HTTP/1.1" 302 0 "-" "Mozilla/5.0 (Windows NT 10.0; Win64; x64; rv:133.0) Gecko/20100101 Firefox/133.0"
180.190.126.225 - - [22/Dec/2025:05:23:42 -0300] "GET /wp-admin/upgrade.php?_wp_http_referer=%2Fwp-admin%2Fplugins.php%3Fshow_all%3D1 HTTP/1.1" 200 661 "https://pages.cmmozart.com.br/wp-admin/plugins.php?show_all=1" "Mozilla/5.0 (Windows NT 10.0; Win64; x64; rv:133.0) Gecko/20100101 Firefox/133.0"
180.190.126.225 - - [22/Dec/2025:05:23:53 -0300] "GET /wp-admin/upgrade.php?_wp_http_referer=%2Fwp-admin%2Fplugins.php%3Fshow_all%3D1 HTTP/1.1" 200 661 "https://pages.cmmozart.com.br/wp-admin/plugins.php?show_all=1" "Mozilla/5.0 (Windows NT 10.0; Win64; x64) AppleWebKit/537.36 (KHTML, like Gecko) Chrome/131.0.0.0 Safari/537.36"
180.190.126.225 - - [22/Dec/2025:05:24:00 -0300] "GET /wp-admin/upgrade.php?_wp_http_referer=%2Fwp-admin%2Fplugins.php%3Fshow_all%3D1 HTTP/1.1" 200 661 "https://pages.cmmozart.com.br/wp-admin/plugins.php?show_all=1" "Mozilla/5.0 (Windows NT 10.0; Win64; x64) AppleWebKit/537.36 (KHTML, like Gecko) Chrome/131.0.0.0 Safari/537.36"
187.33.241.49 - - [22/Dec/2025:05:24:06 -0300] "POST /wp-cron.php?doing_wp_cron=1766391846.5034389495849609375000 HTTP/1.1" 200 0 "-" "WordPress/6.9; https://pages.cmmozart.com.br"
180.190.126.225 - - [22/Dec/2025:05:24:51 -0300] "GET /wp-admin/admin.php?page=wpcode-snippet-manager&custom=1 HTTP/1.1" 302 0 "-" "Mozilla/5.0 (Windows NT 10.0; Win64; x64) AppleWebKit/537.36 (KHTML, like Gecko) Chrome/131.0.0.0 Safari/537.36"
180.190.126.225 - - [22/Dec/2025:05:24:56 -0300] "GET /wp-admin/upgrade.php?_wp_http_referer=%2Fwp-admin%2Fadmin.php%3Fpage%3Dwpcode-snippet-manager%26custom%3D1 HTTP/1.1" 200 676 "https://pages.cmmozart.com.br/wp-admin/admin.php?page=wpcode-snippet-manager&custom=1" "Mozilla/5.0 (Windows NT 10.0; Win64; x64) AppleWebKit/537.36 (KHTML, like Gecko) Chrome/131.0.0.0 Safari/537.36"
180.190.126.225 - - [22/Dec/2025:05:24:59 -0300] "GET /wp-admin/admin.php?page=wpcode HTTP/1.1" 302 0 "-" "Mozilla/5.0 (Windows NT 10.0; Win64; x64) AppleWebKit/537.36 (KHTML, like Gecko) Chrome/131.0.0.0 Safari/537.36"
180.190.126.225 - - [22/Dec/2025:05:25:33 -0300] "GET /wp-login.php?redirect_to=https%3A%2F%2Fpages.cmmozart.com.br%2Fwp-admin%2F&action=confirm_admin_email&wp_lang=pt_BR HTTP/1.1" 200 1673 "https://pages.cmmozart.com.br/wp-login.php" "Mozilla/5.0 (Windows NT 10.0; Win64; x64; rv:133.0) Gecko/20100101 Firefox/133.0"
180.190.126.225 - - [22/Dec/2025:05:25:43 -0300] "GET /wp-admin/upgrade.php?_wp_http_referer=%2Fwp-admin%2Fmy-sites.php HTTP/1.1" 200 647 "https://pages.cmmozart.com.br/wp-admin/my-sites.php" "Mozilla/5.0 (Windows NT 10.0; Win64; x64; rv:133.0) Gecko/20100101 Firefox/133.0"
180.190.126.225 - - [22/Dec/2025:05:25:47 -0300] "GET /wp-admin/plugins.php?show_all=1 HTTP/1.1" 302 0 "-" "Mozilla/5.0 (Windows NT 10.0; Win64; x64; rv:133.0) Gecko/20100101 Firefox/133.0"
180.190.126.225 - - [22/Dec/2025:05:22:33 -0300] "GET /wp-login.php HTTP/1.1" 200 3128 "http://pages.cmmozart.com.br/wp-login.php" "Mozilla/5.0 (Windows NT 10.0; Win64; x64; rv:133.0) Gecko/20100101 Firefox/133.0"
180.190.126.225 - - [22/Dec/2025:05:22:44 -0300] "GET /wp-login.php?redirect_to=https%3A%2F%2Fpages.cmmozart.com.br%2Fwp-admin%2F&action=confirm_admin_email&wp_lang=pt_BR HTTP/1.1" 200 1673 "https://pages.cmmozart.com.br/wp-login.php" "Mozilla/5.0 (Windows NT 10.0; Win64; x64) AppleWebKit/537.36 (KHTML, like Gecko) Chrome/131.0.0.0 Safari/537.36"
187.33.241.49 - - [22/Dec/2025:05:23:12 -0300] "POST /wp-cron.php?doing_wp_cron=1766391792.3173720836639404296875 HTTP/1.1" 200 0 "-" "WordPress/6.9; https://pages.cmmozart.com.br"
180.190.126.225 - - [22/Dec/2025:05:23:15 -0300] "GET /wp-admin/upgrade.php?_wp_http_referer=%2Fwp-admin%2Fplugins.php%3Fshow_all%3D1 HTTP/1.1" 200 661 "https://pages.cmmozart.com.br/wp-admin/plugins.php?show_all=1" "Mozilla/5.0 (Windows NT 10.0; Win64; x64) AppleWebKit/537.36 (KHTML, like Gecko) Chrome/131.0.0.0 Safari/537.36"
180.190.126.225 - - [22/Dec/2025:05:23:24 -0300] "GET /wp-admin/upgrade.php?_wp_http_referer=%2Fwp-admin%2Fplugins.php%3Fshow_all%3D1 HTTP/1.1" 200 661 "https://pages.cmmozart.com.br/wp-admin/plugins.php?show_all=1" "Mozilla/5.0 (Windows NT 10.0; Win64; x64; rv:133.0) Gecko/20100101 Firefox/133.0"
180.190.126.225 - - [22/Dec/2025:05:23:46 -0300] "GET /wp-admin/plugins.php?show_all=1 HTTP/1.1" 302 0 "-" "Mozilla/5.0 (Windows NT 10.0; Win64; x64) AppleWebKit/537.36 (KHTML, like Gecko) Chrome/131.0.0.0 Safari/537.36"
180.190.126.225 - - [22/Dec/2025:05:23:56 -0300] "GET /wp-admin/plugins.php?show_all=1 HTTP/1.1" 302 0 "-" "Mozilla/5.0 (Windows NT 10.0; Win64; x64) AppleWebKit/537.36 (KHTML, like Gecko) Chrome/131.0.0.0 Safari/537.36"
180.190.126.225 - - [22/Dec/2025:05:24:13 -0300] "GET /wp-admin/plugins.php?show_all=1 HTTP/1.1" 302 0 "-" "Mozilla/5.0 (Windows NT 10.0; Win64; x64) AppleWebKit/537.36 (KHTML, like Gecko) Chrome/126.0.0.0 Safari/537.36"
180.190.126.225 - - [22/Dec/2025:05:24:18 -0300] "GET /wp-admin/upgrade.php?_wp_http_referer=%2Fwp-admin%2Fplugins.php%3Fshow_all%3D1 HTTP/1.1" 200 661 "https://pages.cmmozart.com.br/wp-admin/plugins.php?show_all=1" "Mozilla/5.0 (Windows NT 10.0; Win64; x64) AppleWebKit/537.36 (KHTML, like Gecko) Chrome/126.0.0.0 Safari/537.36"
180.190.126.225 - - [22/Dec/2025:05:24:26 -0300] "GET /wp-admin/upgrade.php?_wp_http_referer=%2Fwp-admin%2Fplugins.php%3Fshow_all%3D1 HTTP/1.1" 200 661 "https://pages.cmmozart.com.br/wp-admin/plugins.php?show_all=1" "Mozilla/5.0 (Windows NT 10.0; Win64; x64) AppleWebKit/537.36 (KHTML, like Gecko) Chrome/131.0.0.0 Safari/537.36"
187.33.241.49 - - [22/Dec/2025:05:24:44 -0300] "POST /wp-cron.php?doing_wp_cron=1766391884.8052659034729003906250 HTTP/1.1" 200 0 "-" "WordPress/6.9; https://pages.cmmozart.com.br"
187.33.241.49 - - [22/Dec/2025:05:25:34 -0300] "POST /wp-cron.php?doing_wp_cron=1766391934.8764979839324951171875 HTTP/1.1" 200 0 "-" "WordPress/6.9; https://pages.cmmozart.com.br"
180.190.126.225 - - [22/Dec/2025:05:25:55 -0300] "GET /wp-admin/plugins.php?show_all=1 HTTP/1.1" 302 0 "-" "Mozilla/5.0 (Windows NT 10.0; Win64; x64) AppleWebKit/537.36 (KHTML, like Gecko) Chrome/131.0.0.0 Safari/537.36"
180.190.126.225 - - [22/Dec/2025:05:26:00 -0300] "GET /wp-admin/upgrade.php?_wp_http_referer=%2Fwp-admin%2Fplugins.php%3Fshow_all%3D1 HTTP/1.1" 200 661 "https://pages.cmmozart.com.br/wp-admin/plugins.php?show_all=1" "Mozilla/5.0 (Windows NT 10.0; Win64; x64) AppleWebKit/537.36 (KHTML, like Gecko) Chrome/131.0.0.0 Safari/537.36"
187.33.241.49 - - [22/Dec/2025:05:26:08 -0300] "POST /wp-cron.php?doing_wp_cron=1766391968.6910281181335449218750 HTTP/1.1" 200 0 "-" "WordPress/6.9; https://pages.cmmozart.com.br"
187.33.241.49 - - [22/Dec/2025:05:22:35 -0300] "POST /wp-cron.php?doing_wp_cron=1766391755.5818030834197998046875 HTTP/1.1" 200 0 "-" "WordPress/6.9; https://pages.cmmozart.com.br"
180.190.126.225 - - [22/Dec/2025:05:23:01 -0300] "GET /wp-admin/my-sites.php HTTP/1.1" 302 0 "-" "Mozilla/5.0 (Windows NT 10.0; Win64; x64; rv:133.0) Gecko/20100101 Firefox/133.0"
187.33.241.49 - - [22/Dec/2025:05:23:07 -0300] "POST /wp-cron.php?doing_wp_cron=1766391787.8967409133911132812500 HTTP/1.1" 200 0 "-" "WordPress/6.9; https://pages.cmmozart.com.br"
180.190.126.225 - - [22/Dec/2025:05:23:07 -0300] "GET /wp-admin/upgrade.php?_wp_http_referer=%2Fwp-admin%2Fmy-sites.php HTTP/1.1" 200 647 "https://pages.cmmozart.com.br/wp-admin/my-sites.php" "Mozilla/5.0 (Windows NT 10.0; Win64; x64; rv:133.0) Gecko/20100101 Firefox/133.0"
187.33.241.49 - - [22/Dec/2025:05:23:34 -0300] "POST /wp-cron.php?doing_wp_cron=1766391814.5687038898468017578125 HTTP/1.1" 200 0 "-" "WordPress/6.9; https://pages.cmmozart.com.br"
