Sid Gifari File Manager
🏠 Root
/
home
/
kelarte1
/
access-logs
/
📝 Editing: alicehelenar.com.br.kelartes.com.br-ssl_log
45.82.78.111 - - [21/Dec/2025:02:53:30 -0300] "GET / HTTP/1.1" 404 1251 "-" "Mozilla/5.0 (Macintosh; Intel Mac OS X 10_15_7) AppleWebKit/605.1.15 (KHTML, like Gecko) Version/17.6 Safari/605.1.15"
185.191.171.3 - - [21/Dec/2025:02:54:47 -0300] "GET /?l=3732845i4052c HTTP/1.1" 404 1251 "-" "Mozilla/5.0 (compatible; SemrushBot/7~bl; +http://www.semrush.com/bot.html)"
185.191.171.19 - - [21/Dec/2025:02:55:33 -0300] "GET /?l=3092513aa2076 HTTP/1.1" 404 1251 "-" "Mozilla/5.0 (compatible; SemrushBot/7~bl; +http://www.semrush.com/bot.html)"
185.191.171.1 - - [21/Dec/2025:02:58:35 -0300] "GET /?l=622157e7bc0h HTTP/1.1" 404 1251 "-" "Mozilla/5.0 (compatible; SemrushBot/7~bl; +http://www.semrush.com/bot.html)"
85.208.96.207 - - [21/Dec/2025:02:52:01 -0300] "GET /?l=4864216igj8fi HTTP/1.1" 404 1251 "-" "Mozilla/5.0 (compatible; SemrushBot/7~bl; +http://www.semrush.com/bot.html)"
85.208.96.193 - - [21/Dec/2025:02:52:03 -0300] "GET /?l=391013239hc0d HTTP/1.1" 404 1251 "-" "Mozilla/5.0 (compatible; SemrushBot/7~bl; +http://www.semrush.com/bot.html)"
85.208.96.195 - - [21/Dec/2025:02:53:35 -0300] "GET /?l=20646784854ca HTTP/1.1" 404 1251 "-" "Mozilla/5.0 (compatible; SemrushBot/7~bl; +http://www.semrush.com/bot.html)"
185.191.171.19 - - [21/Dec/2025:02:53:55 -0300] "GET /?l=2199882c5483i HTTP/1.1" 404 1251 "-" "Mozilla/5.0 (compatible; SemrushBot/7~bl; +http://www.semrush.com/bot.html)"
185.191.171.14 - - [21/Dec/2025:02:55:47 -0300] "GET /?l=3663412172ahe HTTP/1.1" 404 1251 "-" "Mozilla/5.0 (compatible; SemrushBot/7~bl; +http://www.semrush.com/bot.html)"
51.81.14.24 - - [21/Dec/2025:02:56:09 -0300] "GET /wp-login.php HTTP/2" 404 1251 "-" "Mozilla/5.0 (MSIE 10.0; Windows NT 6.1; WOW64; Trident/7.0; rv:11.0) like Gecko"
85.208.96.206 - - [21/Dec/2025:02:56:16 -0300] "GET /?l=4872419aejhjg HTTP/1.1" 404 1251 "-" "Mozilla/5.0 (compatible; SemrushBot/7~bl; +http://www.semrush.com/bot.html)"
185.191.171.12 - - [21/Dec/2025:02:56:38 -0300] "GET /?l=223273108e00a HTTP/1.1" 404 1251 "-" "Mozilla/5.0 (compatible; SemrushBot/7~bl; +http://www.semrush.com/bot.html)"
66.249.70.137 - - [21/Dec/2025:02:58:31 -0300] "GET /content.php?s=99495608622114 HTTP/1.1" 404 1251 "-" "Mozilla/5.0 (Linux; Android 6.0.1; Nexus 5X Build/MMB29P) AppleWebKit/537.36 (KHTML, like Gecko) Chrome/141.0.7390.122 Mobile Safari/537.36 (compatible; Googlebot/2.1; +http://www.google.com/bot.html)"
66.249.70.136 - - [21/Dec/2025:02:58:53 -0300] "GET /content.php?s=2504613941195 HTTP/1.1" 404 1251 "-" "Mozilla/5.0 (Linux; Android 6.0.1; Nexus 5X Build/MMB29P) AppleWebKit/537.36 (KHTML, like Gecko) Chrome/141.0.7390.122 Mobile Safari/537.36 (compatible; Googlebot/2.1; +http://www.google.com/bot.html)"
185.191.171.12 - - [21/Dec/2025:02:59:08 -0300] "GET /?l=2794646bd2265 HTTP/1.1" 404 1251 "-" "Mozilla/5.0 (compatible; SemrushBot/7~bl; +http://www.semrush.com/bot.html)"
74.125.151.138 - - [21/Dec/2025:03:00:18 -0300] "GET /content.php?s=60303599996492 HTTP/1.1" 404 1251 "-" "Mozilla/5.0 (X11; Linux x86_64) AppleWebKit/537.36 (KHTML, like Gecko) Chrome/141.0.7390.122 Safari/537.36"
85.208.96.207 - - [21/Dec/2025:02:50:28 -0300] "GET /?l=20631304fi5hf HTTP/1.1" 404 1251 "-" "Mozilla/5.0 (compatible; SemrushBot/7~bl; +http://www.semrush.com/bot.html)"
85.208.96.201 - - [21/Dec/2025:02:51:51 -0300] "GET /?l=4630484dic044 HTTP/1.1" 404 1251 "-" "Mozilla/5.0 (compatible; SemrushBot/7~bl; +http://www.semrush.com/bot.html)"
185.191.171.3 - - [21/Dec/2025:02:51:57 -0300] "GET /?l=4638679c9gic3 HTTP/1.1" 404 1251 "-" "Mozilla/5.0 (compatible; SemrushBot/7~bl; +http://www.semrush.com/bot.html)"
85.208.96.212 - - [21/Dec/2025:02:53:44 -0300] "GET /?l=19509985e3356 HTTP/1.1" 404 1251 "-" "Mozilla/5.0 (compatible; SemrushBot/7~bl; +http://www.semrush.com/bot.html)"
85.208.96.201 - - [21/Dec/2025:02:56:55 -0300] "GET /?l=3044871b2f6bj HTTP/1.1" 404 1251 "-" "Mozilla/5.0 (compatible; SemrushBot/7~bl; +http://www.semrush.com/bot.html)"
185.191.171.11 - - [21/Dec/2025:02:57:26 -0300] "GET /?l=21041857adg99 HTTP/1.1" 404 1251 "-" "Mozilla/5.0 (compatible; SemrushBot/7~bl; +http://www.semrush.com/bot.html)"
85.208.96.201 - - [21/Dec/2025:02:57:39 -0300] "GET /?l=20693750hf1hc HTTP/1.1" 404 1251 "-" "Mozilla/5.0 (compatible; SemrushBot/7~bl; +http://www.semrush.com/bot.html)"
66.249.70.137 - - [21/Dec/2025:02:58:37 -0300] "GET /content.php?s=54124938947448 HTTP/1.1" 404 1251 "-" "Mozilla/5.0 (Linux; Android 6.0.1; Nexus 5X Build/MMB29P) AppleWebKit/537.36 (KHTML, like Gecko) Chrome/141.0.7390.122 Mobile Safari/537.36 (compatible; GoogleOther)"
147.135.253.34 - - [21/Dec/2025:02:59:46 -0300] "GET /robots.txt HTTP/1.1" 404 1251 "-" "Mozilla/5.0 (compatible; MJ12bot/v1.4.8; http://mj12bot.com/)"
147.135.253.34 - - [21/Dec/2025:02:59:49 -0300] "GET /az%C9%99rbaycan-oyunculari-ucun-pinco-2025-2026-da-%C9%99n-guclu-onlayn-kazino-realligidir/ HTTP/1.1" 404 1251 "-" "Mozilla/5.0 (compatible; MJ12bot/v1.4.8; http://mj12bot.com/)"
147.135.253.34 - - [21/Dec/2025:02:59:52 -0300] "GET /az%C9%99rbaycan-oyunculari-ucun-pinco-2025-2026-da-%C9%99n-guclu-onlayn-kazino-realligidir/feed/ HTTP/1.1" 404 1251 "-" "Mozilla/5.0 (compatible; MJ12bot/v1.4.8; http://mj12bot.com/)"
185.191.171.3 - - [21/Dec/2025:03:05:50 -0300] "GET /?l=2853188be034c HTTP/1.1" 404 1251 "-" "Mozilla/5.0 (compatible; SemrushBot/7~bl; +http://www.semrush.com/bot.html)"
66.249.70.136 - - [21/Dec/2025:03:01:22 -0300] "GET /content.php?s=15894188548538 HTTP/1.1" 404 1251 "-" "Mozilla/5.0 (Linux; Android 6.0.1; Nexus 5X Build/MMB29P) AppleWebKit/537.36 (KHTML, like Gecko) Chrome/141.0.7390.122 Mobile Safari/537.36 (compatible; Googlebot/2.1; +http://www.google.com/bot.html)"
185.191.171.14 - - [21/Dec/2025:03:03:22 -0300] "GET /?l=111582d9206a HTTP/1.1" 404 1251 "-" "Mozilla/5.0 (compatible; SemrushBot/7~bl; +http://www.semrush.com/bot.html)"
185.191.171.16 - - [21/Dec/2025:03:05:25 -0300] "GET /?l=46395729fi0d4 HTTP/1.1" 404 1251 "-" "Mozilla/5.0 (compatible; SemrushBot/7~bl; +http://www.semrush.com/bot.html)"
85.208.96.211 - - [21/Dec/2025:03:03:13 -0300] "GET /?l=1109543dad7ia HTTP/1.1" 404 1251 "-" "Mozilla/5.0 (compatible; SemrushBot/7~bl; +http://www.semrush.com/bot.html)"
85.208.96.197 - - [21/Dec/2025:03:03:35 -0300] "GET /?l=3049603be6ahj HTTP/1.1" 404 1251 "-" "Mozilla/5.0 (compatible; SemrushBot/7~bl; +http://www.semrush.com/bot.html)"
185.191.171.7 - - [21/Dec/2025:03:04:12 -0300] "GET /?l=892447ch2eg8 HTTP/1.1" 404 1251 "-" "Mozilla/5.0 (compatible; SemrushBot/7~bl; +http://www.semrush.com/bot.html)"
185.191.171.2 - - [21/Dec/2025:03:04:26 -0300] "GET /?l=779779e6b20j HTTP/1.1" 404 1251 "-" "Mozilla/5.0 (compatible; SemrushBot/7~bl; +http://www.semrush.com/bot.html)"
185.191.171.4 - - [21/Dec/2025:03:05:07 -0300] "GET /?l=4009393e1hehe HTTP/1.1" 404 1251 "-" "Mozilla/5.0 (compatible; SemrushBot/7~bl; +http://www.semrush.com/bot.html)"
185.191.171.14 - - [21/Dec/2025:03:10:20 -0300] "GET /?l=21087838hg7e7 HTTP/1.1" 404 1251 "-" "Mozilla/5.0 (compatible; SemrushBot/7~bl; +http://www.semrush.com/bot.html)"
185.191.171.10 - - [21/Dec/2025:03:08:25 -0300] "GET /?l=39528421i3d97 HTTP/1.1" 404 1251 "-" "Mozilla/5.0 (compatible; SemrushBot/7~bl; +http://www.semrush.com/bot.html)"
85.208.96.194 - - [21/Dec/2025:03:09:50 -0300] "GET /?l=3212459ib3b6c HTTP/1.1" 404 1251 "-" "Mozilla/5.0 (compatible; SemrushBot/7~bl; +http://www.semrush.com/bot.html)"
85.208.96.211 - - [21/Dec/2025:03:08:37 -0300] "GET /?l=1780675a2c34g HTTP/1.1" 404 1251 "-" "Mozilla/5.0 (compatible; SemrushBot/7~bl; +http://www.semrush.com/bot.html)"
185.191.171.18 - - [21/Dec/2025:03:08:49 -0300] "GET /?l=4461950bee550 HTTP/1.1" 404 1251 "-" "Mozilla/5.0 (compatible; SemrushBot/7~bl; +http://www.semrush.com/bot.html)"
85.208.96.212 - - [21/Dec/2025:03:09:05 -0300] "GET /?l=2121090f19edj HTTP/1.1" 404 1251 "-" "Mozilla/5.0 (compatible; SemrushBot/7~bl; +http://www.semrush.com/bot.html)"
185.191.171.16 - - [21/Dec/2025:03:11:26 -0300] "GET /?l=2800558edji62 HTTP/1.1" 200 595 "-" "Mozilla/5.0 (compatible; SemrushBot/7~bl; +http://www.semrush.com/bot.html)"
85.208.96.204 - - [21/Dec/2025:03:13:54 -0300] "GET /?l=907940a07gg4 HTTP/1.1" 200 595 "-" "Mozilla/5.0 (compatible; SemrushBot/7~bl; +http://www.semrush.com/bot.html)"
185.191.171.19 - - [21/Dec/2025:03:14:56 -0300] "GET /?l=4107679g0h184 HTTP/1.1" 200 595 "-" "Mozilla/5.0 (compatible; SemrushBot/7~bl; +http://www.semrush.com/bot.html)"
178.128.63.245 - - [21/Dec/2025:03:21:01 -0300] "POST /wp-login.php HTTP/1.1" 404 1251 "-" "Mozilla/5.0 (Windows NT 10.0; Win64; x64; rv:97.0) Gecko/20100101 Firefox/97.0"
85.208.96.210 - - [21/Dec/2025:03:22:39 -0300] "GET /?l=26510980c673d HTTP/1.1" 200 595 "-" "Mozilla/5.0 (compatible; SemrushBot/7~bl; +http://www.semrush.com/bot.html)"
185.191.171.14 - - [21/Dec/2025:03:23:20 -0300] "GET /?l=30515275fi5c2 HTTP/1.1" 200 595 "-" "Mozilla/5.0 (compatible; SemrushBot/7~bl; +http://www.semrush.com/bot.html)"
185.191.171.8 - - [21/Dec/2025:03:23:36 -0300] "GET /?l=4619318dej6hg HTTP/1.1" 200 595 "-" "Mozilla/5.0 (compatible; SemrushBot/7~bl; +http://www.semrush.com/bot.html)"
185.191.171.13 - - [21/Dec/2025:03:23:51 -0300] "GET /?l=731221c090c1 HTTP/1.1" 200 595 "-" "Mozilla/5.0 (compatible; SemrushBot/7~bl; +http://www.semrush.com/bot.html)"
85.208.96.200 - - [21/Dec/2025:03:12:50 -0300] "GET /?l=4805020j225i6 HTTP/1.1" 200 595 "-" "Mozilla/5.0 (compatible; SemrushBot/7~bl; +http://www.semrush.com/bot.html)"
85.208.96.200 - - [21/Dec/2025:03:16:33 -0300] "GET /?l=1248549fggbee HTTP/1.1" 200 595 "-" "Mozilla/5.0 (compatible; SemrushBot/7~bl; +http://www.semrush.com/bot.html)"
85.208.96.207 - - [21/Dec/2025:03:18:36 -0300] "GET /?l=22695297933i8 HTTP/1.1" 200 595 "-" "Mozilla/5.0 (compatible; SemrushBot/7~bl; +http://www.semrush.com/bot.html)"
66.249.70.136 - - [21/Dec/2025:03:19:41 -0300] "GET /content.php?s=2342705111771 HTTP/1.1" 404 1251 "-" "Mozilla/5.0 (Linux; Android 6.0.1; Nexus 5X Build/MMB29P) AppleWebKit/537.36 (KHTML, like Gecko) Chrome/141.0.7390.122 Mobile Safari/537.36 (compatible; GoogleOther)"
185.191.171.6 - - [21/Dec/2025:03:20:18 -0300] "GET /?l=3529748ahida HTTP/1.1" 200 595 "-" "Mozilla/5.0 (compatible; SemrushBot/7~bl; +http://www.semrush.com/bot.html)"
185.191.171.9 - - [21/Dec/2025:03:20:55 -0300] "GET /?l=1021767e3f27f HTTP/1.1" 200 595 "-" "Mozilla/5.0 (compatible; SemrushBot/7~bl; +http://www.semrush.com/bot.html)"
185.191.171.3 - - [21/Dec/2025:03:22:00 -0300] "GET /?l=1855534gci0db HTTP/1.1" 200 595 "-" "Mozilla/5.0 (compatible; SemrushBot/7~bl; +http://www.semrush.com/bot.html)"
185.191.171.14 - - [21/Dec/2025:03:23:53 -0300] "GET /?l=3161738i35e74 HTTP/1.1" 200 595 "-" "Mozilla/5.0 (compatible; SemrushBot/7~bl; +http://www.semrush.com/bot.html)"
185.191.171.17 - - [21/Dec/2025:03:25:16 -0300] "GET /?l=456506642j89j HTTP/1.1" 200 595 "-" "Mozilla/5.0 (compatible; SemrushBot/7~bl; +http://www.semrush.com/bot.html)"
185.191.171.16 - - [21/Dec/2025:03:12:04 -0300] "GET /?l=1801200ee3g9a HTTP/1.1" 200 595 "-" "Mozilla/5.0 (compatible; SemrushBot/7~bl; +http://www.semrush.com/bot.html)"
85.208.96.205 - - [21/Dec/2025:03:13:04 -0300] "GET /?l=3529095g2f50f HTTP/1.1" 200 595 "-" "Mozilla/5.0 (compatible; SemrushBot/7~bl; +http://www.semrush.com/bot.html)"
185.191.171.8 - - [21/Dec/2025:03:13:45 -0300] "GET /?l=28189319bhe68 HTTP/1.1" 200 595 "-" "Mozilla/5.0 (compatible; SemrushBot/7~bl; +http://www.semrush.com/bot.html)"
185.191.171.2 - - [21/Dec/2025:03:15:37 -0300] "GET /?l=5424633565f2 HTTP/1.1" 200 595 "-" "Mozilla/5.0 (compatible; SemrushBot/7~bl; +http://www.semrush.com/bot.html)"
185.191.171.18 - - [21/Dec/2025:03:15:58 -0300] "GET /?l=4814320cb94f7 HTTP/1.1" 200 595 "-" "Mozilla/5.0 (compatible; SemrushBot/7~bl; +http://www.semrush.com/bot.html)"
185.191.171.18 - - [21/Dec/2025:03:21:06 -0300] "GET /?l=3715763d0ig6 HTTP/1.1" 200 595 "-" "Mozilla/5.0 (compatible; SemrushBot/7~bl; +http://www.semrush.com/bot.html)"
185.191.171.19 - - [21/Dec/2025:03:24:25 -0300] "GET /?l=356979653f7d8 HTTP/1.1" 200 595 "-" "Mozilla/5.0 (compatible; SemrushBot/7~bl; +http://www.semrush.com/bot.html)"
185.191.171.8 - - [21/Dec/2025:03:26:03 -0300] "GET /?l=2856182h1eaj8 HTTP/1.1" 200 595 "-" "Mozilla/5.0 (compatible; SemrushBot/7~bl; +http://www.semrush.com/bot.html)"
185.191.171.13 - - [21/Dec/2025:03:26:53 -0300] "GET /?l=3712756d35d2j HTTP/1.1" 200 595 "-" "Mozilla/5.0 (compatible; SemrushBot/7~bl; +http://www.semrush.com/bot.html)"
185.191.171.4 - - [21/Dec/2025:03:27:23 -0300] "GET /?l=27561672a1dai HTTP/1.1" 200 595 "-" "Mozilla/5.0 (compatible; SemrushBot/7~bl; +http://www.semrush.com/bot.html)"
185.191.171.13 - - [21/Dec/2025:03:27:51 -0300] "GET /?l=134618757ia2d HTTP/1.1" 200 595 "-" "Mozilla/5.0 (compatible; SemrushBot/7~bl; +http://www.semrush.com/bot.html)"
85.208.96.196 - - [21/Dec/2025:03:29:35 -0300] "GET /?l=114945197ge9b HTTP/1.1" 200 595 "-" "Mozilla/5.0 (compatible; SemrushBot/7~bl; +http://www.semrush.com/bot.html)"
85.208.96.202 - - [21/Dec/2025:03:32:27 -0300] "GET /?l=4610984c428a8 HTTP/1.1" 200 595 "-" "Mozilla/5.0 (compatible; SemrushBot/7~bl; +http://www.semrush.com/bot.html)"
185.191.171.10 - - [21/Dec/2025:03:33:49 -0300] "GET /?l=248686805eb23 HTTP/1.1" 200 595 "-" "Mozilla/5.0 (compatible; SemrushBot/7~bl; +http://www.semrush.com/bot.html)"
185.191.171.8 - - [21/Dec/2025:03:28:05 -0300] "GET /?l=1646155fec5i3 HTTP/1.1" 200 595 "-" "Mozilla/5.0 (compatible; SemrushBot/7~bl; +http://www.semrush.com/bot.html)"
185.191.171.16 - - [21/Dec/2025:03:29:53 -0300] "GET /?l=353308377jh5f HTTP/1.1" 200 595 "-" "Mozilla/5.0 (compatible; SemrushBot/7~bl; +http://www.semrush.com/bot.html)"
85.208.96.211 - - [21/Dec/2025:03:31:51 -0300] "GET /robots.txt HTTP/1.1" 404 1251 "-" "Mozilla/5.0 (compatible; SemrushBot/7~bl; +http://www.semrush.com/bot.html)"
85.208.96.193 - - [21/Dec/2025:03:33:20 -0300] "GET /?l=3057401h3e9j0 HTTP/1.1" 200 595 "-" "Mozilla/5.0 (compatible; SemrushBot/7~bl; +http://www.semrush.com/bot.html)"
85.208.96.205 - - [21/Dec/2025:03:33:47 -0300] "GET /?l=2138344cac107 HTTP/1.1" 200 595 "-" "Mozilla/5.0 (compatible; SemrushBot/7~bl; +http://www.semrush.com/bot.html)"
85.208.96.202 - - [21/Dec/2025:03:35:53 -0300] "GET /?l=5513790191i4 HTTP/1.1" 200 595 "-" "Mozilla/5.0 (compatible; SemrushBot/7~bl; +http://www.semrush.com/bot.html)"
85.208.96.195 - - [21/Dec/2025:03:40:24 -0300] "GET /?l=30899027f767j HTTP/1.1" 200 595 "-" "Mozilla/5.0 (compatible; SemrushBot/7~bl; +http://www.semrush.com/bot.html)"
185.191.171.14 - - [21/Dec/2025:03:27:43 -0300] "GET /?l=163524910f80j HTTP/1.1" 200 595 "-" "Mozilla/5.0 (compatible; SemrushBot/7~bl; +http://www.semrush.com/bot.html)"
185.191.171.12 - - [21/Dec/2025:03:30:41 -0300] "GET /?l=2333074968jac HTTP/1.1" 200 595 "-" "Mozilla/5.0 (compatible; SemrushBot/7~bl; +http://www.semrush.com/bot.html)"
185.191.171.4 - - [21/Dec/2025:03:31:51 -0300] "GET /?l=4883192bcb0aj HTTP/1.1" 200 595 "-" "Mozilla/5.0 (compatible; SemrushBot/7~bl; +http://www.semrush.com/bot.html)"
185.191.171.13 - - [21/Dec/2025:03:33:27 -0300] "GET /?l=22945135gi40h HTTP/1.1" 200 595 "-" "Mozilla/5.0 (compatible; SemrushBot/7~bl; +http://www.semrush.com/bot.html)"
185.191.171.8 - - [21/Dec/2025:03:34:56 -0300] "GET /?l=31853293a02bd HTTP/1.1" 200 595 "-" "Mozilla/5.0 (compatible; SemrushBot/7~bl; +http://www.semrush.com/bot.html)"
185.191.171.7 - - [21/Dec/2025:03:38:54 -0300] "GET /?l=101373a64hjh HTTP/1.1" 200 595 "-" "Mozilla/5.0 (compatible; SemrushBot/7~bl; +http://www.semrush.com/bot.html)"
85.208.96.198 - - [21/Dec/2025:03:41:48 -0300] "GET /?l=29568811id53c HTTP/1.1" 200 595 "-" "Mozilla/5.0 (compatible; SemrushBot/7~bl; +http://www.semrush.com/bot.html)"
185.191.171.11 - - [21/Dec/2025:03:42:18 -0300] "GET /?l=181969479dj46 HTTP/1.1" 200 595 "-" "Mozilla/5.0 (compatible; SemrushBot/7~bl; +http://www.semrush.com/bot.html)"
85.208.96.198 - - [21/Dec/2025:03:47:45 -0300] "GET /?l=33816315b979 HTTP/1.1" 200 595 "-" "Mozilla/5.0 (compatible; SemrushBot/7~bl; +http://www.semrush.com/bot.html)"
185.191.171.6 - - [21/Dec/2025:03:47:53 -0300] "GET /?l=981805b53ge HTTP/1.1" 200 595 "-" "Mozilla/5.0 (compatible; SemrushBot/7~bl; +http://www.semrush.com/bot.html)"
85.208.96.196 - - [21/Dec/2025:03:50:39 -0300] "GET /?l=43357771d542d HTTP/1.1" 200 595 "-" "Mozilla/5.0 (compatible; SemrushBot/7~bl; +http://www.semrush.com/bot.html)"
85.208.96.193 - - [21/Dec/2025:03:52:24 -0300] "GET /?l=2959958f0jh8h HTTP/1.1" 200 595 "-" "Mozilla/5.0 (compatible; SemrushBot/7~bl; +http://www.semrush.com/bot.html)"
185.191.171.16 - - [21/Dec/2025:03:55:15 -0300] "GET /?l=25638529e3c1b HTTP/1.1" 200 595 "-" "Mozilla/5.0 (compatible; SemrushBot/7~bl; +http://www.semrush.com/bot.html)"
185.191.171.3 - - [21/Dec/2025:03:57:31 -0300] "GET /casino-ohne-lizenz-mit-400-bonus-mit-25000000-einzahlung/ HTTP/1.1" 404 1251 "-" "Mozilla/5.0 (compatible; SemrushBot/7~bl; +http://www.semrush.com/bot.html)"
185.191.171.17 - - [21/Dec/2025:03:44:06 -0300] "GET /?l=3058255aid6b4 HTTP/1.1" 200 595 "-" "Mozilla/5.0 (compatible; SemrushBot/7~bl; +http://www.semrush.com/bot.html)"
85.208.96.195 - - [21/Dec/2025:03:45:54 -0300] "GET /?l=45247376dfccf HTTP/1.1" 200 595 "-" "Mozilla/5.0 (compatible; SemrushBot/7~bl; +http://www.semrush.com/bot.html)"
85.208.96.205 - - [21/Dec/2025:03:55:57 -0300] "GET /?l=131198200cdi8 HTTP/1.1" 200 595 "-" "Mozilla/5.0 (compatible; SemrushBot/7~bl; +http://www.semrush.com/bot.html)"
85.208.96.207 - - [21/Dec/2025:03:56:32 -0300] "GET /?l=4329098ej13gf HTTP/1.1" 200 595 "-" "Mozilla/5.0 (compatible; SemrushBot/7~bl; +http://www.semrush.com/bot.html)"
85.208.96.196 - - [21/Dec/2025:03:56:34 -0300] "GET /category/casinopinco/ HTTP/1.1" 404 1251 "-" "Mozilla/5.0 (compatible; SemrushBot/7~bl; +http://www.semrush.com/bot.html)"
85.208.96.198 - - [21/Dec/2025:03:43:10 -0300] "GET /?l=2659663h3c8fj HTTP/1.1" 200 595 "-" "Mozilla/5.0 (compatible; SemrushBot/7~bl; +http://www.semrush.com/bot.html)"
185.191.171.2 - - [21/Dec/2025:03:47:38 -0300] "GET /?l=3612564fead25 HTTP/1.1" 200 595 "-" "Mozilla/5.0 (compatible; SemrushBot/7~bl; +http://www.semrush.com/bot.html)"
85.208.96.196 - - [21/Dec/2025:03:48:14 -0300] "GET /?l=3285834gi463j HTTP/1.1" 200 595 "-" "Mozilla/5.0 (compatible; SemrushBot/7~bl; +http://www.semrush.com/bot.html)"
185.191.171.12 - - [21/Dec/2025:03:48:49 -0300] "GET /?l=1374515gjdjd0 HTTP/1.1" 200 595 "-" "Mozilla/5.0 (compatible; SemrushBot/7~bl; +http://www.semrush.com/bot.html)"
85.208.96.207 - - [21/Dec/2025:03:53:27 -0300] "GET /?l=3060081h093ji HTTP/1.1" 200 595 "-" "Mozilla/5.0 (compatible; SemrushBot/7~bl; +http://www.semrush.com/bot.html)"
85.208.96.199 - - [21/Dec/2025:03:56:30 -0300] "GET /?l=31961718gi8 HTTP/1.1" 200 595 "-" "Mozilla/5.0 (compatible; SemrushBot/7~bl; +http://www.semrush.com/bot.html)"
85.208.96.212 - - [21/Dec/2025:04:01:08 -0300] "GET /?l=4787033b33hd6 HTTP/1.1" 200 595 "-" "Mozilla/5.0 (compatible; SemrushBot/7~bl; +http://www.semrush.com/bot.html)"
85.208.96.198 - - [21/Dec/2025:04:04:16 -0300] "GET /?l=4019186ej3a57 HTTP/1.1" 200 595 "-" "Mozilla/5.0 (compatible; SemrushBot/7~bl; +http://www.semrush.com/bot.html)"
85.208.96.198 - - [21/Dec/2025:04:04:33 -0300] "GET /?l=4397163hci799 HTTP/1.1" 200 595 "-" "Mozilla/5.0 (compatible; SemrushBot/7~bl; +http://www.semrush.com/bot.html)"
185.191.171.15 - - [21/Dec/2025:04:06:08 -0300] "GET /?l=4874205e4ijdc HTTP/1.1" 200 595 "-" "Mozilla/5.0 (compatible; SemrushBot/7~bl; +http://www.semrush.com/bot.html)"
85.208.96.195 - - [21/Dec/2025:04:06:32 -0300] "GET /?l=519237haf8f6 HTTP/1.1" 200 595 "-" "Mozilla/5.0 (compatible; SemrushBot/7~bl; +http://www.semrush.com/bot.html)"
185.191.171.3 - - [21/Dec/2025:04:00:34 -0300] "GET /?l=14044709d18gd HTTP/1.1" 200 595 "-" "Mozilla/5.0 (compatible; SemrushBot/7~bl; +http://www.semrush.com/bot.html)"
185.191.171.19 - - [21/Dec/2025:04:05:37 -0300] "GET /?l=224349ii4321 HTTP/1.1" 200 595 "-" "Mozilla/5.0 (compatible; SemrushBot/7~bl; +http://www.semrush.com/bot.html)"
185.191.171.5 - - [21/Dec/2025:03:59:21 -0300] "GET /?l=13606188bhg83 HTTP/1.1" 200 595 "-" "Mozilla/5.0 (compatible; SemrushBot/7~bl; +http://www.semrush.com/bot.html)"
85.208.96.206 - - [21/Dec/2025:03:59:56 -0300] "GET /?l=19112900ja923 HTTP/1.1" 200 595 "-" "Mozilla/5.0 (compatible; SemrushBot/7~bl; +http://www.semrush.com/bot.html)"
85.208.96.209 - - [21/Dec/2025:04:02:37 -0300] "GET /?l=3894625529aj4 HTTP/1.1" 200 595 "-" "Mozilla/5.0 (compatible; SemrushBot/7~bl; +http://www.semrush.com/bot.html)"
85.208.96.195 - - [21/Dec/2025:04:04:35 -0300] "GET /?l=4468024idg0je HTTP/1.1" 200 595 "-" "Mozilla/5.0 (compatible; SemrushBot/7~bl; +http://www.semrush.com/bot.html)"
85.208.96.195 - - [21/Dec/2025:04:07:40 -0300] "GET /?l=2782180egfi4h HTTP/1.1" 200 595 "-" "Mozilla/5.0 (compatible; SemrushBot/7~bl; +http://www.semrush.com/bot.html)"
85.208.96.207 - - [21/Dec/2025:04:08:35 -0300] "GET /?l=46265287geih8 HTTP/1.1" 200 595 "-" "Mozilla/5.0 (compatible; SemrushBot/7~bl; +http://www.semrush.com/bot.html)"
85.208.96.193 - - [21/Dec/2025:04:08:58 -0300] "GET /?l=49174825h478a HTTP/1.1" 200 595 "-" "Mozilla/5.0 (compatible; SemrushBot/7~bl; +http://www.semrush.com/bot.html)"
185.191.171.16 - - [21/Dec/2025:04:09:01 -0300] "GET /?l=2230229dg94bh HTTP/1.1" 200 595 "-" "Mozilla/5.0 (compatible; SemrushBot/7~bl; +http://www.semrush.com/bot.html)"
185.191.171.5 - - [21/Dec/2025:04:10:19 -0300] "GET /?l=300904981i842 HTTP/1.1" 200 595 "-" "Mozilla/5.0 (compatible; SemrushBot/7~bl; +http://www.semrush.com/bot.html)"
185.191.171.2 - - [21/Dec/2025:04:10:25 -0300] "GET /?l=789969cbi35e HTTP/1.1" 200 595 "-" "Mozilla/5.0 (compatible; SemrushBot/7~bl; +http://www.semrush.com/bot.html)"
85.208.96.203 - - [21/Dec/2025:04:11:13 -0300] "GET /?l=2383214f1d1ha HTTP/1.1" 200 595 "-" "Mozilla/5.0 (compatible; SemrushBot/7~bl; +http://www.semrush.com/bot.html)"
85.208.96.207 - - [21/Dec/2025:04:07:38 -0300] "GET /?l=2137967d00ji7 HTTP/1.1" 200 595 "-" "Mozilla/5.0 (compatible; SemrushBot/7~bl; +http://www.semrush.com/bot.html)"
85.208.96.210 - - [21/Dec/2025:04:14:21 -0300] "GET /?l=4678948afi84 HTTP/1.1" 200 595 "-" "Mozilla/5.0 (compatible; SemrushBot/7~bl; +http://www.semrush.com/bot.html)"
185.191.171.3 - - [21/Dec/2025:04:14:09 -0300] "GET /?l=25969325eia65 HTTP/1.1" 200 595 "-" "Mozilla/5.0 (compatible; SemrushBot/7~bl; +http://www.semrush.com/bot.html)"
185.191.171.4 - - [21/Dec/2025:04:15:16 -0300] "GET /?l=3795713eeb016 HTTP/1.1" 200 595 "-" "Mozilla/5.0 (compatible; SemrushBot/7~bl; +http://www.semrush.com/bot.html)"
85.208.96.202 - - [21/Dec/2025:04:17:59 -0300] "GET /?l=156573977i87e HTTP/1.1" 200 595 "-" "Mozilla/5.0 (compatible; SemrushBot/7~bl; +http://www.semrush.com/bot.html)"
185.191.171.2 - - [21/Dec/2025:04:19:21 -0300] "GET /?l=410925991i4d1 HTTP/1.1" 200 595 "-" "Mozilla/5.0 (compatible; SemrushBot/7~bl; +http://www.semrush.com/bot.html)"
185.191.171.1 - - [21/Dec/2025:04:14:11 -0300] "GET /?l=232451663ib3j HTTP/1.1" 200 595 "-" "Mozilla/5.0 (compatible; SemrushBot/7~bl; +http://www.semrush.com/bot.html)"
185.191.171.3 - - [21/Dec/2025:04:14:17 -0300] "GET /?l=109334dh11gh HTTP/1.1" 200 595 "-" "Mozilla/5.0 (compatible; SemrushBot/7~bl; +http://www.semrush.com/bot.html)"
185.191.171.15 - - [21/Dec/2025:04:15:18 -0300] "GET /?l=3663010c89650 HTTP/1.1" 200 595 "-" "Mozilla/5.0 (compatible; SemrushBot/7~bl; +http://www.semrush.com/bot.html)"
85.208.96.210 - - [21/Dec/2025:04:18:09 -0300] "GET /?l=12746841bi40c HTTP/1.1" 200 595 "-" "Mozilla/5.0 (compatible; SemrushBot/7~bl; +http://www.semrush.com/bot.html)"
185.191.171.1 - - [21/Dec/2025:04:18:14 -0300] "GET /?l=25774379ae010 HTTP/1.1" 200 595 "-" "Mozilla/5.0 (compatible; SemrushBot/7~bl; +http://www.semrush.com/bot.html)"
147.182.200.95 - - [21/Dec/2025:04:18:33 -0300] "POST /wp-login.php HTTP/1.1" 404 1251 "-" "Mozilla/5.0 (Windows NT 10.0; Win64; x64; rv:42.0) Gecko/20100101 Firefox/42.0"
185.191.171.9 - - [21/Dec/2025:04:19:18 -0300] "GET /?l=2580110dh448g HTTP/1.1" 200 595 "-" "Mozilla/5.0 (compatible; SemrushBot/7~bl; +http://www.semrush.com/bot.html)"
185.191.171.18 - - [21/Dec/2025:04:21:52 -0300] "GET /?l=48564499ba490 HTTP/1.1" 200 595 "-" "Mozilla/5.0 (compatible; SemrushBot/7~bl; +http://www.semrush.com/bot.html)"
85.208.96.198 - - [21/Dec/2025:04:23:20 -0300] "GET /?l=1286412714ifh HTTP/1.1" 200 595 "-" "Mozilla/5.0 (compatible; SemrushBot/7~bl; +http://www.semrush.com/bot.html)"
85.208.96.207 - - [21/Dec/2025:04:27:58 -0300] "GET /?l=3172499gb8d7e HTTP/1.1" 200 595 "-" "Mozilla/5.0 (compatible; SemrushBot/7~bl; +http://www.semrush.com/bot.html)"
185.191.171.19 - - [21/Dec/2025:04:28:24 -0300] "GET /?l=26069437c77i0 HTTP/1.1" 200 595 "-" "Mozilla/5.0 (compatible; SemrushBot/7~bl; +http://www.semrush.com/bot.html)"
85.208.96.211 - - [21/Dec/2025:04:30:15 -0300] "GET /?l=1403894010g76 HTTP/1.1" 200 595 "-" "Mozilla/5.0 (compatible; SemrushBot/7~bl; +http://www.semrush.com/bot.html)"
85.208.96.198 - - [21/Dec/2025:04:36:25 -0300] "GET /?l=14070448bf0gj HTTP/1.1" 200 595 "-" "Mozilla/5.0 (compatible; SemrushBot/7~bl; +http://www.semrush.com/bot.html)"
85.208.96.193 - - [21/Dec/2025:04:38:02 -0300] "GET /?l=1505116182g5f HTTP/1.1" 200 595 "-" "Mozilla/5.0 (compatible; SemrushBot/7~bl; +http://www.semrush.com/bot.html)"
85.208.96.202 - - [21/Dec/2025:04:22:19 -0300] "GET /?l=48290131gaf6a HTTP/1.1" 200 595 "-" "Mozilla/5.0 (compatible; SemrushBot/7~bl; +http://www.semrush.com/bot.html)"
85.208.96.201 - - [21/Dec/2025:04:28:53 -0300] "GET /?l=3806173664ca7 HTTP/1.1" 200 595 "-" "Mozilla/5.0 (compatible; SemrushBot/7~bl; +http://www.semrush.com/bot.html)"
2a14:7c1::2 - - [21/Dec/2025:04:33:07 -0300] "GET / HTTP/2" 200 472 "-" "Mozilla/5.0 (Windows NT 10.0; Win64; x64) AppleWebKit/537.36 (KHTML, like Gecko) Chrome/134.0.0.0 Safari/537.3"
185.191.171.14 - - [21/Dec/2025:04:36:09 -0300] "GET /?l=4377398cbcdha HTTP/1.1" 200 595 "-" "Mozilla/5.0 (compatible; SemrushBot/7~bl; +http://www.semrush.com/bot.html)"
185.191.171.8 - - [21/Dec/2025:04:38:47 -0300] "GET /?l=1491206j2j5ag HTTP/1.1" 200 595 "-" "Mozilla/5.0 (compatible; SemrushBot/7~bl; +http://www.semrush.com/bot.html)"
185.191.171.14 - - [21/Dec/2025:04:39:09 -0300] "GET /?l=47393226ebi83 HTTP/1.1" 200 595 "-" "Mozilla/5.0 (compatible; SemrushBot/7~bl; +http://www.semrush.com/bot.html)"
185.191.171.7 - - [21/Dec/2025:04:42:04 -0300] "GET /?l=1028584bi673b HTTP/1.1" 200 595 "-" "Mozilla/5.0 (compatible; SemrushBot/7~bl; +http://www.semrush.com/bot.html)"
185.191.171.14 - - [21/Dec/2025:04:21:11 -0300] "GET /?l=3149398293120 HTTP/1.1" 200 595 "-" "Mozilla/5.0 (compatible; SemrushBot/7~bl; +http://www.semrush.com/bot.html)"
185.191.171.13 - - [21/Dec/2025:04:22:08 -0300] "GET /?l=244004c603dh HTTP/1.1" 200 595 "-" "Mozilla/5.0 (compatible; SemrushBot/7~bl; +http://www.semrush.com/bot.html)"
185.191.171.9 - - [21/Dec/2025:04:32:55 -0300] "GET /robots.txt HTTP/1.1" 404 1251 "-" "Mozilla/5.0 (compatible; SemrushBot/7~bl; +http://www.semrush.com/bot.html)"
185.191.171.10 - - [21/Dec/2025:04:32:56 -0300] "GET /?l=857285881hde HTTP/1.1" 200 595 "-" "Mozilla/5.0 (compatible; SemrushBot/7~bl; +http://www.semrush.com/bot.html)"
85.208.96.197 - - [21/Dec/2025:04:34:27 -0300] "GET /?l=376290ai80h4 HTTP/1.1" 200 595 "-" "Mozilla/5.0 (compatible; SemrushBot/7~bl; +http://www.semrush.com/bot.html)"
185.191.171.1 - - [21/Dec/2025:04:40:13 -0300] "GET /?l=35702439cda81 HTTP/1.1" 200 595 "-" "Mozilla/5.0 (compatible; SemrushBot/7~bl; +http://www.semrush.com/bot.html)"
85.208.96.207 - - [21/Dec/2025:04:43:49 -0300] "GET /?l=4121954gg7569 HTTP/1.1" 200 595 "-" "Mozilla/5.0 (compatible; SemrushBot/7~bl; +http://www.semrush.com/bot.html)"
85.208.96.206 - - [21/Dec/2025:04:43:22 -0300] "GET /?l=576126f3e0g0 HTTP/1.1" 200 595 "-" "Mozilla/5.0 (compatible; SemrushBot/7~bl; +http://www.semrush.com/bot.html)"
165.22.158.185 - - [21/Dec/2025:04:44:31 -0300] "GET / HTTP/1.1" 200 595 "-" "Mozilla/5.0 (X11; Linux x86_64) AppleWebKit/537.36 (KHTML, like Gecko) Chrome/55.0.2883.87 Safari/537.36"
185.191.171.9 - - [21/Dec/2025:04:45:12 -0300] "GET /?l=2944265f4j52i HTTP/1.1" 200 595 "-" "Mozilla/5.0 (compatible; SemrushBot/7~bl; +http://www.semrush.com/bot.html)"
66.249.70.136 - - [21/Dec/2025:05:01:05 -0300] "GET /?l=46948351hg2ca HTTP/1.1" 200 469 "-" "Mozilla/5.0 (Linux; Android 6.0.1; Nexus 5X Build/MMB29P) AppleWebKit/537.36 (KHTML, like Gecko) Chrome/141.0.7390.122 Mobile Safari/537.36 (compatible; GoogleOther)"
66.249.70.136 - - [21/Dec/2025:04:46:16 -0300] "GET /?r=95384324286170 HTTP/1.1" 200 469 "-" "Mozilla/5.0 (Linux; Android 6.0.1; Nexus 5X Build/MMB29P) AppleWebKit/537.36 (KHTML, like Gecko) Chrome/141.0.7390.122 Mobile Safari/537.36 (compatible; Googlebot/2.1; +http://www.google.com/bot.html)"
85.208.96.198 - - [21/Dec/2025:04:58:41 -0300] "GET /?l=9041370e30af HTTP/1.1" 200 595 "-" "Mozilla/5.0 (compatible; SemrushBot/7~bl; +http://www.semrush.com/bot.html)"
185.191.171.16 - - [21/Dec/2025:04:58:54 -0300] "GET /?l=4617365f3025d HTTP/1.1" 200 595 "-" "Mozilla/5.0 (compatible; SemrushBot/7~bl; +http://www.semrush.com/bot.html)"
185.191.171.5 - - [21/Dec/2025:04:59:28 -0300] "GET /?l=666475b1g2ib HTTP/1.1" 200 595 "-" "Mozilla/5.0 (compatible; SemrushBot/7~bl; +http://www.semrush.com/bot.html)"
66.249.70.136 - - [21/Dec/2025:05:01:19 -0300] "GET /_autoindex/assets/js/tablesort.number.js HTTP/1.1" 200 322 "https://alicehelenar.com.br/?l=46948351hg2ca" "Mozilla/5.0 (Linux; Android 6.0.1; Nexus 5X Build/MMB29P) AppleWebKit/537.36 (KHTML, like Gecko) Chrome/141.0.7390.122 Mobile Safari/537.36 (compatible; Googlebot/2.1; +http://www.google.com/bot.html)"
85.208.96.205 - - [21/Dec/2025:04:48:23 -0300] "GET /?l=422785g9dc8c HTTP/1.1" 200 595 "-" "Mozilla/5.0 (compatible; SemrushBot/7~bl; +http://www.semrush.com/bot.html)"
185.191.171.10 - - [21/Dec/2025:04:50:13 -0300] "GET /?l=3142785a1cc28 HTTP/1.1" 200 595 "-" "Mozilla/5.0 (compatible; SemrushBot/7~bl; +http://www.semrush.com/bot.html)"
85.208.96.209 - - [21/Dec/2025:04:52:31 -0300] "GET /?l=3190106jc6529 HTTP/1.1" 200 595 "-" "Mozilla/5.0 (compatible; SemrushBot/7~bl; +http://www.semrush.com/bot.html)"
66.249.70.136 - - [21/Dec/2025:05:01:10 -0300] "GET /_autoindex/assets/js/tablesort.js HTTP/1.1" 200 2137 "https://alicehelenar.com.br/?l=46948351hg2ca" "Mozilla/5.0 (Linux; Android 6.0.1; Nexus 5X Build/MMB29P) AppleWebKit/537.36 (KHTML, like Gecko) Chrome/141.0.7390.122 Mobile Safari/537.36 (compatible; Googlebot/2.1; +http://www.google.com/bot.html)"
66.249.70.137 - - [21/Dec/2025:05:01:14 -0300] "GET /_autoindex/assets/css/autoindex.css HTTP/1.1" 200 1170 "https://alicehelenar.com.br/?l=46948351hg2ca" "Mozilla/5.0 (Linux; Android 6.0.1; Nexus 5X Build/MMB29P) AppleWebKit/537.36 (KHTML, like Gecko) Chrome/141.0.7390.122 Mobile Safari/537.36 (compatible; Googlebot/2.1; +http://www.google.com/bot.html)"
185.191.171.15 - - [21/Dec/2025:05:04:04 -0300] "GET /?l=42954876h51hg HTTP/1.1" 200 595 "-" "Mozilla/5.0 (compatible; SemrushBot/7~bl; +http://www.semrush.com/bot.html)"
185.191.171.12 - - [21/Dec/2025:05:07:25 -0300] "GET /?l=4662303gji19i HTTP/1.1" 200 595 "-" "Mozilla/5.0 (compatible; SemrushBot/7~bl; +http://www.semrush.com/bot.html)"
185.191.171.13 - - [21/Dec/2025:05:07:51 -0300] "GET /?l=1549049bb0j41 HTTP/1.1" 200 595 "-" "Mozilla/5.0 (compatible; SemrushBot/7~bl; +http://www.semrush.com/bot.html)"
185.191.171.13 - - [21/Dec/2025:05:07:54 -0300] "GET /?l=17355421f3eaj HTTP/1.1" 200 595 "-" "Mozilla/5.0 (compatible; SemrushBot/7~bl; +http://www.semrush.com/bot.html)"
85.208.96.196 - - [21/Dec/2025:05:08:35 -0300] "GET /?l=209048h8ci1j HTTP/1.1" 200 595 "-" "Mozilla/5.0 (compatible; SemrushBot/7~bl; +http://www.semrush.com/bot.html)"
185.191.171.10 - - [21/Dec/2025:05:03:27 -0300] "GET /?l=13748442285g5 HTTP/1.1" 200 595 "-" "Mozilla/5.0 (compatible; SemrushBot/7~bl; +http://www.semrush.com/bot.html)"
85.208.96.201 - - [21/Dec/2025:05:03:44 -0300] "GET /?l=2574978e9c6fi HTTP/1.1" 200 595 "-" "Mozilla/5.0 (compatible; SemrushBot/7~bl; +http://www.semrush.com/bot.html)"
85.208.96.210 - - [21/Dec/2025:05:02:45 -0300] "GET /?l=1822175h7bai1 HTTP/1.1" 200 595 "-" "Mozilla/5.0 (compatible; SemrushBot/7~bl; +http://www.semrush.com/bot.html)"
185.191.171.9 - - [21/Dec/2025:05:04:47 -0300] "GET /?l=1385210f98c6h HTTP/1.1" 200 595 "-" "Mozilla/5.0 (compatible; SemrushBot/7~bl; +http://www.semrush.com/bot.html)"
185.191.171.15 - - [21/Dec/2025:05:06:07 -0300] "GET /?l=3212677af36bc HTTP/1.1" 200 595 "-" "Mozilla/5.0 (compatible; SemrushBot/7~bl; +http://www.semrush.com/bot.html)"
185.191.171.6 - - [21/Dec/2025:05:07:32 -0300] "GET /?l=24814723142g0 HTTP/1.1" 200 595 "-" "Mozilla/5.0 (compatible; SemrushBot/7~bl; +http://www.semrush.com/bot.html)"
66.249.70.138 - - [21/Dec/2025:05:07:43 -0300] "GET /content.php?s=99074308939018 HTTP/1.1" 404 1251 "-" "Mozilla/5.0 (Linux; Android 6.0.1; Nexus 5X Build/MMB29P) AppleWebKit/537.36 (KHTML, like Gecko) Chrome/141.0.7390.122 Mobile Safari/537.36 (compatible; Googlebot/2.1; +http://www.google.com/bot.html)"
51.210.183.228 - - [21/Dec/2025:05:17:32 -0300] "POST /wp-login.php HTTP/1.1" 404 1251 "-" "Mozilla/5.0 (Windows NT 10.0; Win64; x64; rv:89.0) Gecko/20100101 Firefox/89.0"
185.191.171.12 - - [21/Dec/2025:05:11:27 -0300] "GET /?l=4413244h092ii HTTP/1.1" 200 595 "-" "Mozilla/5.0 (compatible; SemrushBot/7~bl; +http://www.semrush.com/bot.html)"
85.208.96.210 - - [21/Dec/2025:05:23:11 -0300] "GET /?l=2694237i096i7 HTTP/1.1" 200 595 "-" "Mozilla/5.0 (compatible; SemrushBot/7~bl; +http://www.semrush.com/bot.html)"
85.208.96.210 - - [21/Dec/2025:05:23:36 -0300] "GET /?l=2611228jgi2gh HTTP/1.1" 200 595 "-" "Mozilla/5.0 (compatible; SemrushBot/7~bl; +http://www.semrush.com/bot.html)"
66.249.70.136 - - [21/Dec/2025:05:22:59 -0300] "GET /content.php?s=30585455394582 HTTP/1.1" 404 1251 "-" "Mozilla/5.0 (Linux; Android 6.0.1; Nexus 5X Build/MMB29P) AppleWebKit/537.36 (KHTML, like Gecko) Chrome/141.0.7390.122 Mobile Safari/537.36 (compatible; Googlebot/2.1; +http://www.google.com/bot.html)"
85.208.96.193 - - [21/Dec/2025:05:21:40 -0300] "GET /?l=17500256d44eh HTTP/1.1" 200 595 "-" "Mozilla/5.0 (compatible; SemrushBot/7~bl; +http://www.semrush.com/bot.html)"
185.191.171.19 - - [21/Dec/2025:05:26:11 -0300] "GET /?l=155692692g6ej HTTP/1.1" 200 595 "-" "Mozilla/5.0 (compatible; SemrushBot/7~bl; +http://www.semrush.com/bot.html)"
185.191.171.19 - - [21/Dec/2025:05:26:25 -0300] "GET /?l=3830588841jji HTTP/1.1" 200 595 "-" "Mozilla/5.0 (compatible; SemrushBot/7~bl; +http://www.semrush.com/bot.html)"
85.208.96.207 - - [21/Dec/2025:05:36:50 -0300] "GET /?l=3095363jeg711 HTTP/1.1" 200 595 "-" "Mozilla/5.0 (compatible; SemrushBot/7~bl; +http://www.semrush.com/bot.html)"
85.208.96.209 - - [21/Dec/2025:05:33:55 -0300] "GET /?l=1328043796bc1 HTTP/1.1" 200 595 "-" "Mozilla/5.0 (compatible; SemrushBot/7~bl; +http://www.semrush.com/bot.html)"
185.191.171.5 - - [21/Dec/2025:05:33:45 -0300] "GET /?l=3981757d1b8cb HTTP/1.1" 200 595 "-" "Mozilla/5.0 (compatible; SemrushBot/7~bl; +http://www.semrush.com/bot.html)"
185.191.171.13 - - [21/Dec/2025:05:31:02 -0300] "GET /?l=4177457ge9hh9 HTTP/1.1" 200 595 "-" "Mozilla/5.0 (compatible; SemrushBot/7~bl; +http://www.semrush.com/bot.html)"
185.191.171.5 - - [21/Dec/2025:05:33:44 -0300] "GET /robots.txt HTTP/1.1" 404 1251 "-" "Mozilla/5.0 (compatible; SemrushBot/7~bl; +http://www.semrush.com/bot.html)"
85.208.96.194 - - [21/Dec/2025:05:39:38 -0300] "GET /?l=923915igjge1 HTTP/1.1" 200 595 "-" "Mozilla/5.0 (compatible; SemrushBot/7~bl; +http://www.semrush.com/bot.html)"
185.191.171.10 - - [21/Dec/2025:05:44:45 -0300] "GET /?l=18923i745i7 HTTP/1.1" 200 595 "-" "Mozilla/5.0 (compatible; SemrushBot/7~bl; +http://www.semrush.com/bot.html)"
85.208.96.199 - - [21/Dec/2025:05:53:19 -0300] "GET /?l=32834230ga5b0 HTTP/1.1" 200 595 "-" "Mozilla/5.0 (compatible; SemrushBot/7~bl; +http://www.semrush.com/bot.html)"
66.249.70.136 - - [21/Dec/2025:05:49:55 -0300] "GET /content.php?s=1144158051025 HTTP/1.1" 404 1251 "-" "Mozilla/5.0 (Linux; Android 6.0.1; Nexus 5X Build/MMB29P) AppleWebKit/537.36 (KHTML, like Gecko) Chrome/141.0.7390.122 Mobile Safari/537.36 (compatible; GoogleOther)"
74.7.227.6 - - [21/Dec/2025:05:50:06 -0300] "GET /_autoindex/assets/js/tablesort.number.js HTTP/2" 200 322 "-" "Mozilla/5.0 AppleWebKit/537.36 (KHTML, like Gecko; compatible; GPTBot/1.3; +https://openai.com/gptbot)"
74.7.227.6 - - [21/Dec/2025:05:50:08 -0300] "GET /_autoindex/assets/css/autoindex.css HTTP/2" 200 1170 "-" "Mozilla/5.0 AppleWebKit/537.36 (KHTML, like Gecko; compatible; GPTBot/1.3; +https://openai.com/gptbot)"
66.249.70.136 - - [21/Dec/2025:05:49:44 -0300] "GET /content.php?s=89634516374898 HTTP/1.1" 404 1251 "-" "Mozilla/5.0 (Linux; Android 6.0.1; Nexus 5X Build/MMB29P) AppleWebKit/537.36 (KHTML, like Gecko) Chrome/141.0.7390.122 Mobile Safari/537.36 (compatible; GoogleOther)"
74.7.227.6 - - [21/Dec/2025:05:50:00 -0300] "GET / HTTP/2" 200 472 "-" "Mozilla/5.0 AppleWebKit/537.36 (KHTML, like Gecko; compatible; GPTBot/1.3; +https://openai.com/gptbot)"
74.7.227.6 - - [21/Dec/2025:05:50:03 -0300] "GET /_autoindex/assets/js/tablesort.js HTTP/2" 200 2137 "-" "Mozilla/5.0 AppleWebKit/537.36 (KHTML, like Gecko; compatible; GPTBot/1.3; +https://openai.com/gptbot)"
74.7.227.6 - - [21/Dec/2025:05:50:10 -0300] "GET /?SA HTTP/2" 200 473 "-" "Mozilla/5.0 AppleWebKit/537.36 (KHTML, like Gecko; compatible; GPTBot/1.3; +https://openai.com/gptbot)"
74.7.227.6 - - [21/Dec/2025:05:50:13 -0300] "GET /?MA HTTP/2" 200 474 "-" "Mozilla/5.0 AppleWebKit/537.36 (KHTML, like Gecko; compatible; GPTBot/1.3; +https://openai.com/gptbot)"
74.7.227.6 - - [21/Dec/2025:05:50:14 -0300] "GET /?ND HTTP/2" 200 469 "-" "Mozilla/5.0 AppleWebKit/537.36 (KHTML, like Gecko; compatible; GPTBot/1.3; +https://openai.com/gptbot)"
74.7.227.6 - - [21/Dec/2025:05:50:16 -0300] "GET /?MD HTTP/2" 200 471 "-" "Mozilla/5.0 AppleWebKit/537.36 (KHTML, like Gecko; compatible; GPTBot/1.3; +https://openai.com/gptbot)"
74.7.227.6 - - [21/Dec/2025:05:50:18 -0300] "GET /?SD HTTP/2" 200 471 "-" "Mozilla/5.0 AppleWebKit/537.36 (KHTML, like Gecko; compatible; GPTBot/1.3; +https://openai.com/gptbot)"
74.7.227.6 - - [21/Dec/2025:05:50:19 -0300] "GET /?NA HTTP/2" 200 472 "-" "Mozilla/5.0 AppleWebKit/537.36 (KHTML, like Gecko; compatible; GPTBot/1.3; +https://openai.com/gptbot)"
185.191.171.9 - - [21/Dec/2025:06:04:24 -0300] "GET /?l=3358828a448i9 HTTP/1.1" 200 595 "-" "Mozilla/5.0 (compatible; SemrushBot/7~bl; +http://www.semrush.com/bot.html)"
185.191.171.7 - - [21/Dec/2025:06:07:29 -0300] "GET /?l=164076214g4ei HTTP/1.1" 200 595 "-" "Mozilla/5.0 (compatible; SemrushBot/7~bl; +http://www.semrush.com/bot.html)"
185.191.171.3 - - [21/Dec/2025:06:11:09 -0300] "GET /?l=4879848e3d4ec HTTP/1.1" 200 595 "-" "Mozilla/5.0 (compatible; SemrushBot/7~bl; +http://www.semrush.com/bot.html)"
185.191.171.13 - - [21/Dec/2025:06:13:13 -0300] "GET /?l=3919428e0376c HTTP/1.1" 200 595 "-" "Mozilla/5.0 (compatible; SemrushBot/7~bl; +http://www.semrush.com/bot.html)"
66.249.70.138 - - [21/Dec/2025:06:14:18 -0300] "GET /content.php?s=84525286058870 HTTP/1.1" 404 1251 "-" "Mozilla/5.0 (Linux; Android 6.0.1; Nexus 5X Build/MMB29P) AppleWebKit/537.36 (KHTML, like Gecko) Chrome/141.0.7390.122 Mobile Safari/537.36 (compatible; GoogleOther)"
85.208.96.195 - - [21/Dec/2025:06:16:26 -0300] "GET /?l=8388977j063a HTTP/1.1" 200 595 "-" "Mozilla/5.0 (compatible; SemrushBot/7~bl; +http://www.semrush.com/bot.html)"
85.208.96.195 - - [21/Dec/2025:06:11:54 -0300] "GET /?l=17296585h7g3g HTTP/1.1" 200 595 "-" "Mozilla/5.0 (compatible; SemrushBot/7~bl; +http://www.semrush.com/bot.html)"
185.191.171.3 - - [21/Dec/2025:06:24:18 -0300] "GET /?l=374228839d355 HTTP/1.1" 200 595 "-" "Mozilla/5.0 (compatible; SemrushBot/7~bl; +http://www.semrush.com/bot.html)"
74.125.151.138 - - [21/Dec/2025:06:25:07 -0300] "GET /content.php?s=7093284041809 HTTP/1.1" 404 1251 "-" "Mozilla/5.0 (X11; Linux x86_64) AppleWebKit/537.36 (KHTML, like Gecko) Chrome/141.0.7390.122 Safari/537.36"
85.208.96.193 - - [21/Dec/2025:06:28:54 -0300] "GET /?l=1052514aic645 HTTP/1.1" 200 595 "-" "Mozilla/5.0 (compatible; SemrushBot/7~bl; +http://www.semrush.com/bot.html)"
85.208.96.199 - - [21/Dec/2025:06:35:38 -0300] "GET /?l=2738967aj10f3 HTTP/1.1" 200 595 "-" "Mozilla/5.0 (compatible; SemrushBot/7~bl; +http://www.semrush.com/bot.html)"
185.191.171.7 - - [21/Dec/2025:06:20:22 -0300] "GET /?l=2689367hf11i HTTP/1.1" 200 595 "-" "Mozilla/5.0 (compatible; SemrushBot/7~bl; +http://www.semrush.com/bot.html)"
85.208.96.212 - - [21/Dec/2025:06:24:13 -0300] "GET /?l=2536605i4ei86 HTTP/1.1" 200 595 "-" "Mozilla/5.0 (compatible; SemrushBot/7~bl; +http://www.semrush.com/bot.html)"
85.208.96.206 - - [21/Dec/2025:06:31:36 -0300] "GET /?l=1554669e5jif4 HTTP/1.1" 200 595 "-" "Mozilla/5.0 (compatible; SemrushBot/7~bl; +http://www.semrush.com/bot.html)"
185.191.171.15 - - [21/Dec/2025:06:35:07 -0300] "GET /robots.txt HTTP/1.1" 404 1251 "-" "Mozilla/5.0 (compatible; SemrushBot/7~bl; +http://www.semrush.com/bot.html)"
85.208.96.193 - - [21/Dec/2025:06:35:08 -0300] "GET /?l=43331403h9d8d HTTP/1.1" 200 595 "-" "Mozilla/5.0 (compatible; SemrushBot/7~bl; +http://www.semrush.com/bot.html)"
85.208.96.197 - - [21/Dec/2025:06:47:05 -0300] "GET /?l=724071683a24 HTTP/1.1" 200 595 "-" "Mozilla/5.0 (compatible; SemrushBot/7~bl; +http://www.semrush.com/bot.html)"
3.140.182.19 - - [21/Dec/2025:06:37:09 -0300] "GET / HTTP/1.1" 200 595 "-" "cypex.ai/scanning Mozilla/5.0 (Macintosh; Intel Mac OS X 10_15_7) Chrome/126.0.0.0 Safari/537.36"
185.191.171.15 - - [21/Dec/2025:06:40:31 -0300] "GET /?l=1576963b0jd0e HTTP/1.1" 200 595 "-" "Mozilla/5.0 (compatible; SemrushBot/7~bl; +http://www.semrush.com/bot.html)"
85.208.96.203 - - [21/Dec/2025:06:53:20 -0300] "GET /?l=2994326bidibf HTTP/1.1" 200 595 "-" "Mozilla/5.0 (compatible; SemrushBot/7~bl; +http://www.semrush.com/bot.html)"
85.208.96.204 - - [21/Dec/2025:06:41:04 -0300] "GET /?l=47796744b5ia7 HTTP/1.1" 200 595 "-" "Mozilla/5.0 (compatible; SemrushBot/7~bl; +http://www.semrush.com/bot.html)"
185.191.171.3 - - [21/Dec/2025:06:43:02 -0300] "GET /?l=3777035g4264j HTTP/1.1" 200 595 "-" "Mozilla/5.0 (compatible; SemrushBot/7~bl; +http://www.semrush.com/bot.html)"
85.208.96.198 - - [21/Dec/2025:06:59:11 -0300] "GET /?l=25611815f8i32 HTTP/1.1" 200 595 "-" "Mozilla/5.0 (compatible; SemrushBot/7~bl; +http://www.semrush.com/bot.html)"
185.191.171.11 - - [21/Dec/2025:07:00:49 -0300] "GET /?l=693418jif1h4 HTTP/1.1" 200 595 "-" "Mozilla/5.0 (compatible; SemrushBot/7~bl; +http://www.semrush.com/bot.html)"
185.191.171.13 - - [21/Dec/2025:07:02:06 -0300] "GET /?l=274508bbf6c6 HTTP/1.1" 200 595 "-" "Mozilla/5.0 (compatible; SemrushBot/7~bl; +http://www.semrush.com/bot.html)"
66.249.70.137 - - [21/Dec/2025:07:04:45 -0300] "GET /content.php?s=41412845604856 HTTP/1.1" 404 1251 "-" "Mozilla/5.0 (Linux; Android 6.0.1; Nexus 5X Build/MMB29P) AppleWebKit/537.36 (KHTML, like Gecko) Chrome/141.0.7390.122 Mobile Safari/537.36 (compatible; GoogleOther)"
85.208.96.199 - - [21/Dec/2025:06:56:36 -0300] "GET /?l=8705359g039d HTTP/1.1" 200 595 "-" "Mozilla/5.0 (compatible; SemrushBot/7~bl; +http://www.semrush.com/bot.html)"
185.191.171.6 - - [21/Dec/2025:07:00:51 -0300] "GET /?l=23518347hf1b0 HTTP/1.1" 200 595 "-" "Mozilla/5.0 (compatible; SemrushBot/7~bl; +http://www.semrush.com/bot.html)"
185.191.171.2 - - [21/Dec/2025:07:04:55 -0300] "GET /?l=23231579i99gf HTTP/1.1" 200 595 "-" "Mozilla/5.0 (compatible; SemrushBot/7~bl; +http://www.semrush.com/bot.html)"
66.249.70.137 - - [21/Dec/2025:07:05:59 -0300] "GET /content.php?s=9185111312843 HTTP/1.1" 404 1251 "-" "Mozilla/5.0 (Linux; Android 6.0.1; Nexus 5X Build/MMB29P) AppleWebKit/537.36 (KHTML, like Gecko) Chrome/141.0.7390.122 Mobile Safari/537.36 (compatible; GoogleOther)"
66.249.70.137 - - [21/Dec/2025:07:08:54 -0300] "GET /?l=1788927c1e05d HTTP/1.1" 200 469 "-" "Mozilla/5.0 (Linux; Android 6.0.1; Nexus 5X Build/MMB29P) AppleWebKit/537.36 (KHTML, like Gecko) Chrome/141.0.7390.122 Mobile Safari/537.36 (compatible; GoogleOther)"
85.208.96.201 - - [21/Dec/2025:06:58:01 -0300] "GET /?l=41342817f4198 HTTP/1.1" 200 595 "-" "Mozilla/5.0 (compatible; SemrushBot/7~bl; +http://www.semrush.com/bot.html)"
45.82.78.111 - - [21/Dec/2025:07:00:27 -0300] "GET / HTTP/1.1" 200 595 "-" "Mozilla/5.0 (Windows NT 10.0; Win64; x64) AppleWebKit/537.36 (KHTML, like Gecko) Chrome/138.0.7204.97 Safari/537.36"
85.208.96.208 - - [21/Dec/2025:07:09:15 -0300] "GET /?l=32829596d7978 HTTP/1.1" 200 595 "-" "Mozilla/5.0 (compatible; SemrushBot/7~bl; +http://www.semrush.com/bot.html)"
185.191.171.15 - - [21/Dec/2025:07:10:25 -0300] "GET /?l=1435439i5ba7b HTTP/1.1" 200 595 "-" "Mozilla/5.0 (compatible; SemrushBot/7~bl; +http://www.semrush.com/bot.html)"
66.249.70.137 - - [21/Dec/2025:07:13:10 -0300] "GET /?l=525772360g18 HTTP/1.1" 200 469 "-" "Mozilla/5.0 (Linux; Android 6.0.1; Nexus 5X Build/MMB29P) AppleWebKit/537.36 (KHTML, like Gecko) Chrome/141.0.7390.122 Mobile Safari/537.36 (compatible; GoogleOther)"
85.208.96.201 - - [21/Dec/2025:07:22:24 -0300] "GET /?l=68336051630h HTTP/1.1" 200 595 "-" "Mozilla/5.0 (compatible; SemrushBot/7~bl; +http://www.semrush.com/bot.html)"
74.7.175.171 - - [21/Dec/2025:07:18:13 -0300] "GET /robots.txt HTTP/2" 404 1251 "-" "Mozilla/5.0 (Macintosh; Intel Mac OS X 10_15_7) AppleWebKit/537.36 (KHTML, like Gecko) Chrome/131.0.0.0 Safari/537.36; compatible; OAI-SearchBot/1.3; robots.txt; +https://openai.com/searchbot"
185.191.171.17 - - [21/Dec/2025:07:23:10 -0300] "GET /?l=3487287h1c4gi HTTP/1.1" 200 595 "-" "Mozilla/5.0 (compatible; SemrushBot/7~bl; +http://www.semrush.com/bot.html)"
54.160.165.250 - - [21/Dec/2025:07:15:52 -0300] "GET / HTTP/1.1" 200 595 "-" "Mozilla/5.0 (Linux; Android 11; LM-V510N) AppleWebKit/537.36 (KHTML, like Gecko) Chrome/101.0.4951.41 Mobile Safari/537.36 EdgA/101.0.1210.32"
185.191.171.1 - - [21/Dec/2025:07:16:30 -0300] "GET /?l=6838426075a0 HTTP/1.1" 200 595 "-" "Mozilla/5.0 (compatible; SemrushBot/7~bl; +http://www.semrush.com/bot.html)"
85.208.96.202 - - [21/Dec/2025:07:17:38 -0300] "GET /?l=3087780g1a72c HTTP/1.1" 200 595 "-" "Mozilla/5.0 (compatible; SemrushBot/7~bl; +http://www.semrush.com/bot.html)"
185.191.171.8 - - [21/Dec/2025:07:21:39 -0300] "GET /?l=44901417c140a HTTP/1.1" 200 595 "-" "Mozilla/5.0 (compatible; SemrushBot/7~bl; +http://www.semrush.com/bot.html)"
85.208.96.204 - - [21/Dec/2025:07:39:35 -0300] "GET /robots.txt HTTP/1.1" 404 1251 "-" "Mozilla/5.0 (compatible; SemrushBot/7~bl; +http://www.semrush.com/bot.html)"
85.208.96.211 - - [21/Dec/2025:07:30:24 -0300] "GET /?l=37889376416ci HTTP/1.1" 200 595 "-" "Mozilla/5.0 (compatible; SemrushBot/7~bl; +http://www.semrush.com/bot.html)"
85.208.96.196 - - [21/Dec/2025:07:31:55 -0300] "GET /?l=2849384b596ia HTTP/1.1" 200 595 "-" "Mozilla/5.0 (compatible; SemrushBot/7~bl; +http://www.semrush.com/bot.html)"
85.208.96.208 - - [21/Dec/2025:07:39:36 -0300] "GET /?l=40791760b4ccg HTTP/1.1" 200 595 "-" "Mozilla/5.0 (compatible; SemrushBot/7~bl; +http://www.semrush.com/bot.html)"
185.191.171.16 - - [21/Dec/2025:07:39:38 -0300] "GET /?l=45066201gjj4e HTTP/1.1" 200 595 "-" "Mozilla/5.0 (compatible; SemrushBot/7~bl; +http://www.semrush.com/bot.html)"
85.208.96.208 - - [21/Dec/2025:07:45:36 -0300] "GET /?l=1757835jc7g95 HTTP/1.1" 200 595 "-" "Mozilla/5.0 (compatible; SemrushBot/7~bl; +http://www.semrush.com/bot.html)"
185.191.171.6 - - [21/Dec/2025:07:45:50 -0300] "GET /?l=27964324350df HTTP/1.1" 200 595 "-" "Mozilla/5.0 (compatible; SemrushBot/7~bl; +http://www.semrush.com/bot.html)"
85.208.96.194 - - [21/Dec/2025:07:45:05 -0300] "GET /?l=11466446j5gb6 HTTP/1.1" 200 595 "-" "Mozilla/5.0 (compatible; SemrushBot/7~bl; +http://www.semrush.com/bot.html)"
185.191.171.5 - - [21/Dec/2025:07:59:23 -0300] "GET /?l=871700fhj77i HTTP/1.1" 200 595 "-" "Mozilla/5.0 (compatible; SemrushBot/7~bl; +http://www.semrush.com/bot.html)"
185.191.171.17 - - [21/Dec/2025:08:08:35 -0300] "GET /?l=1672142dhaj72 HTTP/1.1" 200 595 "-" "Mozilla/5.0 (compatible; SemrushBot/7~bl; +http://www.semrush.com/bot.html)"
74.7.243.243 - - [21/Dec/2025:07:52:25 -0300] "GET /_autoindex/assets/css/autoindex.css HTTP/2" 200 1170 "-" "Mozilla/5.0 AppleWebKit/537.36 (KHTML, like Gecko; compatible; GPTBot/1.3; +https://openai.com/gptbot)"
74.7.243.243 - - [21/Dec/2025:07:52:28 -0300] "GET /_autoindex/assets/js/tablesort.number.js HTTP/2" 200 322 "-" "Mozilla/5.0 AppleWebKit/537.36 (KHTML, like Gecko; compatible; GPTBot/1.3; +https://openai.com/gptbot)"
74.7.243.243 - - [21/Dec/2025:07:52:30 -0300] "GET /_autoindex/assets/js/tablesort.js HTTP/2" 200 2137 "-" "Mozilla/5.0 AppleWebKit/537.36 (KHTML, like Gecko; compatible; GPTBot/1.3; +https://openai.com/gptbot)"
185.191.171.8 - - [21/Dec/2025:08:01:57 -0300] "GET /?l=766893dggfd1 HTTP/1.1" 200 595 "-" "Mozilla/5.0 (compatible; SemrushBot/7~bl; +http://www.semrush.com/bot.html)"
85.208.96.203 - - [21/Dec/2025:08:04:53 -0300] "GET /?l=4083544ii3h92 HTTP/1.1" 200 595 "-" "Mozilla/5.0 (compatible; SemrushBot/7~bl; +http://www.semrush.com/bot.html)"
185.191.171.1 - - [21/Dec/2025:08:05:22 -0300] "GET /?l=48468g0908e HTTP/1.1" 200 595 "-" "Mozilla/5.0 (compatible; SemrushBot/7~bl; +http://www.semrush.com/bot.html)"
74.7.243.243 - - [21/Dec/2025:07:52:19 -0300] "GET / HTTP/2" 200 471 "-" "Mozilla/5.0 AppleWebKit/537.36 (KHTML, like Gecko; compatible; GPTBot/1.3; +https://openai.com/gptbot)"
74.7.243.243 - - [21/Dec/2025:07:52:22 -0300] "GET /?MA HTTP/2" 200 474 "-" "Mozilla/5.0 AppleWebKit/537.36 (KHTML, like Gecko; compatible; GPTBot/1.3; +https://openai.com/gptbot)"
74.7.243.243 - - [21/Dec/2025:07:52:32 -0300] "GET /?SA HTTP/2" 200 473 "-" "Mozilla/5.0 AppleWebKit/537.36 (KHTML, like Gecko; compatible; GPTBot/1.3; +https://openai.com/gptbot)"
74.7.243.243 - - [21/Dec/2025:07:52:34 -0300] "GET /?ND HTTP/2" 200 469 "-" "Mozilla/5.0 AppleWebKit/537.36 (KHTML, like Gecko; compatible; GPTBot/1.3; +https://openai.com/gptbot)"
