66.249.70.136 - - [21/Dec/2025:14:35:03 -0300] "GET /content.php?s=7694277699281 HTTP/1.1" 404 1251 "-" "Mozilla/5.0 (Linux; Android 6.0.1; Nexus 5X Build/MMB29P) AppleWebKit/537.36 (KHTML, like Gecko) Chrome/141.0.7390.122 Mobile Safari/537.36 (compatible; GoogleOther)"
51.89.39.44 - - [21/Dec/2025:14:36:45 -0300] "GET /?ts=wixsso HTTP/2" 200 1371 "-" "Mozilla/5.0 (Windows NT 10.0; Win64; x64) AppleWebKit/537.36 (KHTML, like Gecko) Chrome/127.0.0.0 Safari/537.36"
45.61.96.46 - - [21/Dec/2025:14:43:15 -0300] "GET /comment.php?1279-link185 HTTP/1.1" 404 1251 "-" "Mozilla/5.0 (compatible; Yahoo! Slurp; http://help.yahoo.com/help/us/ysearch/slurp)"
92.113.3.93 - - [21/Dec/2025:14:43:16 -0300] "GET /content.php?1303-link185 HTTP/1.1" 404 1251 "-" "Mozilla/5.0+(compatible;+Googlebot/2.1;++http://www.google.com/bot.html)"
2602:80d:1000::1e - - [21/Dec/2025:14:45:18 -0300] "GET /favicon.ico HTTP/2" 404 1251 "-" "Mozilla/5.0 (compatible; CensysInspect/1.1; +https://about.censys.io/)"
54.39.210.90 - - [21/Dec/2025:14:48:15 -0300] "GET /?SA HTTP/2" 200 570 "-" "Mozilla/5.0 (compatible; AhrefsBot/7.0; +http://ahrefs.com/robot/)"
185.191.171.15 - - [21/Dec/2025:14:53:03 -0300] "GET /robots.txt HTTP/1.1" 404 1251 "-" "Mozilla/5.0 (compatible; SemrushBot/7~bl; +http://www.semrush.com/bot.html)"
65.87.7.112 - - [21/Dec/2025:14:30:36 -0300] "HEAD / HTTP/2" 200 0 "-" "Mozilla/5.0 (compatible; Let's Encrypt validation server; +https://www.letsencrypt.org)"
23.27.75.236 - - [21/Dec/2025:14:33:16 -0300] "GET /comment.php?1279-link185 HTTP/1.1" 404 1251 "-" "Mozilla/5.0 (compatible; Yahoo! Slurp; http://help.yahoo.com/help/us/ysearch/slurp)"
206.168.34.46 - - [21/Dec/2025:14:45:16 -0300] "GET / HTTP/2" 200 571 "-" "Mozilla/5.0 (compatible; CensysInspect/1.1; +https://about.censys.io/)"
206.168.34.46 - - [21/Dec/2025:14:45:31 -0300] "GET / HTTP/2" 200 571 "-" "Mozilla/5.0 (compatible; CensysInspect/1.1; +https://about.censys.io/)"
51.68.235.38 - - [21/Dec/2025:14:57:42 -0300] "GET /robots.txt HTTP/1.1" 404 1251 "-" "Mozilla/5.0 (compatible; MJ12bot/v1.4.8; http://mj12bot.com/)"
51.68.235.38 - - [21/Dec/2025:14:57:44 -0300] "GET /?MA HTTP/1.1" 200 569 "-" "Mozilla/5.0 (compatible; MJ12bot/v1.4.8; http://mj12bot.com/)"
51.68.235.38 - - [21/Dec/2025:14:57:45 -0300] "GET /?ND HTTP/1.1" 200 567 "-" "Mozilla/5.0 (compatible; MJ12bot/v1.4.8; http://mj12bot.com/)"
51.68.235.38 - - [21/Dec/2025:14:57:47 -0300] "GET /?SA HTTP/1.1" 200 570 "-" "Mozilla/5.0 (compatible; MJ12bot/v1.4.8; http://mj12bot.com/)"
51.68.235.38 - - [21/Dec/2025:14:57:49 -0300] "GET /bf.php HTTP/1.1" 200 2691 "-" "Mozilla/5.0 (compatible; MJ12bot/v1.4.8; http://mj12bot.com/)"
65.87.7.112 - - [21/Dec/2025:14:30:35 -0300] "HEAD / HTTP/2" 200 0 "-" "Mozilla/5.0 (compatible; Let's Encrypt validation server; +https://www.letsencrypt.org)"
66.249.70.137 - - [21/Dec/2025:14:35:15 -0300] "GET /content.php?s=2345277568751 HTTP/1.1" 404 1251 "-" "Mozilla/5.0 (Linux; Android 6.0.1; Nexus 5X Build/MMB29P) AppleWebKit/537.36 (KHTML, like Gecko) Chrome/141.0.7390.122 Mobile Safari/537.36 (compatible; GoogleOther)"
185.191.171.18 - - [21/Dec/2025:14:53:05 -0300] "GET /?l=33142479561ea HTTP/1.1" 200 702 "-" "Mozilla/5.0 (compatible; SemrushBot/7~bl; +http://www.semrush.com/bot.html)"
74.7.175.171 - - [21/Dec/2025:14:58:16 -0300] "GET /robots.txt HTTP/2" 404 1251 "-" "Mozilla/5.0 (Macintosh; Intel Mac OS X 10_15_7) AppleWebKit/537.36 (KHTML, like Gecko) Chrome/131.0.0.0 Safari/537.36; compatible; OAI-SearchBot/1.3; robots.txt; +https://openai.com/searchbot"
66.249.70.138 - - [21/Dec/2025:15:02:55 -0300] "GET /content.php?s=37893019790130 HTTP/1.1" 404 1251 "-" "Mozilla/5.0 (Linux; Android 6.0.1; Nexus 5X Build/MMB29P) AppleWebKit/537.36 (KHTML, like Gecko) Chrome/141.0.7390.122 Mobile Safari/537.36 (compatible; GoogleOther)"
85.208.96.207 - - [21/Dec/2025:15:05:21 -0300] "GET /?l=822039b07a2b HTTP/1.1" 200 702 "-" "Mozilla/5.0 (compatible; SemrushBot/7~bl; +http://www.semrush.com/bot.html)"
146.70.185.32 - - [21/Dec/2025:15:48:09 -0300] "HEAD / HTTP/2" 200 0 "-" "Mozilla/5.0 (Windows NT 10.0; Win64; x64) AppleWebKit/537.36 (KHTML, like Gecko) Chrome/58.0.3029.110 Safari/537.3"
146.70.185.32 - - [21/Dec/2025:15:48:24 -0300] "HEAD / HTTP/2" 200 0 "-" "Mozilla/5.0 (Windows NT 10.0; Win64; x64) AppleWebKit/537.36 (KHTML, like Gecko) Chrome/58.0.3029.110 Safari/537.3"
146.70.185.32 - - [21/Dec/2025:15:48:43 -0300] "GET /_autoindex/assets/js/tablesort.number.js HTTP/2" 200 322 "https://mail.alicehelenar.com.br/" "Mozilla/5.0 (X11; Linux x86_64) AppleWebKit/537.36 (KHTML, like Gecko) HeadlessChrome/143.0.7499.4 Safari/537.36"
107.172.221.38 - - [21/Dec/2025:16:02:09 -0300] "GET /content.php?1303-link185 HTTP/1.1" 404 1251 "https://alicehelenar.com.br/wp-login.php" "Mozilla/5.0+(compatible;+Googlebot/2.1;++http://www.google.com/bot.html)"
45.61.96.46 - - [21/Dec/2025:16:02:12 -0300] "POST /wp-login.php HTTP/1.1" 404 1251 "https://alicehelenar.com.br/wp-login.php" "Yjmy@2025"
46.202.224.134 - - [21/Dec/2025:16:02:13 -0300] "POST /wp-login.php HTTP/1.1" 404 1251 "https://alicehelenar.com.br/wp-login.php" "Yjmy@2025"
85.208.96.212 - - [21/Dec/2025:16:07:59 -0300] "GET /robots.txt HTTP/1.1" 404 1251 "-" "Mozilla/5.0 (compatible; SemrushBot/7~bl; +http://www.semrush.com/bot.html)"
54.39.0.231 - - [21/Dec/2025:16:10:50 -0300] "GET /?NA HTTP/2" 200 569 "-" "Mozilla/5.0 (compatible; AhrefsBot/7.0; +http://ahrefs.com/robot/)"
74.7.175.171 - - [21/Dec/2025:15:27:01 -0300] "GET /robots.txt HTTP/2" 404 1251 "-" "Mozilla/5.0 (Macintosh; Intel Mac OS X 10_15_7) AppleWebKit/537.36 (KHTML, like Gecko) Chrome/131.0.0.0 Safari/537.36; compatible; OAI-SearchBot/1.3; robots.txt; +https://openai.com/searchbot"
3.82.163.255 - - [21/Dec/2025:15:36:46 -0300] "GET / HTTP/2" 200 569 "-" "Mozilla/5.0 (Windows NT 10.0; Win64; x64) AppleWebKit/537.36 (KHTML, like Gecko) Chrome/104.0.0.0 Safari/537.36"
146.70.185.32 - - [21/Dec/2025:15:48:08 -0300] "HEAD / HTTP/1.1" 200 0 "-" "Mozilla/5.0 (Windows NT 10.0; Win64; x64) AppleWebKit/537.36 (KHTML, like Gecko) Chrome/58.0.3029.110 Safari/537.3"
146.70.185.32 - - [21/Dec/2025:15:48:10 -0300] "HEAD / HTTP/2" 200 0 "-" "Mozilla/5.0 (Windows NT 10.0; Win64; x64) AppleWebKit/537.36 (KHTML, like Gecko) Chrome/58.0.3029.110 Safari/537.3"
146.70.185.32 - - [21/Dec/2025:15:48:23 -0300] "HEAD / HTTP/1.1" 200 0 "-" "Mozilla/5.0 (Windows NT 10.0; Win64; x64) AppleWebKit/537.36 (KHTML, like Gecko) Chrome/58.0.3029.110 Safari/537.3"
146.70.185.32 - - [21/Dec/2025:15:48:24 -0300] "HEAD / HTTP/2" 200 0 "-" "Mozilla/5.0 (Windows NT 10.0; Win64; x64) AppleWebKit/537.36 (KHTML, like Gecko) Chrome/58.0.3029.110 Safari/537.3"
146.70.185.32 - - [21/Dec/2025:15:48:43 -0300] "GET /_autoindex/assets/js/tablesort.js HTTP/2" 200 2137 "https://mail.alicehelenar.com.br/" "Mozilla/5.0 (X11; Linux x86_64) AppleWebKit/537.36 (KHTML, like Gecko) HeadlessChrome/143.0.7499.4 Safari/537.36"
107.172.221.125 - - [21/Dec/2025:16:02:07 -0300] "GET /comment.php?1279-link185 HTTP/1.1" 404 1251 "https://alicehelenar.com.br/wp-login.php" "Mozilla/5.0+(compatible;+Googlebot/2.1;++http://www.google.com/bot.html)"
85.208.96.212 - - [21/Dec/2025:15:27:05 -0300] "GET /?l=44795517b1358 HTTP/1.1" 200 702 "-" "Mozilla/5.0 (compatible; SemrushBot/7~bl; +http://www.semrush.com/bot.html)"
85.208.96.206 - - [21/Dec/2025:15:34:58 -0300] "GET /?l=49070337373de HTTP/1.1" 200 702 "-" "Mozilla/5.0 (compatible; SemrushBot/7~bl; +http://www.semrush.com/bot.html)"
44.204.202.238 - - [21/Dec/2025:15:36:46 -0300] "GET / HTTP/2" 200 571 "-" "Mozilla/5.0 (Windows NT 10.0; Win64; x64) AppleWebKit/537.36 (KHTML, like Gecko) Chrome/104.0.0.0 Safari/537.36"
146.70.185.32 - - [21/Dec/2025:15:48:42 -0300] "GET / HTTP/2" 200 571 "-" "Mozilla/5.0 (X11; Linux x86_64) AppleWebKit/537.36 (KHTML, like Gecko) HeadlessChrome/143.0.7499.4 Safari/537.36"
206.206.73.217 - - [21/Dec/2025:16:02:11 -0300] "POST /wp-login.php HTTP/1.1" 404 1251 "https://alicehelenar.com.br/wp-login.php" "Yjmy@2025"
185.191.171.1 - - [21/Dec/2025:16:08:00 -0300] "GET /?l=8835646hh72f HTTP/1.1" 200 702 "-" "Mozilla/5.0 (compatible; SemrushBot/7~bl; +http://www.semrush.com/bot.html)"
66.249.70.137 - - [21/Dec/2025:16:19:04 -0300] "GET /?l=1613518b03e8i HTTP/1.1" 200 569 "-" "Mozilla/5.0 (Linux; Android 6.0.1; Nexus 5X Build/MMB29P) AppleWebKit/537.36 (KHTML, like Gecko) Chrome/141.0.7390.122 Mobile Safari/537.36 (compatible; GoogleOther)"
216.73.216.175 - - [21/Dec/2025:16:28:49 -0300] "GET /robots.txt HTTP/2" 404 1251 "-" "Mozilla/5.0 AppleWebKit/537.36 (KHTML, like Gecko; compatible; ClaudeBot/1.0; +claudebot@anthropic.com)"
216.73.216.175 - - [21/Dec/2025:16:18:23 -0300] "GET / HTTP/2" 200 571 "-" "Mozilla/5.0 AppleWebKit/537.36 (KHTML, like Gecko; compatible; ClaudeBot/1.0; +claudebot@anthropic.com)"
216.73.216.175 - - [21/Dec/2025:16:28:49 -0300] "GET / HTTP/2" 200 571 "-" "Mozilla/5.0 AppleWebKit/537.36 (KHTML, like Gecko; compatible; ClaudeBot/1.0; +claudebot@anthropic.com)"
147.135.212.202 - - [21/Dec/2025:16:16:55 -0300] "GET /robots.txt HTTP/1.1" 404 1251 "-" "Mozilla/5.0 (compatible; MJ12bot/v1.4.8; http://mj12bot.com/)"
147.135.212.202 - - [21/Dec/2025:16:16:58 -0300] "GET /?MD HTTP/1.1" 200 572 "-" "Mozilla/5.0 (compatible; MJ12bot/v1.4.8; http://mj12bot.com/)"
147.135.212.202 - - [21/Dec/2025:16:17:01 -0300] "GET /?NA HTTP/1.1" 200 569 "-" "Mozilla/5.0 (compatible; MJ12bot/v1.4.8; http://mj12bot.com/)"
147.135.212.202 - - [21/Dec/2025:16:17:03 -0300] "GET /?SD HTTP/1.1" 200 571 "-" "Mozilla/5.0 (compatible; MJ12bot/v1.4.8; http://mj12bot.com/)"
147.135.212.202 - - [21/Dec/2025:16:17:05 -0300] "GET /bf.php/bf.php HTTP/1.1" 200 2686 "-" "Mozilla/5.0 (compatible; MJ12bot/v1.4.8; http://mj12bot.com/)"
147.135.212.202 - - [21/Dec/2025:16:17:08 -0300] "GET /bf.php?p=Ahome HTTP/1.1" 200 2454 "-" "Mozilla/5.0 (compatible; MJ12bot/v1.4.8; http://mj12bot.com/)"
147.135.212.202 - - [21/Dec/2025:16:17:10 -0300] "GET /bf.php?p=AhomeAkelarte1 HTTP/1.1" 200 6323 "-" "Mozilla/5.0 (compatible; MJ12bot/v1.4.8; http://mj12bot.com/)"
147.135.212.202 - - [21/Dec/2025:16:17:12 -0300] "GET /bf.php?p=AhomeAkelarte1AalicehelenarIcomIbr HTTP/1.1" 200 2691 "-" "Mozilla/5.0 (compatible; MJ12bot/v1.4.8; http://mj12bot.com/)"
147.135.212.202 - - [21/Dec/2025:16:17:14 -0300] "GET /bf.php?p=AhomeAkelarte1AalicehelenarIcomIbr&edit=bf.php HTTP/1.1" 200 5958 "-" "Mozilla/5.0 (compatible; MJ12bot/v1.4.8; http://mj12bot.com/)"
147.135.212.202 - - [21/Dec/2025:16:17:16 -0300] "GET /bf.php?p=AhomeAkelarte1AalicehelenarIcomIbrAIwell-known HTTP/1.1" 200 2519 "-" "Mozilla/5.0 (compatible; MJ12bot/v1.4.8; http://mj12bot.com/)"
216.73.216.175 - - [21/Dec/2025:16:18:23 -0300] "GET /robots.txt HTTP/2" 404 1251 "-" "Mozilla/5.0 AppleWebKit/537.36 (KHTML, like Gecko; compatible; ClaudeBot/1.0; +claudebot@anthropic.com)"
66.249.70.136 - - [21/Dec/2025:16:57:02 -0300] "GET /?l=469857461hf32 HTTP/1.1" 200 569 "-" "Mozilla/5.0 (Linux; Android 6.0.1; Nexus 5X Build/MMB29P) AppleWebKit/537.36 (KHTML, like Gecko) Chrome/141.0.7390.122 Mobile Safari/537.36 (compatible; GoogleOther)"
66.249.70.136 - - [21/Dec/2025:16:57:08 -0300] "GET /_autoindex/assets/icons/file-text.svg HTTP/1.1" 200 394 "https://alicehelenar.com.br/?l=469857461hf32" "Mozilla/5.0 (Linux; Android 6.0.1; Nexus 5X Build/MMB29P) AppleWebKit/537.36 (KHTML, like Gecko) Chrome/141.0.7390.122 Mobile Safari/537.36 (compatible; Googlebot/2.1; +http://www.google.com/bot.html)"
66.249.70.137 - - [21/Dec/2025:17:08:50 -0300] "GET /content.php?s=7875017568867 HTTP/1.1" 404 1251 "-" "Mozilla/5.0 (Linux; Android 6.0.1; Nexus 5X Build/MMB29P) AppleWebKit/537.36 (KHTML, like Gecko) Chrome/141.0.7390.122 Mobile Safari/537.36 (compatible; GoogleOther)"
66.249.70.137 - - [21/Dec/2025:17:06:44 -0300] "GET /content.php?s=7944338324113 HTTP/1.1" 404 1251 "-" "Mozilla/5.0 (Linux; Android 6.0.1; Nexus 5X Build/MMB29P) AppleWebKit/537.36 (KHTML, like Gecko) Chrome/141.0.7390.122 Mobile Safari/537.36 (compatible; GoogleOther)"
66.249.70.138 - - [21/Dec/2025:17:05:29 -0300] "GET /content.php?s=5496666414135 HTTP/1.1" 404 1251 "-" "Mozilla/5.0 (Linux; Android 6.0.1; Nexus 5X Build/MMB29P) AppleWebKit/537.36 (KHTML, like Gecko) Chrome/141.0.7390.122 Mobile Safari/537.36 (compatible; GoogleOther)"
66.249.70.136 - - [21/Dec/2025:17:17:52 -0300] "GET /content.php?s=1852652224615 HTTP/1.1" 404 1251 "-" "Mozilla/5.0 (Linux; Android 6.0.1; Nexus 5X Build/MMB29P) AppleWebKit/537.36 (KHTML, like Gecko) Chrome/141.0.7390.122 Mobile Safari/537.36 (compatible; GoogleOther)"
54.37.118.79 - - [21/Dec/2025:17:52:21 -0300] "GET /robots.txt HTTP/2" 404 1251 "-" "Mozilla/5.0 (compatible; AhrefsBot/7.0; +http://ahrefs.com/robot/)"
216.73.216.175 - - [21/Dec/2025:18:05:32 -0300] "GET /robots.txt HTTP/2" 404 1251 "-" "Mozilla/5.0 AppleWebKit/537.36 (KHTML, like Gecko; compatible; ClaudeBot/1.0; +claudebot@anthropic.com)"
216.73.216.175 - - [21/Dec/2025:18:10:47 -0300] "GET /_autoindex/assets/js/tablesort.js HTTP/2" 200 2137 "-" "Mozilla/5.0 AppleWebKit/537.36 (KHTML, like Gecko; compatible; ClaudeBot/1.0; +claudebot@anthropic.com)"
85.208.96.205 - - [21/Dec/2025:17:44:01 -0300] "GET /robots.txt HTTP/1.1" 404 1251 "-" "Mozilla/5.0 (compatible; SemrushBot/7~bl; +http://www.semrush.com/bot.html)"
66.249.70.137 - - [21/Dec/2025:17:45:58 -0300] "GET /content.php?s=24962796553072 HTTP/1.1" 404 1251 "-" "Mozilla/5.0 (Linux; Android 6.0.1; Nexus 5X Build/MMB29P) AppleWebKit/537.36 (KHTML, like Gecko) Chrome/141.0.7390.122 Mobile Safari/537.36 (compatible; GoogleOther)"
176.31.139.1 - - [21/Dec/2025:17:52:25 -0300] "GET /?SD HTTP/2" 200 571 "-" "Mozilla/5.0 (compatible; AhrefsBot/7.0; +http://ahrefs.com/robot/)"
216.73.216.175 - - [21/Dec/2025:18:05:33 -0300] "GET /_autoindex/assets/js/tablesort.number.js HTTP/2" 200 322 "-" "Mozilla/5.0 AppleWebKit/537.36 (KHTML, like Gecko; compatible; ClaudeBot/1.0; +claudebot@anthropic.com)"
216.73.216.175 - - [21/Dec/2025:18:07:58 -0300] "GET /_autoindex/assets/css/autoindex.css HTTP/2" 200 1170 "-" "Mozilla/5.0 AppleWebKit/537.36 (KHTML, like Gecko; compatible; ClaudeBot/1.0; +claudebot@anthropic.com)"
216.73.216.175 - - [21/Dec/2025:18:07:57 -0300] "GET /bf.php HTTP/2" 200 2691 "-" "Mozilla/5.0 AppleWebKit/537.36 (KHTML, like Gecko; compatible; ClaudeBot/1.0; +claudebot@anthropic.com)"
216.73.216.175 - - [21/Dec/2025:18:15:36 -0300] "GET /robots.txt HTTP/2" 404 1251 "-" "Mozilla/5.0 AppleWebKit/537.36 (KHTML, like Gecko; compatible; ClaudeBot/1.0; +claudebot@anthropic.com)"
216.73.216.175 - - [21/Dec/2025:18:15:36 -0300] "GET /_autoindex/assets/js/tablesort.js HTTP/2" 200 2137 "-" "Mozilla/5.0 AppleWebKit/537.36 (KHTML, like Gecko; compatible; ClaudeBot/1.0; +claudebot@anthropic.com)"
85.208.96.206 - - [21/Dec/2025:17:44:03 -0300] "GET /?l=2562925df3i6h HTTP/1.1" 200 702 "-" "Mozilla/5.0 (compatible; SemrushBot/7~bl; +http://www.semrush.com/bot.html)"
66.249.70.138 - - [21/Dec/2025:17:44:30 -0300] "GET /content.php?s=5093866236091 HTTP/1.1" 404 1251 "-" "Mozilla/5.0 (Linux; Android 6.0.1; Nexus 5X Build/MMB29P) AppleWebKit/537.36 (KHTML, like Gecko) Chrome/141.0.7390.122 Mobile Safari/537.36 (compatible; Googlebot/2.1; +http://www.google.com/bot.html)"
216.73.216.175 - - [21/Dec/2025:18:12:03 -0300] "GET /_autoindex/assets/icons/file-text.svg HTTP/2" 200 394 "-" "Mozilla/5.0 AppleWebKit/537.36 (KHTML, like Gecko; compatible; ClaudeBot/1.0; +claudebot@anthropic.com)"
65.87.7.112 - - [21/Dec/2025:19:12:46 -0300] "HEAD / HTTP/2" 200 0 "-" "Mozilla/5.0 (compatible; Let's Encrypt validation server; +https://www.letsencrypt.org)"
138.2.67.195 - - [21/Dec/2025:19:13:49 -0300] "GET /wp-admin/ HTTP/2" 404 1251 "https://www.google.com/search?q=wordpress" "Mozilla/5.0 (X11; Ubuntu; Linux x86_64) AppleWebKit/537.36 (KHTML, like Gecko) Chrome/119.0.0.0 Safari/537.36"
66.249.70.137 - - [21/Dec/2025:18:58:45 -0300] "GET /?l=292069796j053 HTTP/1.1" 200 569 "-" "Mozilla/5.0 (Linux; Android 6.0.1; Nexus 5X Build/MMB29P) AppleWebKit/537.36 (KHTML, like Gecko) Chrome/141.0.7390.122 Mobile Safari/537.36 (compatible; GoogleOther)"
104.28.163.39 - - [21/Dec/2025:18:21:48 -0300] "HEAD / HTTP/1.1" 200 0 "https://www.google.com/" "Mozilla/5.0 (Windows NT 10.0; Win64; x64) AppleWebKit/537.36 (KHTML, like Gecko) Chrome/114.0.0.0 Safari/537.36"
104.28.163.39 - - [21/Dec/2025:18:21:50 -0300] "GET /?rest_route=/wp/v2/users HTTP/1.1" 200 702 "https://www.google.com/" "Mozilla/5.0 (Linux; Android 10; Pixel 4) AppleWebKit/537.36 (KHTML, like Gecko) Chrome/91.0.4472.124 Mobile Safari/537.36"
216.73.216.175 - - [21/Dec/2025:18:23:14 -0300] "GET /bf.php HTTP/2" 200 2691 "-" "Mozilla/5.0 AppleWebKit/537.36 (KHTML, like Gecko; compatible; ClaudeBot/1.0; +claudebot@anthropic.com)"
66.249.70.136 - - [21/Dec/2025:19:03:56 -0300] "GET /?l=488067884gh8i HTTP/1.1" 200 569 "-" "Mozilla/5.0 (Linux; Android 6.0.1; Nexus 5X Build/MMB29P) AppleWebKit/537.36 (KHTML, like Gecko) Chrome/141.0.7390.122 Mobile Safari/537.36 (compatible; GoogleOther)"
216.73.216.175 - - [21/Dec/2025:18:17:38 -0300] "GET /_autoindex/assets/css/autoindex.css HTTP/2" 200 1170 "-" "Mozilla/5.0 AppleWebKit/537.36 (KHTML, like Gecko; compatible; ClaudeBot/1.0; +claudebot@anthropic.com)"
216.73.216.175 - - [21/Dec/2025:18:22:21 -0300] "GET /_autoindex/assets/icons/file-text.svg HTTP/2" 200 394 "-" "Mozilla/5.0 AppleWebKit/537.36 (KHTML, like Gecko; compatible; ClaudeBot/1.0; +claudebot@anthropic.com)"
216.73.216.175 - - [21/Dec/2025:18:22:22 -0300] "GET /_autoindex/assets/js/tablesort.number.js HTTP/2" 200 322 "-" "Mozilla/5.0 AppleWebKit/537.36 (KHTML, like Gecko; compatible; ClaudeBot/1.0; +claudebot@anthropic.com)"
66.249.70.137 - - [21/Dec/2025:18:58:36 -0300] "GET /content.php?s=8906040530579 HTTP/1.1" 404 1251 "-" "Mozilla/5.0 (Linux; Android 6.0.1; Nexus 5X Build/MMB29P) AppleWebKit/537.36 (KHTML, like Gecko) Chrome/141.0.7390.122 Mobile Safari/537.36 (compatible; GoogleOther)"
66.249.70.137 - - [21/Dec/2025:18:59:55 -0300] "GET /content.php?s=53832914245730 HTTP/1.1" 404 1251 "-" "Mozilla/5.0 (Linux; Android 6.0.1; Nexus 5X Build/MMB29P) AppleWebKit/537.36 (KHTML, like Gecko) Chrome/141.0.7390.122 Mobile Safari/537.36 (compatible; GoogleOther)"
65.87.7.112 - - [21/Dec/2025:19:12:46 -0300] "HEAD / HTTP/2" 200 0 "-" "Mozilla/5.0 (compatible; Let's Encrypt validation server; +https://www.letsencrypt.org)"
138.2.67.195 - - [21/Dec/2025:19:13:47 -0300] "GET /wp-login.php HTTP/2" 404 1251 "-" "Mozilla/5.0 (Macintosh; Intel Mac OS X 13_6_1) AppleWebKit/537.36 (KHTML, like Gecko) Chrome/118.0.0.0 Safari/537.36"
138.2.67.195 - - [21/Dec/2025:19:13:51 -0300] "GET /wp-admin/ HTTP/2" 404 1251 "https://www.google.com/search?q=wordpress" "Mozilla/5.0 (Macintosh; Intel Mac OS X 13_6_1; rv:121.0) Gecko/20100101 Firefox/121.0"
185.228.195.99 - - [21/Dec/2025:19:34:55 -0300] "POST /xmlrpc.php HTTP/1.1" 404 1251 "-" "Mozilla/5.0 (Windows NT 10.0; WOW64; rv:45.0) Gecko/20100101 Firefox/45.0"
185.228.195.99 - - [21/Dec/2025:19:34:59 -0300] "POST /xmlrpc.php HTTP/1.1" 404 1251 "-" "Mozilla/5.0 (Windows NT 10.0; WOW64; rv:45.0) Gecko/20100101 Firefox/45.0"
216.73.216.175 - - [21/Dec/2025:19:42:43 -0300] "GET /bf.php?edit=bf.php&p=AhomeAkelarte1AalicehelenarIcomIbr HTTP/2" 200 5958 "-" "Mozilla/5.0 AppleWebKit/537.36 (KHTML, like Gecko; compatible; ClaudeBot/1.0; +claudebot@anthropic.com)"
85.208.96.205 - - [21/Dec/2025:19:17:56 -0300] "GET /robots.txt HTTP/1.1" 404 1251 "-" "Mozilla/5.0 (compatible; SemrushBot/7~bl; +http://www.semrush.com/bot.html)"
85.208.96.203 - - [21/Dec/2025:19:17:57 -0300] "GET /?l=41477658f8g55 HTTP/1.1" 200 702 "-" "Mozilla/5.0 (compatible; SemrushBot/7~bl; +http://www.semrush.com/bot.html)"
66.249.70.136 - - [21/Dec/2025:19:20:21 -0300] "GET /content.php?s=28926555521520 HTTP/1.1" 404 1251 "-" "Mozilla/5.0 (Linux; Android 6.0.1; Nexus 5X Build/MMB29P) AppleWebKit/537.36 (KHTML, like Gecko) Chrome/141.0.7390.122 Mobile Safari/537.36 (compatible; GoogleOther)"
51.75.116.205 - - [21/Dec/2025:19:29:40 -0300] "GET /robots.txt HTTP/1.1" 404 1251 "-" "Mozilla/5.0 (compatible; MJ12bot/v1.4.8; http://mj12bot.com/)"
51.75.116.205 - - [21/Dec/2025:19:29:42 -0300] "GET /az%C9%99rbaycan-oyunculari-ucun-pinco-2025-2026-da-%C9%99n-guclu-onlayn-kazino-realligidir/feed/ HTTP/1.1" 404 1251 "-" "Mozilla/5.0 (compatible; MJ12bot/v1.4.8; http://mj12bot.com/)"
51.75.116.205 - - [21/Dec/2025:19:29:44 -0300] "GET /az%C9%99rbaycan-oyunculari-ucun-pinco-2025-2026-da-%C9%99n-guclu-onlayn-kazino-realligidir/ HTTP/1.1" 404 1251 "-" "Mozilla/5.0 (compatible; MJ12bot/v1.4.8; http://mj12bot.com/)"
66.249.70.136 - - [21/Dec/2025:19:36:02 -0300] "GET /content.php?s=5525329735127 HTTP/1.1" 404 1251 "-" "Mozilla/5.0 (Linux; Android 6.0.1; Nexus 5X Build/MMB29P) AppleWebKit/537.36 (KHTML, like Gecko) Chrome/141.0.7390.122 Mobile Safari/537.36 (compatible; GoogleOther)"
216.73.216.175 - - [21/Dec/2025:19:39:33 -0300] "GET /bf.php?p=AhomeAkelarte1AalicehelenarIcomIbrAIwell-known HTTP/2" 200 2521 "-" "Mozilla/5.0 AppleWebKit/537.36 (KHTML, like Gecko; compatible; ClaudeBot/1.0; +claudebot@anthropic.com)"
216.73.216.175 - - [21/Dec/2025:19:45:03 -0300] "GET /bf.php?p=AhomeAkelarte1 HTTP/2" 200 6303 "-" "Mozilla/5.0 AppleWebKit/537.36 (KHTML, like Gecko; compatible; ClaudeBot/1.0; +claudebot@anthropic.com)"
66.249.70.136 - - [21/Dec/2025:19:17:31 -0300] "GET /content.php?s=19436050955750 HTTP/1.1" 404 1251 "-" "Mozilla/5.0 (Linux; Android 6.0.1; Nexus 5X Build/MMB29P) AppleWebKit/537.36 (KHTML, like Gecko) Chrome/141.0.7390.122 Mobile Safari/537.36 (compatible; GoogleOther)"
216.73.216.175 - - [21/Dec/2025:19:39:32 -0300] "GET /robots.txt HTTP/2" 404 1251 "-" "Mozilla/5.0 AppleWebKit/537.36 (KHTML, like Gecko; compatible; ClaudeBot/1.0; +claudebot@anthropic.com)"
216.73.216.175 - - [21/Dec/2025:19:44:03 -0300] "GET /bf.php?p=Ahome HTTP/2" 200 2454 "-" "Mozilla/5.0 AppleWebKit/537.36 (KHTML, like Gecko; compatible; ClaudeBot/1.0; +claudebot@anthropic.com)"
216.73.216.175 - - [21/Dec/2025:19:46:18 -0300] "GET /bf.php?p=AhomeAkelarte1AalicehelenarIcomIbr HTTP/2" 200 2691 "-" "Mozilla/5.0 AppleWebKit/537.36 (KHTML, like Gecko; compatible; ClaudeBot/1.0; +claudebot@anthropic.com)"
216.73.216.175 - - [21/Dec/2025:19:58:26 -0300] "GET /bf.php?p=AhomeAkelarte1AalicehelenarIcomIbr HTTP/2" 200 2691 "-" "Mozilla/5.0 AppleWebKit/537.36 (KHTML, like Gecko; compatible; ClaudeBot/1.0; +claudebot@anthropic.com)"
216.73.216.175 - - [21/Dec/2025:19:58:25 -0300] "GET /robots.txt HTTP/2" 404 1251 "-" "Mozilla/5.0 AppleWebKit/537.36 (KHTML, like Gecko; compatible; ClaudeBot/1.0; +claudebot@anthropic.com)"
216.73.216.175 - - [21/Dec/2025:19:59:55 -0300] "GET /bf.php?p=AhomeAkelarte1AalicehelenarIcomIbrAIwell-known HTTP/2" 200 2521 "-" "Mozilla/5.0 AppleWebKit/537.36 (KHTML, like Gecko; compatible; ClaudeBot/1.0; +claudebot@anthropic.com)"
216.73.216.175 - - [21/Dec/2025:20:04:51 -0300] "GET /bf.php?p=AhomeAkelarte1 HTTP/2" 200 6324 "-" "Mozilla/5.0 AppleWebKit/537.36 (KHTML, like Gecko; compatible; ClaudeBot/1.0; +claudebot@anthropic.com)"
216.73.216.175 - - [21/Dec/2025:20:07:06 -0300] "GET /bf.php?p=Ahome HTTP/2" 200 2454 "-" "Mozilla/5.0 AppleWebKit/537.36 (KHTML, like Gecko; compatible; ClaudeBot/1.0; +claudebot@anthropic.com)"
216.73.216.175 - - [21/Dec/2025:20:08:37 -0300] "GET /bf.php?edit=bf.php&p=AhomeAkelarte1AalicehelenarIcomIbr HTTP/2" 200 5958 "-" "Mozilla/5.0 AppleWebKit/537.36 (KHTML, like Gecko; compatible; ClaudeBot/1.0; +claudebot@anthropic.com)"
66.249.70.138 - - [21/Dec/2025:21:00:50 -0300] "GET /?l=4568236j6bg7h HTTP/1.1" 200 569 "-" "Mozilla/5.0 (Linux; Android 6.0.1; Nexus 5X Build/MMB29P) AppleWebKit/537.36 (KHTML, like Gecko) Chrome/141.0.7390.122 Mobile Safari/537.36 (compatible; GoogleOther)"
185.228.195.99 - - [21/Dec/2025:20:36:11 -0300] "POST /xmlrpc.php HTTP/1.1" 404 1251 "-" "Mozilla/5.0 (Windows NT 10.0; WOW64; rv:45.0) Gecko/20100101 Firefox/45.0"
66.249.70.137 - - [21/Dec/2025:20:56:59 -0300] "GET /?l=47306435dgcfd HTTP/1.1" 200 569 "-" "Mozilla/5.0 (Linux; Android 6.0.1; Nexus 5X Build/MMB29P) AppleWebKit/537.36 (KHTML, like Gecko) Chrome/141.0.7390.122 Mobile Safari/537.36 (compatible; GoogleOther)"
51.75.236.130 - - [21/Dec/2025:20:22:35 -0300] "GET /?MD HTTP/2" 200 572 "-" "Mozilla/5.0 (compatible; AhrefsBot/7.0; +http://ahrefs.com/robot/)"
185.228.195.99 - - [21/Dec/2025:20:36:16 -0300] "POST /xmlrpc.php HTTP/1.1" 404 1251 "-" "Mozilla/5.0 (Windows NT 10.0; WOW64; rv:45.0) Gecko/20100101 Firefox/45.0"
66.249.70.136 - - [21/Dec/2025:20:49:11 -0300] "GET /content.php?s=47695219079656 HTTP/1.1" 404 1251 "-" "Mozilla/5.0 (Linux; Android 6.0.1; Nexus 5X Build/MMB29P) AppleWebKit/537.36 (KHTML, like Gecko) Chrome/141.0.7390.122 Mobile Safari/537.36 (compatible; GoogleOther)"
66.249.70.137 - - [21/Dec/2025:20:49:23 -0300] "GET /content.php?s=2056657624333 HTTP/1.1" 404 1251 "-" "Mozilla/5.0 (Linux; Android 6.0.1; Nexus 5X Build/MMB29P) AppleWebKit/537.36 (KHTML, like Gecko) Chrome/141.0.7390.122 Mobile Safari/537.36 (compatible; GoogleOther)"
133.242.174.119 - - [21/Dec/2025:20:50:59 -0300] "GET /robots.txt HTTP/1.1" 404 1251 "-" "Mozilla/5.0 (Linux; Android 10; K) AppleWebKit/537.36 (KHTML, like Gecko) Chrome/142.0.0.0 Mobile Safari/537.36"
133.242.174.119 - - [21/Dec/2025:20:51:00 -0300] "GET / HTTP/1.1" 200 702 "-" "Mozilla/5.0 (Linux; Android 10; K) AppleWebKit/537.36 (KHTML, like Gecko) Chrome/142.0.0.0 Mobile Safari/537.36"
185.247.137.109 - - [21/Dec/2025:21:35:33 -0300] "GET / HTTP/1.1" 200 702 "-" "Mozilla/5.0 (compatible; InternetMeasurement/1.0; +https://internet-measurement.com/)"
216.73.216.175 - - [21/Dec/2025:21:33:41 -0300] "GET /robots.txt HTTP/2" 404 1251 "-" "Mozilla/5.0 AppleWebKit/537.36 (KHTML, like Gecko; compatible; ClaudeBot/1.0; +claudebot@anthropic.com)"
216.73.216.175 - - [21/Dec/2025:21:33:42 -0300] "GET /bf.php?p=AhomeAkelarte1AalicehelenarIcomIbrAIwell-knownAacme-challenge HTTP/2" 200 2237 "-" "Mozilla/5.0 AppleWebKit/537.36 (KHTML, like Gecko; compatible; ClaudeBot/1.0; +claudebot@anthropic.com)"
66.249.70.136 - - [21/Dec/2025:21:34:40 -0300] "GET /content.php?s=3986313343473 HTTP/1.1" 404 1251 "-" "Mozilla/5.0 (Linux; Android 6.0.1; Nexus 5X Build/MMB29P) AppleWebKit/537.36 (KHTML, like Gecko) Chrome/141.0.7390.122 Mobile Safari/537.36 (compatible; GoogleOther)"
216.73.216.175 - - [21/Dec/2025:21:39:09 -0300] "GET /bf.php?edit=error_log&p=AhomeAkelarte1 HTTP/2" 200 2211 "-" "Mozilla/5.0 AppleWebKit/537.36 (KHTML, like Gecko; compatible; ClaudeBot/1.0; +claudebot@anthropic.com)"
216.73.216.175 - - [21/Dec/2025:21:39:09 -0300] "GET /bf.php/error_log HTTP/2" 200 2694 "-" "Mozilla/5.0 AppleWebKit/537.36 (KHTML, like Gecko; compatible; ClaudeBot/1.0; +claudebot@anthropic.com)"
216.73.216.175 - - [21/Dec/2025:21:39:41 -0300] "GET /bf.php?p=AhomeAkelarte1Apublic_html HTTP/2" 200 4331 "-" "Mozilla/5.0 AppleWebKit/537.36 (KHTML, like Gecko; compatible; ClaudeBot/1.0; +claudebot@anthropic.com)"
216.73.216.175 - - [21/Dec/2025:21:39:41 -0300] "GET /bf.php/.pearrc HTTP/2" 200 2691 "-" "Mozilla/5.0 AppleWebKit/537.36 (KHTML, like Gecko; compatible; ClaudeBot/1.0; +claudebot@anthropic.com)"
216.73.216.175 - - [21/Dec/2025:21:39:42 -0300] "GET /bf.php/.bashrc HTTP/2" 200 2691 "-" "Mozilla/5.0 AppleWebKit/537.36 (KHTML, like Gecko; compatible; ClaudeBot/1.0; +claudebot@anthropic.com)"
216.73.216.175 - - [21/Dec/2025:21:40:48 -0300] "GET /bf.php?p=AhomeAkelarte1Awordpress-backups HTTP/2" 200 2197 "-" "Mozilla/5.0 AppleWebKit/537.36 (KHTML, like Gecko; compatible; ClaudeBot/1.0; +claudebot@anthropic.com)"
216.73.216.175 - - [21/Dec/2025:21:40:48 -0300] "GET /bf.php/.wget-hsts HTTP/2" 200 2695 "-" "Mozilla/5.0 AppleWebKit/537.36 (KHTML, like Gecko; compatible; ClaudeBot/1.0; +claudebot@anthropic.com)"
216.73.216.175 - - [21/Dec/2025:21:40:48 -0300] "GET /bf.php?edit=.lsphp_restart.txt&p=AhomeAkelarte1 HTTP/2" 200 1942 "-" "Mozilla/5.0 AppleWebKit/537.36 (KHTML, like Gecko; compatible; ClaudeBot/1.0; +claudebot@anthropic.com)"
216.73.216.175 - - [21/Dec/2025:21:40:49 -0300] "GET /bf.php?p=AhomeAkelarte1AIwp-toolkit HTTP/2" 200 2189 "-" "Mozilla/5.0 AppleWebKit/537.36 (KHTML, like Gecko; compatible; ClaudeBot/1.0; +claudebot@anthropic.com)"
216.73.216.175 - - [21/Dec/2025:21:41:07 -0300] "GET /bf.php?edit=.imunify_patch_id&p=AhomeAkelarte1 HTTP/2" 200 2011 "-" "Mozilla/5.0 AppleWebKit/537.36 (KHTML, like Gecko; compatible; ClaudeBot/1.0; +claudebot@anthropic.com)"
216.73.216.175 - - [21/Dec/2025:21:41:07 -0300] "GET /bf.php?p=AhomeAkelarte1Aaccess-logs HTTP/2" 200 4812 "-" "Mozilla/5.0 AppleWebKit/537.36 (KHTML, like Gecko; compatible; ClaudeBot/1.0; +claudebot@anthropic.com)"
216.73.216.175 - - [21/Dec/2025:21:41:08 -0300] "GET /bf.php?p=AhomeAkelarte1AImc_sessions HTTP/2" 200 2540 "-" "Mozilla/5.0 AppleWebKit/537.36 (KHTML, like Gecko; compatible; ClaudeBot/1.0; +claudebot@anthropic.com)"
216.73.216.175 - - [21/Dec/2025:21:41:08 -0300] "GET /bf.php/.spamassassindisabled HTTP/2" 200 2692 "-" "Mozilla/5.0 AppleWebKit/537.36 (KHTML, like Gecko; compatible; ClaudeBot/1.0; +claudebot@anthropic.com)"
216.73.216.175 - - [21/Dec/2025:21:42:08 -0300] "GET /bf.php?edit=.jetbackup-well-known&p=AhomeAkelarte1 HTTP/2" 200 1964 "-" "Mozilla/5.0 AppleWebKit/537.36 (KHTML, like Gecko; compatible; ClaudeBot/1.0; +claudebot@anthropic.com)"
216.73.216.175 - - [21/Dec/2025:21:42:09 -0300] "GET /bf.php?p=AhomeAkelarte1AIkoality HTTP/2" 200 2534 "-" "Mozilla/5.0 AppleWebKit/537.36 (KHTML, like Gecko; compatible; ClaudeBot/1.0; +claudebot@anthropic.com)"
216.73.216.175 - - [21/Dec/2025:21:42:09 -0300] "GET /bf.php?p=AhomeAkelarte1AIhtpasswds HTTP/2" 200 3216 "-" "Mozilla/5.0 AppleWebKit/537.36 (KHTML, like Gecko; compatible; ClaudeBot/1.0; +claudebot@anthropic.com)"
216.73.216.175 - - [21/Dec/2025:21:42:10 -0300] "GET /bf.php?edit=.bash_profile&p=AhomeAkelarte1 HTTP/2" 200 2054 "-" "Mozilla/5.0 AppleWebKit/537.36 (KHTML, like Gecko; compatible; ClaudeBot/1.0; +claudebot@anthropic.com)"
216.73.216.175 - - [21/Dec/2025:21:42:41 -0300] "GET /bf.php?p=AhomeAkelarte1Asoftaculous_backups HTTP/2" 200 2964 "-" "Mozilla/5.0 AppleWebKit/537.36 (KHTML, like Gecko; compatible; ClaudeBot/1.0; +claudebot@anthropic.com)"
216.73.216.175 - - [21/Dec/2025:21:41:06 -0300] "GET /bf.php/.jetbackup-well-known HTTP/2" 200 2693 "-" "Mozilla/5.0 AppleWebKit/537.36 (KHTML, like Gecko; compatible; ClaudeBot/1.0; +claudebot@anthropic.com)"
216.73.216.175 - - [21/Dec/2025:21:41:06 -0300] "GET /bf.php?p=AhomeAkelarte1AIspamassassin HTTP/2" 200 2707 "-" "Mozilla/5.0 AppleWebKit/537.36 (KHTML, like Gecko; compatible; ClaudeBot/1.0; +claudebot@anthropic.com)"
216.73.216.175 - - [21/Dec/2025:21:41:07 -0300] "GET /bf.php?edit=.clamavconnector.status&p=AhomeAkelarte1 HTTP/2" 200 2066 "-" "Mozilla/5.0 AppleWebKit/537.36 (KHTML, like Gecko; compatible; ClaudeBot/1.0; +claudebot@anthropic.com)"
216.73.216.175 - - [21/Dec/2025:21:42:29 -0300] "GET /bf.php?p=AhomeAkelarte1Apublic_ftp HTTP/2" 200 2184 "-" "Mozilla/5.0 AppleWebKit/537.36 (KHTML, like Gecko; compatible; ClaudeBot/1.0; +claudebot@anthropic.com)"
216.73.216.175 - - [21/Dec/2025:21:42:29 -0300] "GET /bf.php?p=AhomeAkelarte1AIjbm HTTP/2" 200 2480 "-" "Mozilla/5.0 AppleWebKit/537.36 (KHTML, like Gecko; compatible; ClaudeBot/1.0; +claudebot@anthropic.com)"
216.73.216.175 - - [21/Dec/2025:21:42:30 -0300] "GET /bf.php?p=AhomeAkelarte1AlucineaIcomIbr HTTP/2" 200 4030 "-" "Mozilla/5.0 AppleWebKit/537.36 (KHTML, like Gecko; compatible; ClaudeBot/1.0; +claudebot@anthropic.com)"
216.73.216.175 - - [21/Dec/2025:21:42:30 -0300] "GET /bf.php?p=AhomeAkelarte1AalevaIalicehelenarIcomIbr HTTP/2" 200 4049 "-" "Mozilla/5.0 AppleWebKit/537.36 (KHTML, like Gecko; compatible; ClaudeBot/1.0; +claudebot@anthropic.com)"
216.73.216.175 - - [21/Dec/2025:21:43:44 -0300] "GET /bf.php?p=AhomeAkelarte1Alogs HTTP/2" 200 2179 "-" "Mozilla/5.0 AppleWebKit/537.36 (KHTML, like Gecko; compatible; ClaudeBot/1.0; +claudebot@anthropic.com)"
216.73.216.175 - - [21/Dec/2025:21:43:44 -0300] "GET /bf.php/.myimunify_id HTTP/2" 200 2698 "-" "Mozilla/5.0 AppleWebKit/537.36 (KHTML, like Gecko; compatible; ClaudeBot/1.0; +claudebot@anthropic.com)"
216.73.216.175 - - [21/Dec/2025:21:43:50 -0300] "GET /bf.php?p=AhomeAkelarte1AstudioIkelartesIcomIbr HTTP/2" 200 2849 "-" "Mozilla/5.0 AppleWebKit/537.36 (KHTML, like Gecko; compatible; ClaudeBot/1.0; +claudebot@anthropic.com)"
216.73.216.175 - - [21/Dec/2025:21:43:51 -0300] "GET /bf.php?p=AhomeAkelarte1AredirectIkelartesIcomIbr HTTP/2" 200 2781 "-" "Mozilla/5.0 AppleWebKit/537.36 (KHTML, like Gecko; compatible; ClaudeBot/1.0; +claudebot@anthropic.com)"
216.73.216.175 - - [21/Dec/2025:21:43:57 -0300] "GET /bf.php?p=AhomeAkelarte1Aphp HTTP/2" 200 2915 "-" "Mozilla/5.0 AppleWebKit/537.36 (KHTML, like Gecko; compatible; ClaudeBot/1.0; +claudebot@anthropic.com)"
216.73.216.175 - - [21/Dec/2025:21:43:58 -0300] "GET /bf.php?edit=.bashrc&p=AhomeAkelarte1 HTTP/2" 200 2083 "-" "Mozilla/5.0 AppleWebKit/537.36 (KHTML, like Gecko; compatible; ClaudeBot/1.0; +claudebot@anthropic.com)"
216.73.216.175 - - [21/Dec/2025:21:44:48 -0300] "GET /bf.php?p=AhomeAkelarte1AalevaIkelartesIcomIbr HTTP/2" 200 2689 "-" "Mozilla/5.0 AppleWebKit/537.36 (KHTML, like Gecko; compatible; ClaudeBot/1.0; +claudebot@anthropic.com)"
216.73.216.175 - - [21/Dec/2025:21:44:48 -0300] "GET /bf.php?p=AhomeAkelarte1AIcphorde HTTP/2" 200 2711 "-" "Mozilla/5.0 AppleWebKit/537.36 (KHTML, like Gecko; compatible; ClaudeBot/1.0; +claudebot@anthropic.com)"
216.73.216.175 - - [21/Dec/2025:21:44:49 -0300] "GET /bf.php?p=AhomeAkelarte1AIclwpos HTTP/2" 200 2184 "-" "Mozilla/5.0 AppleWebKit/537.36 (KHTML, like Gecko; compatible; ClaudeBot/1.0; +claudebot@anthropic.com)"
216.73.216.175 - - [21/Dec/2025:21:44:49 -0300] "GET /bf.php?p=AhomeAkelarte1AcmmozartIcomIbr HTTP/2" 200 4219 "-" "Mozilla/5.0 AppleWebKit/537.36 (KHTML, like Gecko; compatible; ClaudeBot/1.0; +claudebot@anthropic.com)"
216.73.216.175 - - [21/Dec/2025:21:45:16 -0300] "GET /bf.php/.mailscannercfg HTTP/2" 200 2652 "-" "Mozilla/5.0 AppleWebKit/537.36 (KHTML, like Gecko; compatible; ClaudeBot/1.0; +claudebot@anthropic.com)"
216.73.216.175 - - [21/Dec/2025:21:42:41 -0300] "GET /bf.php?p=AhomeAkelarte1AfaiserIkelartesIcomIbr HTTP/2" 200 2691 "-" "Mozilla/5.0 AppleWebKit/537.36 (KHTML, like Gecko; compatible; ClaudeBot/1.0; +claudebot@anthropic.com)"
216.73.216.175 - - [21/Dec/2025:21:42:42 -0300] "GET /bf.php?p=AhomeAkelarte1AIpki HTTP/2" 200 2482 "-" "Mozilla/5.0 AppleWebKit/537.36 (KHTML, like Gecko; compatible; ClaudeBot/1.0; +claudebot@anthropic.com)"
216.73.216.175 - - [21/Dec/2025:21:42:42 -0300] "GET /bf.php?edit=.bash_logout&p=AhomeAkelarte1 HTTP/2" 200 1938 "-" "Mozilla/5.0 AppleWebKit/537.36 (KHTML, like Gecko; compatible; ClaudeBot/1.0; +claudebot@anthropic.com)"
216.73.216.175 - - [21/Dec/2025:21:45:28 -0300] "GET /bf.php?edit=.wget-hsts&p=AhomeAkelarte1 HTTP/2" 200 2068 "-" "Mozilla/5.0 AppleWebKit/537.36 (KHTML, like Gecko; compatible; ClaudeBot/1.0; +claudebot@anthropic.com)"
216.73.216.175 - - [21/Dec/2025:21:45:28 -0300] "GET /bf.php?p=AhomeAkelarte1AstIkelartesIcomIbr HTTP/2" 200 4191 "-" "Mozilla/5.0 AppleWebKit/537.36 (KHTML, like Gecko; compatible; ClaudeBot/1.0; +claudebot@anthropic.com)"
216.73.216.175 - - [21/Dec/2025:21:45:54 -0300] "GET /bf.php?p=AhomeAkelarte1AapimeuchatIkelartesIcomIbr HTTP/2" 200 2648 "-" "Mozilla/5.0 AppleWebKit/537.36 (KHTML, like Gecko; compatible; ClaudeBot/1.0; +claudebot@anthropic.com)"
216.73.216.175 - - [21/Dec/2025:21:45:53 -0300] "GET /bf.php?p=AhomeAkelarte1AnovoIcmmozartIcomIbr HTTP/2" 200 2695 "-" "Mozilla/5.0 AppleWebKit/537.36 (KHTML, like Gecko; compatible; ClaudeBot/1.0; +claudebot@anthropic.com)"
216.73.216.175 - - [21/Dec/2025:21:45:54 -0300] "GET /bf.php?p=AhomeAkelarte1AlojaIkelartesIcomIbr HTTP/2" 200 2895 "-" "Mozilla/5.0 AppleWebKit/537.36 (KHTML, like Gecko; compatible; ClaudeBot/1.0; +claudebot@anthropic.com)"
216.73.216.175 - - [21/Dec/2025:21:46:31 -0300] "GET /bf.php?p=AhomeAkelarte1AmauticIkelartesIcomIbr HTTP/2" 200 2758 "-" "Mozilla/5.0 AppleWebKit/537.36 (KHTML, like Gecko; compatible; ClaudeBot/1.0; +claudebot@anthropic.com)"
216.73.216.175 - - [21/Dec/2025:21:46:32 -0300] "GET /bf.php?p=AhomeAkelarte1AmktIkelartesIcomIbr HTTP/2" 200 2201 "-" "Mozilla/5.0 AppleWebKit/537.36 (KHTML, like Gecko; compatible; ClaudeBot/1.0; +claudebot@anthropic.com)"
216.73.216.175 - - [21/Dec/2025:21:46:57 -0300] "GET /bf.php?edit=.gemrc&p=AhomeAkelarte1 HTTP/2" 200 2032 "-" "Mozilla/5.0 AppleWebKit/537.36 (KHTML, like Gecko; compatible; ClaudeBot/1.0; +claudebot@anthropic.com)"
216.73.216.175 - - [21/Dec/2025:21:46:58 -0300] "GET /bf.php?edit=.spamassassindisabled&p=AhomeAkelarte1 HTTP/2" 200 1929 "-" "Mozilla/5.0 AppleWebKit/537.36 (KHTML, like Gecko; compatible; ClaudeBot/1.0; +claudebot@anthropic.com)"
216.73.216.175 - - [21/Dec/2025:21:47:29 -0300] "GET /bf.php?p=AhomeAkelarte1Amail HTTP/2" 200 4558 "-" "Mozilla/5.0 AppleWebKit/537.36 (KHTML, like Gecko; compatible; ClaudeBot/1.0; +claudebot@anthropic.com)"
216.73.216.175 - - [21/Dec/2025:21:47:30 -0300] "GET /bf.php?p=AhomeAkelarte1AportainerIkelartesIcomIbr HTTP/2" 200 2694 "-" "Mozilla/5.0 AppleWebKit/537.36 (KHTML, like Gecko; compatible; ClaudeBot/1.0; +claudebot@anthropic.com)"
216.73.216.175 - - [21/Dec/2025:21:47:59 -0300] "GET /bf.php?p=AhomeAkelarte1AIcagefs HTTP/2" 200 2589 "-" "Mozilla/5.0 AppleWebKit/537.36 (KHTML, like Gecko; compatible; ClaudeBot/1.0; +claudebot@anthropic.com)"
216.73.216.175 - - [21/Dec/2025:21:47:59 -0300] "GET /bf.php?p=AhomeAkelarte1AsitenovoIcmmozartIcomIbr HTTP/2" 200 2702 "-" "Mozilla/5.0 AppleWebKit/537.36 (KHTML, like Gecko; compatible; ClaudeBot/1.0; +claudebot@anthropic.com)"
216.73.216.175 - - [21/Dec/2025:21:48:00 -0300] "GET /bf.php?edit=.mailscannercfg&p=AhomeAkelarte1 HTTP/2" 200 1943 "-" "Mozilla/5.0 AppleWebKit/537.36 (KHTML, like Gecko; compatible; ClaudeBot/1.0; +claudebot@anthropic.com)"
216.73.216.175 - - [21/Dec/2025:21:48:00 -0300] "GET /bf.php?p=AhomeAkelarte1ArrimportcalcadosIcomIbr HTTP/2" 200 2733 "-" "Mozilla/5.0 AppleWebKit/537.36 (KHTML, like Gecko; compatible; ClaudeBot/1.0; +claudebot@anthropic.com)"
216.73.216.175 - - [21/Dec/2025:21:39:09 -0300] "GET /bf.php?p=AhomeAkelarte1AIcpan HTTP/2" 200 2186 "-" "Mozilla/5.0 AppleWebKit/537.36 (KHTML, like Gecko; compatible; ClaudeBot/1.0; +claudebot@anthropic.com)"
216.73.216.175 - - [21/Dec/2025:21:39:10 -0300] "GET /bf.php/.htaccess HTTP/2" 403 1242 "-" "Mozilla/5.0 AppleWebKit/537.36 (KHTML, like Gecko; compatible; ClaudeBot/1.0; +claudebot@anthropic.com)"
216.73.216.175 - - [21/Dec/2025:21:39:41 -0300] "GET /bf.php?p=AhomeAkelarte1AIclIselector HTTP/2" 200 2712 "-" "Mozilla/5.0 AppleWebKit/537.36 (KHTML, like Gecko; compatible; ClaudeBot/1.0; +claudebot@anthropic.com)"
216.73.216.175 - - [21/Dec/2025:21:41:06 -0300] "GET /bf.php?p=AhomeAkelarte1AIcpanel HTTP/2" 200 3156 "-" "Mozilla/5.0 AppleWebKit/537.36 (KHTML, like Gecko; compatible; ClaudeBot/1.0; +claudebot@anthropic.com)"
216.73.216.175 - - [21/Dec/2025:21:43:44 -0300] "GET /bf.php?p=AhomeAkelarte1AIsubaccounts HTTP/2" 200 2543 "-" "Mozilla/5.0 AppleWebKit/537.36 (KHTML, like Gecko; compatible; ClaudeBot/1.0; +claudebot@anthropic.com)"
216.73.216.175 - - [21/Dec/2025:21:43:44 -0300] "GET /bf.php/.gemrc HTTP/2" 200 2692 "-" "Mozilla/5.0 AppleWebKit/537.36 (KHTML, like Gecko; compatible; ClaudeBot/1.0; +claudebot@anthropic.com)"
216.73.216.175 - - [21/Dec/2025:21:43:50 -0300] "GET /bf.php?edit=.pearrc&p=AhomeAkelarte1 HTTP/2" 200 2182 "-" "Mozilla/5.0 AppleWebKit/537.36 (KHTML, like Gecko; compatible; ClaudeBot/1.0; +claudebot@anthropic.com)"
216.73.216.175 - - [21/Dec/2025:21:43:51 -0300] "GET /bf.php?p=AhomeAkelarte1AIcaldav HTTP/2" 200 3253 "-" "Mozilla/5.0 AppleWebKit/537.36 (KHTML, like Gecko; compatible; ClaudeBot/1.0; +claudebot@anthropic.com)"
216.73.216.175 - - [21/Dec/2025:21:43:56 -0300] "GET /bf.php?p=AhomeAkelarte1ApagesIkelartesIcomIbr HTTP/2" 200 4124 "-" "Mozilla/5.0 AppleWebKit/537.36 (KHTML, like Gecko; compatible; ClaudeBot/1.0; +claudebot@anthropic.com)"
216.73.216.175 - - [21/Dec/2025:21:43:57 -0300] "GET /bf.php?p=AhomeAkelarte1ApagesIcmmozartIcomIbr HTTP/2" 200 4193 "-" "Mozilla/5.0 AppleWebKit/537.36 (KHTML, like Gecko; compatible; ClaudeBot/1.0; +claudebot@anthropic.com)"
216.73.216.175 - - [21/Dec/2025:21:45:28 -0300] "GET /bf.php?edit=.htaccess&p=AhomeAkelarte1 HTTP/2" 200 1929 "-" "Mozilla/5.0 AppleWebKit/537.36 (KHTML, like Gecko; compatible; ClaudeBot/1.0; +claudebot@anthropic.com)"
216.73.216.175 - - [21/Dec/2025:21:45:29 -0300] "GET /bf.php?p=AhomeAkelarte1AlojalucineaacessoriosIkelartesIcomIbr HTTP/2" 200 2982 "-" "Mozilla/5.0 AppleWebKit/537.36 (KHTML, like Gecko; compatible; ClaudeBot/1.0; +claudebot@anthropic.com)"
165.232.127.211 - - [21/Dec/2025:21:45:38 -0300] "GET / HTTP/2" 200 571 "-" "Mozilla/5.0 (X11; Linux x86_64; rv:142.0) Gecko/20100101 Firefox/142.0"
165.232.127.211 - - [21/Dec/2025:21:45:39 -0300] "GET /favicon.ico HTTP/2" 404 1251 "https://mail.alicehelenar.com.br/" "Mozilla/5.0 (X11; Linux x86_64; rv:142.0) Gecko/20100101 Firefox/142.0"
216.73.216.175 - - [21/Dec/2025:21:45:54 -0300] "GET /bf.php?p=AhomeAkelarte1AItrash HTTP/2" 200 2186 "-" "Mozilla/5.0 AppleWebKit/537.36 (KHTML, like Gecko; compatible; ClaudeBot/1.0; +claudebot@anthropic.com)"
216.73.216.175 - - [21/Dec/2025:21:46:31 -0300] "GET /bf.php?p=AhomeAkelarte1AIsoftaculous HTTP/2" 200 3271 "-" "Mozilla/5.0 AppleWebKit/537.36 (KHTML, like Gecko; compatible; ClaudeBot/1.0; +claudebot@anthropic.com)"
216.73.216.175 - - [21/Dec/2025:21:46:32 -0300] "GET /bf.php?p=AhomeAkelarte1AlucineaIacessorios HTTP/2" 200 2727 "-" "Mozilla/5.0 AppleWebKit/537.36 (KHTML, like Gecko; compatible; ClaudeBot/1.0; +claudebot@anthropic.com)"
216.73.216.175 - - [21/Dec/2025:21:46:56 -0300] "GET /bf.php?edit=.myimunify_id&p=AhomeAkelarte1 HTTP/2" 200 2004 "-" "Mozilla/5.0 AppleWebKit/537.36 (KHTML, like Gecko; compatible; ClaudeBot/1.0; +claudebot@anthropic.com)"
216.73.216.175 - - [21/Dec/2025:21:46:57 -0300] "GET /bf.php?p=AhomeAkelarte1AlojaluIkelartesIcomIbr HTTP/2" 200 2704 "-" "Mozilla/5.0 AppleWebKit/537.36 (KHTML, like Gecko; compatible; ClaudeBot/1.0; +claudebot@anthropic.com)"
216.73.216.175 - - [21/Dec/2025:21:48:26 -0300] "GET /bf.php?p=AhomeAkelarte1AmarketingIkelartesIcomIbr HTTP/2" 200 2693 "-" "Mozilla/5.0 AppleWebKit/537.36 (KHTML, like Gecko; compatible; ClaudeBot/1.0; +claudebot@anthropic.com)"
216.73.216.175 - - [21/Dec/2025:21:48:26 -0300] "GET /bf.php?p=AhomeAkelarte1AclinimessiasIcom HTTP/2" 200 4028 "-" "Mozilla/5.0 AppleWebKit/537.36 (KHTML, like Gecko; compatible; ClaudeBot/1.0; +claudebot@anthropic.com)"
216.73.216.175 - - [21/Dec/2025:21:48:27 -0300] "GET /bf.php?p=AhomeAkelarte1Aetc HTTP/2" 200 2943 "-" "Mozilla/5.0 AppleWebKit/537.36 (KHTML, like Gecko; compatible; ClaudeBot/1.0; +claudebot@anthropic.com)"
216.73.216.175 - - [21/Dec/2025:21:48:27 -0300] "GET /bf.php?p=AhomeAkelarte1An9nIclinimessiasIcom HTTP/2" 200 2689 "-" "Mozilla/5.0 AppleWebKit/537.36 (KHTML, like Gecko; compatible; ClaudeBot/1.0; +claudebot@anthropic.com)"
216.73.216.175 - - [21/Dec/2025:21:49:12 -0300] "GET /bf.php?edit=.lastlogin&p=AhomeAkelarte1 HTTP/2" 200 2162 "-" "Mozilla/5.0 AppleWebKit/537.36 (KHTML, like Gecko; compatible; ClaudeBot/1.0; +claudebot@anthropic.com)"
216.73.216.175 - - [21/Dec/2025:21:49:13 -0300] "GET /bf.php/.lastlogin HTTP/2" 200 2695 "-" "Mozilla/5.0 AppleWebKit/537.36 (KHTML, like Gecko; compatible; ClaudeBot/1.0; +claudebot@anthropic.com)"
216.73.216.175 - - [21/Dec/2025:21:49:21 -0300] "GET /bf.php?edit=.wp-toolkit-identifier&p=AhomeAkelarte1 HTTP/2" 200 2534 "-" "Mozilla/5.0 AppleWebKit/537.36 (KHTML, like Gecko; compatible; ClaudeBot/1.0; +claudebot@anthropic.com)"
216.73.216.175 - - [21/Dec/2025:21:49:21 -0300] "GET /bf.php/.clamavconnector.status HTTP/2" 200 2700 "-" "Mozilla/5.0 AppleWebKit/537.36 (KHTML, like Gecko; compatible; ClaudeBot/1.0; +claudebot@anthropic.com)"
216.73.216.175 - - [21/Dec/2025:21:49:21 -0300] "GET /bf.php/.bash_logout HTTP/2" 200 2696 "-" "Mozilla/5.0 AppleWebKit/537.36 (KHTML, like Gecko; compatible; ClaudeBot/1.0; +claudebot@anthropic.com)"
216.73.216.175 - - [21/Dec/2025:21:49:22 -0300] "GET /bf.php/.lsphp_restart.txt HTTP/2" 200 2705 "-" "Mozilla/5.0 AppleWebKit/537.36 (KHTML, like Gecko; compatible; ClaudeBot/1.0; +claudebot@anthropic.com)"
216.73.216.175 - - [21/Dec/2025:21:49:22 -0300] "GET /bf.php/.wp-toolkit-identifier HTTP/2" 200 2702 "-" "Mozilla/5.0 AppleWebKit/537.36 (KHTML, like Gecko; compatible; ClaudeBot/1.0; +claudebot@anthropic.com)"
216.73.216.175 - - [21/Dec/2025:21:49:30 -0300] "GET /bf.php?p=AhomeAkelarte1Aperl HTTP/2" 200 2179 "-" "Mozilla/5.0 AppleWebKit/537.36 (KHTML, like Gecko; compatible; ClaudeBot/1.0; +claudebot@anthropic.com)"
216.73.216.175 - - [21/Dec/2025:21:49:31 -0300] "GET /bf.php/.bash_profile HTTP/2" 200 2697 "-" "Mozilla/5.0 AppleWebKit/537.36 (KHTML, like Gecko; compatible; ClaudeBot/1.0; +claudebot@anthropic.com)"
216.73.216.175 - - [21/Dec/2025:21:49:31 -0300] "GET /bf.php/.imunify_patch_id HTTP/2" 200 2709 "-" "Mozilla/5.0 AppleWebKit/537.36 (KHTML, like Gecko; compatible; ClaudeBot/1.0; +claudebot@anthropic.com)"
216.73.216.175 - - [21/Dec/2025:21:49:31 -0300] "GET /bf.php?p=AhomeAkelarte1AlscmData HTTP/2" 200 84 "-" "Mozilla/5.0 AppleWebKit/537.36 (KHTML, like Gecko; compatible; ClaudeBot/1.0; +claudebot@anthropic.com)"
216.73.216.175 - - [21/Dec/2025:21:50:08 -0300] "GET /bf.php?p=AhomeAkelarte1AIautorespond HTTP/2" 200 2540 "-" "Mozilla/5.0 AppleWebKit/537.36 (KHTML, like Gecko; compatible; ClaudeBot/1.0; +claudebot@anthropic.com)"
216.73.216.175 - - [21/Dec/2025:21:50:09 -0300] "GET /bf.php?p=AhomeAkelarte1Assl HTTP/2" 200 2808 "-" "Mozilla/5.0 AppleWebKit/537.36 (KHTML, like Gecko; compatible; ClaudeBot/1.0; +claudebot@anthropic.com)"
216.73.216.175 - - [21/Dec/2025:21:50:51 -0300] "GET /bf.php/.clamavconnector.status HTTP/2" 200 2700 "-" "Mozilla/5.0 AppleWebKit/537.36 (KHTML, like Gecko; compatible; ClaudeBot/1.0; +claudebot@anthropic.com)"
216.73.216.175 - - [21/Dec/2025:21:50:51 -0300] "GET /bf.php/.htaccess HTTP/2" 403 1242 "-" "Mozilla/5.0 AppleWebKit/537.36 (KHTML, like Gecko; compatible; ClaudeBot/1.0; +claudebot@anthropic.com)"
216.73.216.175 - - [21/Dec/2025:21:49:12 -0300] "GET /bf.php?p=AhomeAkelarte1Awww HTTP/2" 200 4342 "-" "Mozilla/5.0 AppleWebKit/537.36 (KHTML, like Gecko; compatible; ClaudeBot/1.0; +claudebot@anthropic.com)"
216.73.216.175 - - [21/Dec/2025:21:49:13 -0300] "GET /bf.php?p=AhomeAkelarte1Abin HTTP/2" 200 2179 "-" "Mozilla/5.0 AppleWebKit/537.36 (KHTML, like Gecko; compatible; ClaudeBot/1.0; +claudebot@anthropic.com)"
216.73.216.175 - - [21/Dec/2025:21:50:08 -0300] "GET /bf.php?p=AhomeAkelarte1ApropostaIkelartesIcomIbr HTTP/2" 200 3924 "-" "Mozilla/5.0 AppleWebKit/537.36 (KHTML, like Gecko; compatible; ClaudeBot/1.0; +claudebot@anthropic.com)"
216.73.216.175 - - [21/Dec/2025:21:50:08 -0300] "GET /bf.php?p=AhomeAkelarte1Alscache HTTP/2" 200 2960 "-" "Mozilla/5.0 AppleWebKit/537.36 (KHTML, like Gecko; compatible; ClaudeBot/1.0; +claudebot@anthropic.com)"
216.73.216.175 - - [21/Dec/2025:21:50:51 -0300] "GET /robots.txt HTTP/2" 404 1251 "-" "Mozilla/5.0 AppleWebKit/537.36 (KHTML, like Gecko; compatible; ClaudeBot/1.0; +claudebot@anthropic.com)"
216.73.216.175 - - [21/Dec/2025:21:51:04 -0300] "GET /bf.php/.bash_profile HTTP/2" 200 2697 "-" "Mozilla/5.0 AppleWebKit/537.36 (KHTML, like Gecko; compatible; ClaudeBot/1.0; +claudebot@anthropic.com)"
216.73.216.175 - - [21/Dec/2025:21:51:04 -0300] "GET /bf.php?p=AhomeAkelarte1AIcpan HTTP/2" 200 2186 "-" "Mozilla/5.0 AppleWebKit/537.36 (KHTML, like Gecko; compatible; ClaudeBot/1.0; +claudebot@anthropic.com)"
216.73.216.175 - - [21/Dec/2025:21:51:04 -0300] "GET /bf.php/.bashrc HTTP/2" 200 2691 "-" "Mozilla/5.0 AppleWebKit/537.36 (KHTML, like Gecko; compatible; ClaudeBot/1.0; +claudebot@anthropic.com)"
216.73.216.175 - - [21/Dec/2025:21:51:05 -0300] "GET /bf.php?edit=.wp-toolkit-identifier&p=AhomeAkelarte1 HTTP/2" 200 2534 "-" "Mozilla/5.0 AppleWebKit/537.36 (KHTML, like Gecko; compatible; ClaudeBot/1.0; +claudebot@anthropic.com)"
216.73.216.175 - - [21/Dec/2025:21:51:05 -0300] "GET /bf.php/error_log HTTP/2" 200 2694 "-" "Mozilla/5.0 AppleWebKit/537.36 (KHTML, like Gecko; compatible; ClaudeBot/1.0; +claudebot@anthropic.com)"
216.73.216.175 - - [21/Dec/2025:21:51:51 -0300] "GET /bf.php?p=AhomeAkelarte1AIcpanel HTTP/2" 200 3156 "-" "Mozilla/5.0 AppleWebKit/537.36 (KHTML, like Gecko; compatible; ClaudeBot/1.0; +claudebot@anthropic.com)"
216.73.216.175 - - [21/Dec/2025:21:51:51 -0300] "GET /bf.php/.jetbackup-well-known HTTP/2" 200 2693 "-" "Mozilla/5.0 AppleWebKit/537.36 (KHTML, like Gecko; compatible; ClaudeBot/1.0; +claudebot@anthropic.com)"
216.73.216.175 - - [21/Dec/2025:21:51:52 -0300] "GET /bf.php?edit=.clamavconnector.status&p=AhomeAkelarte1 HTTP/2" 200 2066 "-" "Mozilla/5.0 AppleWebKit/537.36 (KHTML, like Gecko; compatible; ClaudeBot/1.0; +claudebot@anthropic.com)"
216.73.216.175 - - [21/Dec/2025:21:51:52 -0300] "GET /bf.php?p=AhomeAkelarte1AIspamassassin HTTP/2" 200 2707 "-" "Mozilla/5.0 AppleWebKit/537.36 (KHTML, like Gecko; compatible; ClaudeBot/1.0; +claudebot@anthropic.com)"
216.73.216.175 - - [21/Dec/2025:21:51:53 -0300] "GET /bf.php?p=AhomeAkelarte1Awordpress-backups HTTP/2" 200 2197 "-" "Mozilla/5.0 AppleWebKit/537.36 (KHTML, like Gecko; compatible; ClaudeBot/1.0; +claudebot@anthropic.com)"
216.73.216.175 - - [21/Dec/2025:21:52:38 -0300] "GET /bf.php?p=AhomeAkelarte1AalevaIalicehelenarIcomIbr HTTP/2" 200 4070 "-" "Mozilla/5.0 AppleWebKit/537.36 (KHTML, like Gecko; compatible; ClaudeBot/1.0; +claudebot@anthropic.com)"
216.73.216.175 - - [21/Dec/2025:21:52:38 -0300] "GET /bf.php/.myimunify_id HTTP/2" 200 2698 "-" "Mozilla/5.0 AppleWebKit/537.36 (KHTML, like Gecko; compatible; ClaudeBot/1.0; +claudebot@anthropic.com)"
216.73.216.175 - - [21/Dec/2025:21:52:39 -0300] "GET /bf.php?p=AhomeAkelarte1Apublic_ftp HTTP/2" 200 2184 "-" "Mozilla/5.0 AppleWebKit/537.36 (KHTML, like Gecko; compatible; ClaudeBot/1.0; +claudebot@anthropic.com)"
