74.7.243.243 - - [21/Dec/2025:07:52:35 -0300] "GET /?MD HTTP/2" 200 472 "-" "Mozilla/5.0 AppleWebKit/537.36 (KHTML, like Gecko; compatible; GPTBot/1.3; +https://openai.com/gptbot)"
74.7.243.243 - - [21/Dec/2025:07:52:37 -0300] "GET /?SD HTTP/2" 200 471 "-" "Mozilla/5.0 AppleWebKit/537.36 (KHTML, like Gecko; compatible; GPTBot/1.3; +https://openai.com/gptbot)"
74.7.243.243 - - [21/Dec/2025:07:52:38 -0300] "GET /?NA HTTP/2" 200 471 "-" "Mozilla/5.0 AppleWebKit/537.36 (KHTML, like Gecko; compatible; GPTBot/1.3; +https://openai.com/gptbot)"
185.191.171.14 - - [21/Dec/2025:08:10:11 -0300] "GET /?l=2756921fch555 HTTP/1.1" 200 595 "-" "Mozilla/5.0 (compatible; SemrushBot/7~bl; +http://www.semrush.com/bot.html)"
66.249.70.136 - - [21/Dec/2025:08:19:39 -0300] "GET /content.php?s=7832626313313 HTTP/1.1" 404 1251 "-" "Mozilla/5.0 (Linux; Android 6.0.1; Nexus 5X Build/MMB29P) AppleWebKit/537.36 (KHTML, like Gecko) Chrome/141.0.7390.122 Mobile Safari/537.36 (compatible; GoogleOther)"
54.39.0.68 - - [21/Dec/2025:08:29:24 -0300] "GET /robots.txt HTTP/2" 404 1251 "-" "Mozilla/5.0 (compatible; AhrefsBot/7.0; +http://ahrefs.com/robot/)"
148.113.130.46 - - [21/Dec/2025:08:30:06 -0300] "GET /_autoindex/assets/js/tablesort.js HTTP/2" 200 2137 "-" "Mozilla/5.0 (compatible; AhrefsBot/7.0; +http://ahrefs.com/robot/)"
185.191.171.4 - - [21/Dec/2025:08:16:18 -0300] "GET /?l=44091940j6615 HTTP/1.1" 200 595 "-" "Mozilla/5.0 (compatible; SemrushBot/7~bl; +http://www.semrush.com/bot.html)"
66.249.70.136 - - [21/Dec/2025:08:19:48 -0300] "GET /content.php?s=8162507565331 HTTP/1.1" 404 1251 "-" "Mozilla/5.0 (Linux; Android 6.0.1; Nexus 5X Build/MMB29P) AppleWebKit/537.36 (KHTML, like Gecko) Chrome/141.0.7390.122 Mobile Safari/537.36 (compatible; GoogleOther)"
142.111.208.183 - - [21/Dec/2025:08:21:06 -0300] "GET /1365-bright012 HTTP/1.1" 404 1251 "https://alicehelenar.com.br/wp-login.php" "Mozilla/5.0 (compatible; bingbot/2.0; +http://www.bing.com/bingbot.htm)"
195.40.121.43 - - [21/Dec/2025:08:21:24 -0300] "POST /wp-login.php HTTP/1.1" 404 1251 "https://alicehelenar.com.br/wp-login.php" "Yjmy@2025"
185.191.171.11 - - [21/Dec/2025:08:25:36 -0300] "GET /?l=3788127ij7d3g HTTP/1.1" 200 595 "-" "Mozilla/5.0 (compatible; SemrushBot/7~bl; +http://www.semrush.com/bot.html)"
85.208.96.206 - - [21/Dec/2025:08:15:30 -0300] "GET /?l=29636675ag5hf HTTP/1.1" 200 595 "-" "Mozilla/5.0 (compatible; SemrushBot/7~bl; +http://www.semrush.com/bot.html)"
161.123.208.119 - - [21/Dec/2025:08:16:56 -0300] "GET /1365-bright012 HTTP/1.1" 404 1251 "-" "Mozilla/5.0+(compatible;+Googlebot/2.1;++http://www.google.com/bot.html)"
185.191.171.2 - - [21/Dec/2025:08:21:04 -0300] "GET /?l=3827138iae8a0 HTTP/1.1" 200 595 "-" "Mozilla/5.0 (compatible; SemrushBot/7~bl; +http://www.semrush.com/bot.html)"
23.129.254.132 - - [21/Dec/2025:08:21:13 -0300] "POST /wp-login.php HTTP/1.1" 404 1251 "https://alicehelenar.com.br/wp-login.php" "Yjmy@2025"
108.165.83.220 - - [21/Dec/2025:08:21:28 -0300] "POST /wp-login.php HTTP/1.1" 404 1251 "https://alicehelenar.com.br/wp-login.php" "Yjmy@2025"
51.161.37.137 - - [21/Dec/2025:08:29:28 -0300] "GET / HTTP/2" 200 469 "-" "Mozilla/5.0 (compatible; AhrefsBot/7.0; +http://ahrefs.com/robot/)"
15.235.27.110 - - [21/Dec/2025:08:30:07 -0300] "GET /_autoindex/assets/css/autoindex.css HTTP/2" 200 1170 "-" "Mozilla/5.0 (compatible; AhrefsBot/7.0; +http://ahrefs.com/robot/)"
142.173.134.125 - - [21/Dec/2025:08:31:23 -0300] "GET /55bet-reviews-ls-kundservice-recensioner-av-55bet/ HTTP/1.1" 404 1251 "-" "Mozilla/5.0 (Windows NT 10.0; Win64; x64) AppleWebKit/537.36"
66.249.70.137 - - [21/Dec/2025:08:36:43 -0300] "GET /?l=14159095j4efh HTTP/1.1" 200 469 "-" "Mozilla/5.0 (Linux; Android 6.0.1; Nexus 5X Build/MMB29P) AppleWebKit/537.36 (KHTML, like Gecko) Chrome/141.0.7390.122 Mobile Safari/537.36 (compatible; GoogleOther)"
54.39.89.8 - - [21/Dec/2025:08:30:08 -0300] "GET /_autoindex/assets/js/tablesort.number.js HTTP/2" 200 322 "-" "Mozilla/5.0 (compatible; AhrefsBot/7.0; +http://ahrefs.com/robot/)"
66.249.70.136 - - [21/Dec/2025:08:36:46 -0300] "GET /_autoindex/assets/css/autoindex.css HTTP/1.1" 200 1170 "https://alicehelenar.com.br/?l=14159095j4efh" "Mozilla/5.0 (Linux; Android 6.0.1; Nexus 5X Build/MMB29P) AppleWebKit/537.36 (KHTML, like Gecko) Chrome/141.0.7390.122 Mobile Safari/537.36 (compatible; Googlebot/2.1; +http://www.google.com/bot.html)"
66.249.70.136 - - [21/Dec/2025:08:36:48 -0300] "GET /_autoindex/assets/js/tablesort.js HTTP/1.1" 200 2137 "https://alicehelenar.com.br/?l=14159095j4efh" "Mozilla/5.0 (Linux; Android 6.0.1; Nexus 5X Build/MMB29P) AppleWebKit/537.36 (KHTML, like Gecko) Chrome/141.0.7390.122 Mobile Safari/537.36 (compatible; Googlebot/2.1; +http://www.google.com/bot.html)"
66.249.70.136 - - [21/Dec/2025:08:36:51 -0300] "GET /_autoindex/assets/js/tablesort.number.js HTTP/1.1" 200 322 "https://alicehelenar.com.br/?l=14159095j4efh" "Mozilla/5.0 (Linux; Android 6.0.1; Nexus 5X Build/MMB29P) AppleWebKit/537.36 (KHTML, like Gecko) Chrome/141.0.7390.122 Mobile Safari/537.36 (compatible; Googlebot/2.1; +http://www.google.com/bot.html)"
66.249.70.136 - - [21/Dec/2025:08:42:04 -0300] "GET /?l=4583360i51fbh HTTP/1.1" 200 469 "-" "Mozilla/5.0 (Linux; Android 6.0.1; Nexus 5X Build/MMB29P) AppleWebKit/537.36 (KHTML, like Gecko) Chrome/141.0.7390.122 Mobile Safari/537.36 (compatible; GoogleOther)"
159.203.28.128 - - [21/Dec/2025:08:52:28 -0300] "GET /bf.php HTTP/2" 200 2691 "-" "Mozilla/5.0 (Windows NT 10.0; Win64; x64; rv:147.0) Gecko/20100101 Firefox/147.0"
159.203.28.128 - - [21/Dec/2025:08:52:28 -0300] "GET /favicon.ico HTTP/2" 404 1251 "https://alicehelenar.com.br/bf.php" "Mozilla/5.0 (Windows NT 10.0; Win64; x64; rv:147.0) Gecko/20100101 Firefox/147.0"
66.249.70.136 - - [21/Dec/2025:09:33:54 -0300] "GET /content.php?s=7894881368929 HTTP/1.1" 404 1251 "-" "Mozilla/5.0 (Linux; Android 6.0.1; Nexus 5X Build/MMB29P) AppleWebKit/537.36 (KHTML, like Gecko) Chrome/141.0.7390.122 Mobile Safari/537.36 (compatible; GoogleOther)"
66.249.70.136 - - [21/Dec/2025:09:34:31 -0300] "GET /content.php?s=6563530054059 HTTP/1.1" 404 1251 "-" "Mozilla/5.0 (Linux; Android 6.0.1; Nexus 5X Build/MMB29P) AppleWebKit/537.36 (KHTML, like Gecko) Chrome/141.0.7390.122 Mobile Safari/537.36 (compatible; GoogleOther)"
185.191.171.3 - - [21/Dec/2025:09:22:04 -0300] "GET /robots.txt HTTP/1.1" 404 1251 "-" "Mozilla/5.0 (compatible; SemrushBot/7~bl; +http://www.semrush.com/bot.html)"
185.191.171.16 - - [21/Dec/2025:09:22:05 -0300] "GET /?l=43795303j9if4 HTTP/1.1" 200 702 "-" "Mozilla/5.0 (compatible; SemrushBot/7~bl; +http://www.semrush.com/bot.html)"
204.14.106.136 - - [21/Dec/2025:09:28:11 -0300] "POST /wp-login.php HTTP/1.1" 404 1251 "https://alicehelenar.com.br/wp-admin" "Mozilla/5.0 (Windows NT 10.0; Win64; x64) AppleWebKit/537.36 (KHTML, like Gecko) Chrome/114.0.0.0 Safari/537.36"
66.249.70.137 - - [21/Dec/2025:09:49:02 -0300] "GET /content.php?s=9873388225701 HTTP/1.1" 404 1251 "-" "Mozilla/5.0 (Linux; Android 6.0.1; Nexus 5X Build/MMB29P) AppleWebKit/537.36 (KHTML, like Gecko) Chrome/141.0.7390.122 Mobile Safari/537.36 (compatible; GoogleOther)"
54.39.0.207 - - [21/Dec/2025:10:15:16 -0300] "GET /_autoindex/assets/icons/file-text.svg HTTP/2" 200 394 "-" "Mozilla/5.0 (compatible; AhrefsBot/7.0; +http://ahrefs.com/robot/)"
66.249.70.138 - - [21/Dec/2025:10:15:19 -0300] "GET /content.php?s=17073436294036 HTTP/1.1" 404 1251 "-" "Mozilla/5.0 (Linux; Android 6.0.1; Nexus 5X Build/MMB29P) AppleWebKit/537.36 (KHTML, like Gecko) Chrome/141.0.7390.122 Mobile Safari/537.36 (compatible; Googlebot/2.1; +http://www.google.com/bot.html)"
66.249.70.136 - - [21/Dec/2025:10:23:40 -0300] "GET /content.php?s=41613106974462 HTTP/1.1" 404 1251 "-" "Mozilla/5.0 (Linux; Android 6.0.1; Nexus 5X Build/MMB29P) AppleWebKit/537.36 (KHTML, like Gecko) Chrome/141.0.7390.122 Mobile Safari/537.36 (compatible; GoogleOther)"
66.249.70.136 - - [21/Dec/2025:10:26:16 -0300] "GET /content.php?s=6963139676007 HTTP/1.1" 404 1251 "-" "Mozilla/5.0 (Linux; Android 6.0.1; Nexus 5X Build/MMB29P) AppleWebKit/537.36 (KHTML, like Gecko) Chrome/141.0.7390.122 Mobile Safari/537.36 (compatible; GoogleOther)"
66.249.70.136 - - [21/Dec/2025:10:26:44 -0300] "GET /content.php?s=5382668401285 HTTP/1.1" 404 1251 "-" "Mozilla/5.0 (Linux; Android 6.0.1; Nexus 5X Build/MMB29P) AppleWebKit/537.36 (KHTML, like Gecko) Chrome/141.0.7390.122 Mobile Safari/537.36 (compatible; GoogleOther)"
217.182.64.155 - - [21/Dec/2025:10:29:39 -0300] "GET / HTTP/1.1" 200 702 "-" "Mozilla/5.0"
66.249.70.137 - - [21/Dec/2025:10:40:29 -0300] "GET /content.php?s=9434853128271 HTTP/1.1" 404 1251 "-" "Mozilla/5.0 (Linux; Android 6.0.1; Nexus 5X Build/MMB29P) AppleWebKit/537.36 (KHTML, like Gecko) Chrome/141.0.7390.122 Mobile Safari/537.36 (compatible; Googlebot/2.1; +http://www.google.com/bot.html)"
185.191.171.4 - - [21/Dec/2025:10:48:56 -0300] "GET /?l=3968184j27f5g HTTP/1.1" 200 702 "-" "Mozilla/5.0 (compatible; SemrushBot/7~bl; +http://www.semrush.com/bot.html)"
202.8.43.236 - - [21/Dec/2025:10:14:10 -0300] "GET /robots.txt HTTP/2" 404 1251 "-" "Mozilla/5.0 (compatible; AhrefsBot/7.0; +http://ahrefs.com/robot/)"
65.111.25.179 - - [21/Dec/2025:10:37:34 -0300] "POST /wp-admin/images/custom-file-5-1765447607.php HTTP/1.1" 404 1251 "https://alicehelenar.com.br" "Mozilla/5.0 (Windows NT 6.1; WOW64) AppleWebKit/537.36 (KHTML, like Gecko) Chrome/69.0.3229.33 Safari/537.36"
209.50.183.20 - - [21/Dec/2025:10:42:34 -0300] "POST /wp-content/custom-file-5-1765825159.php HTTP/1.1" 404 1251 "https://alicehelenar.com.br" "Opera/9.80 (Windows NT 6.2; WOW64); U) Presto/2.10.181 Version/12.00"
45.82.78.110 - - [21/Dec/2025:10:44:52 -0300] "GET / HTTP/1.1" 200 702 "-" "Mozilla/5.0 (Windows NT 10.0; Win64; x64) AppleWebKit/537.36 (KHTML, like Gecko) Chrome/133.0.0.0 Safari/537.36"
85.208.96.202 - - [21/Dec/2025:10:48:56 -0300] "GET /robots.txt HTTP/1.1" 404 1251 "-" "Mozilla/5.0 (compatible; SemrushBot/7~bl; +http://www.semrush.com/bot.html)"
66.249.70.136 - - [21/Dec/2025:10:50:14 -0300] "GET /content.php?s=21653173156418 HTTP/1.1" 404 1251 "-" "Mozilla/5.0 (Linux; Android 6.0.1; Nexus 5X Build/MMB29P) AppleWebKit/537.36 (KHTML, like Gecko) Chrome/141.0.7390.122 Mobile Safari/537.36 (compatible; GoogleOther)"
66.249.70.136 - - [21/Dec/2025:10:50:23 -0300] "GET /content.php?s=4095730273293 HTTP/1.1" 404 1251 "-" "Mozilla/5.0 (Linux; Android 6.0.1; Nexus 5X Build/MMB29P) AppleWebKit/537.36 (KHTML, like Gecko) Chrome/141.0.7390.122 Mobile Safari/537.36 (compatible; GoogleOther)"
104.167.25.13 - - [21/Dec/2025:10:56:52 -0300] "POST /wp-includes/interactivity-api/custom_file_5_1765419603.php HTTP/1.1" 404 1251 "https://alicehelenar.com.br" "Mozilla/5.0 (Windows NT 10.0; Win64; x64) AppleWebKit/537.36 (KHTML, like Gecko) Chrome/65.0.2602.60 Safari/537.36"
51.222.168.226 - - [21/Dec/2025:10:14:09 -0300] "GET /?ND HTTP/2" 200 567 "-" "Mozilla/5.0 (compatible; AhrefsBot/7.0; +http://ahrefs.com/robot/)"
202.8.42.75 - - [21/Dec/2025:10:14:10 -0300] "GET /_autoindex/assets/css/autoindex.css HTTP/2" 200 1170 "https://alicehelenar.com.br/?ND" "Mozilla/5.0 (compatible; AhrefsBot/7.0; +http://ahrefs.com/robot/)"
202.8.42.75 - - [21/Dec/2025:10:14:10 -0300] "GET /_autoindex/assets/js/tablesort.js HTTP/2" 200 2137 "https://alicehelenar.com.br/?ND" "Mozilla/5.0 (compatible; AhrefsBot/7.0; +http://ahrefs.com/robot/)"
202.8.42.75 - - [21/Dec/2025:10:14:10 -0300] "GET /_autoindex/assets/js/tablesort.number.js HTTP/2" 200 322 "https://alicehelenar.com.br/?ND" "Mozilla/5.0 (compatible; AhrefsBot/7.0; +http://ahrefs.com/robot/)"
66.249.70.138 - - [21/Dec/2025:10:21:44 -0300] "GET /content.php?s=22944219970270 HTTP/1.1" 404 1251 "-" "Mozilla/5.0 (Linux; Android 6.0.1; Nexus 5X Build/MMB29P) AppleWebKit/537.36 (KHTML, like Gecko) Chrome/141.0.7390.122 Mobile Safari/537.36 (compatible; GoogleOther)"
209.50.175.103 - - [21/Dec/2025:10:36:23 -0300] "POST /wp-includes/interactivity-api/custom_file_5_1765419603.php HTTP/1.1" 404 1251 "https://alicehelenar.com.br" "Mozilla/5.0 (Windows NT 10.0) AppleWebKit/537.36 (KHTML, like Gecko) Chrome/67.0.2358.119 Safari/537.36"
74.125.151.138 - - [21/Dec/2025:10:47:35 -0300] "GET /content.php?s=7093284041809 HTTP/1.1" 404 1251 "-" "Mozilla/5.0 (X11; Linux x86_64) AppleWebKit/537.36 (KHTML, like Gecko) Chrome/141.0.7390.122 Safari/537.36"
45.3.53.123 - - [21/Dec/2025:10:57:48 -0300] "POST /wp-admin/images/custom-file-5-1765447607.php HTTP/1.1" 404 1251 "https://alicehelenar.com.br" "Opera/9.80 (iOS; Opera Mini/7.0.73345/28.2555; U; ru) Presto/2.10.229 Version/11.62"
209.50.191.106 - - [21/Dec/2025:11:01:11 -0300] "POST /wp-content/custom-file-5-1765825159.php HTTP/1.1" 404 1251 "https://alicehelenar.com.br" "Mozilla/5.0 (Windows NT 10.0; Win64; x64) AppleWebKit/537.36 (KHTML, like Gecko) Chrome/68.0.2129.37 Safari/537.36"
66.249.70.138 - - [21/Dec/2025:11:14:22 -0300] "GET /content.php?s=66522768497822 HTTP/1.1" 404 1251 "-" "Mozilla/5.0 (Linux; Android 6.0.1; Nexus 5X Build/MMB29P) AppleWebKit/537.36 (KHTML, like Gecko) Chrome/141.0.7390.122 Mobile Safari/537.36 (compatible; Googlebot/2.1; +http://www.google.com/bot.html)"
66.249.70.136 - - [21/Dec/2025:11:20:07 -0300] "GET /content.php?s=71854454594994 HTTP/1.1" 404 1251 "-" "Mozilla/5.0 (Linux; Android 6.0.1; Nexus 5X Build/MMB29P) AppleWebKit/537.36 (KHTML, like Gecko) Chrome/141.0.7390.122 Mobile Safari/537.36 (compatible; Googlebot/2.1; +http://www.google.com/bot.html)"
51.68.107.148 - - [21/Dec/2025:11:21:26 -0300] "GET /robots.txt HTTP/1.1" 404 1251 "-" "Mozilla/5.0 (compatible; MJ12bot/v2.0.4; http://mj12bot.com/)"
51.68.107.148 - - [21/Dec/2025:11:21:26 -0300] "GET / HTTP/1.1" 200 569 "-" "Mozilla/5.0 (compatible; MJ12bot/v2.0.4; http://mj12bot.com/)"
85.208.96.197 - - [21/Dec/2025:11:25:02 -0300] "GET /?l=37823835h3b0f HTTP/1.1" 200 702 "-" "Mozilla/5.0 (compatible; SemrushBot/7~bl; +http://www.semrush.com/bot.html)"
136.243.220.214 - - [21/Dec/2025:11:31:59 -0300] "GET /robots.txt HTTP/1.1" 404 1251 "-" "Mozilla/5.0 (compatible; DataForSeoBot/1.0; +https://dataforseo.com/dataforseo-bot)"
85.208.96.211 - - [21/Dec/2025:12:13:32 -0300] "GET /robots.txt HTTP/1.1" 404 1251 "-" "Mozilla/5.0 (compatible; SemrushBot/7~bl; +http://www.semrush.com/bot.html)"
144.76.19.75 - - [21/Dec/2025:11:42:19 -0300] "GET /robots.txt HTTP/1.1" 404 1251 "-" "Mozilla/5.0 (compatible; SERankingBacklinksBot/1.0; +https://seranking.com/backlinks-crawler)"
144.76.19.75 - - [21/Dec/2025:11:42:20 -0300] "GET /casimo-casino/ HTTP/1.1" 404 1251 "-" "Mozilla/5.0 (compatible; SERankingBacklinksBot/1.0; +https://seranking.com/backlinks-crawler)"
66.249.70.136 - - [21/Dec/2025:12:05:01 -0300] "GET /content.php?s=1565621701995 HTTP/1.1" 404 1251 "-" "Mozilla/5.0 (Linux; Android 6.0.1; Nexus 5X Build/MMB29P) AppleWebKit/537.36 (KHTML, like Gecko) Chrome/141.0.7390.122 Mobile Safari/537.36 (compatible; GoogleOther)"
66.249.70.137 - - [21/Dec/2025:11:37:53 -0300] "GET /content.php?s=8902537973381 HTTP/1.1" 404 1251 "-" "Mozilla/5.0 (Linux; Android 6.0.1; Nexus 5X Build/MMB29P) AppleWebKit/537.36 (KHTML, like Gecko) Chrome/141.0.7390.122 Mobile Safari/537.36 (compatible; Googlebot/2.1; +http://www.google.com/bot.html)"
144.76.19.75 - - [21/Dec/2025:11:42:24 -0300] "GET /007-casino-royale/ HTTP/1.1" 404 1251 "-" "Mozilla/5.0 (compatible; SERankingBacklinksBot/1.0; +https://seranking.com/backlinks-crawler)"
66.249.70.136 - - [21/Dec/2025:12:05:48 -0300] "GET /content.php?s=40126729150104 HTTP/1.1" 404 1251 "-" "Mozilla/5.0 (Linux; Android 6.0.1; Nexus 5X Build/MMB29P) AppleWebKit/537.36 (KHTML, like Gecko) Chrome/141.0.7390.122 Mobile Safari/537.36 (compatible; GoogleOther)"
85.208.96.196 - - [21/Dec/2025:12:13:33 -0300] "GET /?l=4020396ecgi7h HTTP/1.1" 200 702 "-" "Mozilla/5.0 (compatible; SemrushBot/7~bl; +http://www.semrush.com/bot.html)"
144.31.5.196 - - [21/Dec/2025:12:39:12 -0300] "GET /wp-content/plugins/customer-reviews-woocommerce/readme.txt HTTP/1.1" 404 1251 "-" "Mozilla/5.0 (Windows NT 10.0; Win64; x64) AppleWebKit/537.36 (KHTML, like Gecko) Chrome/119.0.0.0 Safari/537.36"
51.68.111.215 - - [21/Dec/2025:12:40:47 -0300] "GET /robots.txt HTTP/1.1" 404 1251 "-" "Mozilla/5.0 (compatible; MJ12bot/v2.0.4; http://mj12bot.com/)"
51.68.111.215 - - [21/Dec/2025:12:40:48 -0300] "GET / HTTP/1.1" 200 569 "-" "Mozilla/5.0 (compatible; MJ12bot/v2.0.4; http://mj12bot.com/)"
66.249.70.138 - - [21/Dec/2025:12:46:52 -0300] "GET /content.php?s=52363687709912 HTTP/1.1" 404 1251 "-" "Mozilla/5.0 (Linux; Android 6.0.1; Nexus 5X Build/MMB29P) AppleWebKit/537.36 (KHTML, like Gecko) Chrome/141.0.7390.122 Mobile Safari/537.36 (compatible; GoogleOther)"
85.208.96.210 - - [21/Dec/2025:12:26:14 -0300] "GET /?l=11530819eh202 HTTP/1.1" 200 702 "-" "Mozilla/5.0 (compatible; SemrushBot/7~bl; +http://www.semrush.com/bot.html)"
45.82.78.111 - - [21/Dec/2025:12:28:21 -0300] "GET / HTTP/1.1" 200 702 "-" "Mozilla/5.0 (Macintosh; Intel Mac OS X 10.15; rv:142.0) Gecko/20100101 Firefox/142.0"
85.208.96.193 - - [21/Dec/2025:12:31:03 -0300] "GET /?l=114671767g40f HTTP/1.1" 200 702 "-" "Mozilla/5.0 (compatible; SemrushBot/7~bl; +http://www.semrush.com/bot.html)"
66.249.70.136 - - [21/Dec/2025:13:00:30 -0300] "GET /content.php?s=17855221519798 HTTP/1.1" 404 1251 "-" "Mozilla/5.0 (compatible; Googlebot/2.1; +http://www.google.com/bot.html)"
148.113.130.69 - - [21/Dec/2025:12:23:53 -0300] "GET /?MA HTTP/2" 200 569 "-" "Mozilla/5.0 (compatible; AhrefsBot/7.0; +http://ahrefs.com/robot/)"
144.31.5.196 - - [21/Dec/2025:12:39:13 -0300] "GET /wp-content/plugins/customer-reviews-woocommerce/js/frontend.js HTTP/1.1" 404 1251 "-" "Mozilla/5.0 (Windows NT 10.0; Win64; x64) AppleWebKit/537.36 (KHTML, like Gecko) Chrome/119.0.0.0 Safari/537.36"
66.249.70.136 - - [21/Dec/2025:12:43:34 -0300] "GET /content.php?s=66583601590996 HTTP/1.1" 404 1251 "-" "Mozilla/5.0 (Linux; Android 6.0.1; Nexus 5X Build/MMB29P) AppleWebKit/537.36 (KHTML, like Gecko) Chrome/141.0.7390.122 Mobile Safari/537.36 (compatible; GoogleOther)"
66.249.70.136 - - [21/Dec/2025:12:57:20 -0300] "GET /content.php?s=81295356770278 HTTP/1.1" 404 1251 "-" "Mozilla/5.0 (Linux; Android 6.0.1; Nexus 5X Build/MMB29P) AppleWebKit/537.36 (KHTML, like Gecko) Chrome/141.0.7390.122 Mobile Safari/537.36 (compatible; GoogleOther)"
45.151.163.234 - - [21/Dec/2025:13:16:11 -0300] "GET /1365-bright012 HTTP/1.1" 404 1251 "-" "Mozilla/5.0 (compatible; bingbot/2.0; +http://www.bing.com/bingbot.htm)"
92.113.236.37 - - [21/Dec/2025:13:20:01 -0300] "POST /wp-login.php HTTP/1.1" 404 1251 "https://alicehelenar.com.br/wp-login.php" "Yjmy@2025"
64.137.37.166 - - [21/Dec/2025:13:20:03 -0300] "POST /wp-login.php HTTP/1.1" 404 1251 "https://alicehelenar.com.br/wp-login.php" "Yjmy@2025"
185.191.171.16 - - [21/Dec/2025:13:32:27 -0300] "GET /?l=237818508hg7b HTTP/1.1" 200 702 "-" "Mozilla/5.0 (compatible; SemrushBot/7~bl; +http://www.semrush.com/bot.html)"
142.93.143.8 - - [21/Dec/2025:13:55:08 -0300] "GET / HTTP/1.1" 200 1371 "-" "-"
46.101.1.225 - - [21/Dec/2025:13:55:08 -0300] "GET / HTTP/2" 200 571 "-" "-"
2604:a880:cad:d0::db0:b001 - - [21/Dec/2025:13:55:08 -0300] "GET / HTTP/2" 200 571 "-" "Mozilla/5.0 (l9scan/2.0.43334616a333433616a3a333330333a303037343a363036323; +https://leakix.net)"
142.93.143.8 - - [21/Dec/2025:13:55:08 -0300] "GET / HTTP/1.1" 200 1371 "-" "Mozilla/5.0 (l9scan/2.0.9343e2134323e23333e2738313; +https://leakix.net)"
64.226.65.160 - - [21/Dec/2025:13:55:08 -0300] "GET / HTTP/2" 200 571 "-" "Mozilla/5.0 (l9scan/2.0.2353e2337313e27363e2237313; +https://leakix.net)"
46.101.1.225 - - [21/Dec/2025:13:55:09 -0300] "GET / HTTP/2" 200 571 "-" "Mozilla/5.0 (l9scan/2.0.2353e2337313e27363e2237313; +https://leakix.net)"
46.101.1.225 - - [21/Dec/2025:13:55:10 -0300] "POST /graphql HTTP/2" 404 1251 "-" "Mozilla/5.0 (l9scan/2.0.2353e2337313e27363e2237313; +https://leakix.net)"
142.93.143.8 - - [21/Dec/2025:13:55:10 -0300] "POST /api HTTP/1.1" 404 1251 "-" "Mozilla/5.0 (l9scan/2.0.9343e2134323e23333e2738313; +https://leakix.net)"
142.93.0.66 - - [21/Dec/2025:13:55:10 -0300] "POST /graphql/api HTTP/2" 404 1251 "-" "Mozilla/5.0 (l9scan/2.0.535313e20333e21323e2430313; +https://leakix.net)"
2001:41d0:801:2000::c38 - - [21/Dec/2025:13:55:10 -0300] "GET / HTTP/2" 200 571 "-" "Go-http-client/1.1"
64.226.65.160 - - [21/Dec/2025:13:55:10 -0300] "POST /graphql/api HTTP/2" 404 1251 "-" "Mozilla/5.0 (l9scan/2.0.2353e2337313e27363e2237313; +https://leakix.net)"
142.93.143.8 - - [21/Dec/2025:13:55:10 -0300] "POST /api/graphql HTTP/1.1" 404 1251 "-" "Mozilla/5.0 (l9scan/2.0.9343e2134323e23333e2738313; +https://leakix.net)"
64.226.65.160 - - [21/Dec/2025:13:55:10 -0300] "POST /api/gql HTTP/2" 404 1251 "-" "Mozilla/5.0 (l9scan/2.0.2353e2337313e27363e2237313; +https://leakix.net)"
142.93.0.66 - - [21/Dec/2025:13:55:11 -0300] "POST /api/gql HTTP/2" 404 1251 "-" "Mozilla/5.0 (l9scan/2.0.535313e20333e21323e2430313; +https://leakix.net)"
46.101.1.225 - - [21/Dec/2025:13:55:11 -0300] "POST /api/graphql HTTP/2" 404 1251 "-" "Mozilla/5.0 (l9scan/2.0.2353e2337313e27363e2237313; +https://leakix.net)"
46.101.1.225 - - [21/Dec/2025:13:55:11 -0300] "POST /graphql/api HTTP/2" 404 1251 "-" "Mozilla/5.0 (l9scan/2.0.2353e2337313e27363e2237313; +https://leakix.net)"
142.93.0.66 - - [21/Dec/2025:13:55:12 -0300] "GET /swagger-ui.html HTTP/2" 404 1251 "-" "Mozilla/5.0 (l9scan/2.0.535313e20333e21323e2430313; +https://leakix.net)"
46.101.1.225 - - [21/Dec/2025:13:55:12 -0300] "POST /api/gql HTTP/2" 404 1251 "-" "Mozilla/5.0 (l9scan/2.0.2353e2337313e27363e2237313; +https://leakix.net)"
64.226.65.160 - - [21/Dec/2025:13:55:12 -0300] "GET /swagger-ui.html HTTP/2" 404 1251 "-" "Mozilla/5.0 (l9scan/2.0.2353e2337313e27363e2237313; +https://leakix.net)"
142.93.0.66 - - [21/Dec/2025:13:55:13 -0300] "GET /swagger/index.html HTTP/2" 404 1251 "-" "Mozilla/5.0 (l9scan/2.0.535313e20333e21323e2430313; +https://leakix.net)"
46.101.1.225 - - [21/Dec/2025:13:55:13 -0300] "GET /swagger-ui.html HTTP/2" 404 1251 "-" "Mozilla/5.0 (l9scan/2.0.2353e2337313e27363e2237313; +https://leakix.net)"
46.101.1.225 - - [21/Dec/2025:13:55:15 -0300] "GET /swagger/swagger-ui.html HTTP/2" 404 1251 "-" "Mozilla/5.0 (l9scan/2.0.2353e2337313e27363e2237313; +https://leakix.net)"
85.208.96.206 - - [21/Dec/2025:13:10:13 -0300] "GET /?l=1461945i3b7c2 HTTP/1.1" 200 702 "-" "Mozilla/5.0 (compatible; SemrushBot/7~bl; +http://www.semrush.com/bot.html)"
195.40.121.83 - - [21/Dec/2025:13:19:57 -0300] "POST /wp-login.php HTTP/1.1" 404 1251 "https://alicehelenar.com.br/wp-login.php" "Yjmy@2025"
185.191.171.3 - - [21/Dec/2025:13:32:27 -0300] "GET /robots.txt HTTP/1.1" 404 1251 "-" "Mozilla/5.0 (compatible; SemrushBot/7~bl; +http://www.semrush.com/bot.html)"
142.93.0.66 - - [21/Dec/2025:13:55:08 -0300] "GET / HTTP/2" 200 571 "-" "-"
2a03:b0c0:3:d0::d04:1 - - [21/Dec/2025:13:55:08 -0300] "GET / HTTP/2" 200 571 "-" "-"
64.226.65.160 - - [21/Dec/2025:13:55:08 -0300] "GET / HTTP/2" 200 571 "-" "-"
142.93.0.66 - - [21/Dec/2025:13:55:08 -0300] "GET / HTTP/2" 200 571 "-" "Mozilla/5.0 (l9scan/2.0.535313e20333e21323e2430313; +https://leakix.net)"
2a03:b0c0:3:d0::d04:1 - - [21/Dec/2025:13:55:08 -0300] "GET / HTTP/2" 200 571 "-" "Mozilla/5.0 (l9scan/2.0.43334616a333433616a3a333330333a303037343a363036323; +https://leakix.net)"
2a03:b0c0:3:d0::11fa:8001 - - [21/Dec/2025:13:55:09 -0300] "GET / HTTP/2" 200 571 "-" "Mozilla/5.0 (l9scan/2.0.26935613a353138363a3a333330333a303037343a363036323; +https://leakix.net)"
142.93.0.66 - - [21/Dec/2025:13:55:09 -0300] "POST /graphql HTTP/2" 404 1251 "-" "Mozilla/5.0 (l9scan/2.0.535313e20333e21323e2430313; +https://leakix.net)"
2001:41d0:701:1100::7333 - - [21/Dec/2025:13:55:09 -0300] "GET / HTTP/2" 200 571 "-" "Go-http-client/1.1"
64.226.65.160 - - [21/Dec/2025:13:55:09 -0300] "POST /graphql HTTP/2" 404 1251 "-" "Mozilla/5.0 (l9scan/2.0.2353e2337313e27363e2237313; +https://leakix.net)"
142.93.0.66 - - [21/Dec/2025:13:55:09 -0300] "POST /api HTTP/2" 404 1251 "-" "Mozilla/5.0 (l9scan/2.0.535313e20333e21323e2430313; +https://leakix.net)"
64.226.65.160 - - [21/Dec/2025:13:55:09 -0300] "POST /api HTTP/2" 404 1251 "-" "Mozilla/5.0 (l9scan/2.0.2353e2337313e27363e2237313; +https://leakix.net)"
64.226.65.160 - - [21/Dec/2025:13:55:10 -0300] "POST /api/graphql HTTP/2" 404 1251 "-" "Mozilla/5.0 (l9scan/2.0.2353e2337313e27363e2237313; +https://leakix.net)"
142.93.0.66 - - [21/Dec/2025:13:55:10 -0300] "POST /api/graphql HTTP/2" 404 1251 "-" "Mozilla/5.0 (l9scan/2.0.535313e20333e21323e2430313; +https://leakix.net)"
2001:41d0:701:1100::7333 - - [21/Dec/2025:13:55:10 -0300] "GET / HTTP/2" 200 571 "-" "Go-http-client/1.1"
46.101.1.225 - - [21/Dec/2025:13:55:10 -0300] "POST /api HTTP/2" 404 1251 "-" "Mozilla/5.0 (l9scan/2.0.2353e2337313e27363e2237313; +https://leakix.net)"
142.93.143.8 - - [21/Dec/2025:13:55:12 -0300] "POST /api/gql HTTP/1.1" 404 1251 "-" "Mozilla/5.0 (l9scan/2.0.9343e2134323e23333e2738313; +https://leakix.net)"
64.226.65.160 - - [21/Dec/2025:13:55:13 -0300] "GET /swagger/index.html HTTP/2" 404 1251 "-" "Mozilla/5.0 (l9scan/2.0.2353e2337313e27363e2237313; +https://leakix.net)"
142.93.143.8 - - [21/Dec/2025:13:55:13 -0300] "GET /swagger-ui.html HTTP/1.1" 404 1251 "-" "Mozilla/5.0 (l9scan/2.0.9343e2134323e23333e2738313; +https://leakix.net)"
142.93.0.66 - - [21/Dec/2025:13:55:14 -0300] "GET /swagger/swagger-ui.html HTTP/2" 404 1251 "-" "Mozilla/5.0 (l9scan/2.0.535313e20333e21323e2430313; +https://leakix.net)"
142.93.143.8 - - [21/Dec/2025:13:55:14 -0300] "GET /swagger/index.html HTTP/1.1" 404 1251 "-" "Mozilla/5.0 (l9scan/2.0.9343e2134323e23333e2738313; +https://leakix.net)"
64.226.65.160 - - [21/Dec/2025:13:55:14 -0300] "GET /swagger/swagger-ui.html HTTP/2" 404 1251 "-" "Mozilla/5.0 (l9scan/2.0.2353e2337313e27363e2237313; +https://leakix.net)"
142.93.0.66 - - [21/Dec/2025:13:55:15 -0300] "GET /webjars/swagger-ui/index.html HTTP/2" 404 1251 "-" "Mozilla/5.0 (l9scan/2.0.535313e20333e21323e2430313; +https://leakix.net)"
142.93.0.66 - - [21/Dec/2025:13:55:17 -0300] "GET /swagger/v1/swagger.json HTTP/2" 404 1251 "-" "Mozilla/5.0 (l9scan/2.0.535313e20333e21323e2430313; +https://leakix.net)"
142.93.143.8 - - [21/Dec/2025:13:55:17 -0300] "GET /swagger.json HTTP/1.1" 404 1251 "-" "Mozilla/5.0 (l9scan/2.0.9343e2134323e23333e2738313; +https://leakix.net)"
45.131.103.186 - - [21/Dec/2025:13:19:55 -0300] "GET /1365-bright012 HTTP/1.1" 404 1251 "https://alicehelenar.com.br/wp-login.php" "Mozilla/5.0 (compatible; bingbot/2.0; +http://www.bing.com/bingbot.htm)"
66.249.70.137 - - [21/Dec/2025:13:52:53 -0300] "GET /content.php?s=7635563151479 HTTP/1.1" 404 1251 "-" "Mozilla/5.0 (Linux; Android 6.0.1; Nexus 5X Build/MMB29P) AppleWebKit/537.36 (KHTML, like Gecko) Chrome/141.0.7390.122 Mobile Safari/537.36 (compatible; Googlebot/2.1; +http://www.google.com/bot.html)"
2604:a880:4:1d0::4d3:9000 - - [21/Dec/2025:13:55:08 -0300] "GET / HTTP/2" 200 571 "-" "-"
2604:a880:cad:d0::db0:b001 - - [21/Dec/2025:13:55:08 -0300] "GET / HTTP/2" 200 571 "-" "-"
2604:a880:4:1d0::4d3:9000 - - [21/Dec/2025:13:55:08 -0300] "GET / HTTP/2" 200 571 "-" "Mozilla/5.0 (l9scan/2.0.26935613a353138363a3a333330333a303037343a363036323; +https://leakix.net)"
2a03:b0c0:3:d0::11fa:8001 - - [21/Dec/2025:13:55:08 -0300] "GET / HTTP/2" 200 571 "-" "-"
142.93.143.8 - - [21/Dec/2025:13:55:09 -0300] "POST /graphql HTTP/1.1" 404 1251 "-" "Mozilla/5.0 (l9scan/2.0.9343e2134323e23333e2738313; +https://leakix.net)"
2001:41d0:801:2000::c38 - - [21/Dec/2025:13:55:10 -0300] "GET / HTTP/2" 200 571 "-" "Go-http-client/1.1"
2001:41d0:801:2000::c38 - - [21/Dec/2025:13:55:10 -0300] "GET / HTTP/2" 200 571 "-" "Go-http-client/1.1"
51.89.167.1 - - [21/Dec/2025:13:55:10 -0300] "GET / HTTP/1.1" 200 702 "-" "Go-http-client/1.1"
2001:41d0:701:1100::7333 - - [21/Dec/2025:13:55:10 -0300] "GET / HTTP/2" 200 571 "-" "Go-http-client/1.1"
2001:41d0:701:1100::7333 - - [21/Dec/2025:13:55:10 -0300] "GET / HTTP/2" 200 571 "-" "Go-http-client/1.1"
142.93.143.8 - - [21/Dec/2025:13:55:11 -0300] "POST /graphql/api HTTP/1.1" 404 1251 "-" "Mozilla/5.0 (l9scan/2.0.9343e2134323e23333e2738313; +https://leakix.net)"
46.101.1.225 - - [21/Dec/2025:13:55:14 -0300] "GET /swagger/index.html HTTP/2" 404 1251 "-" "Mozilla/5.0 (l9scan/2.0.2353e2337313e27363e2237313; +https://leakix.net)"
142.93.143.8 - - [21/Dec/2025:13:55:16 -0300] "GET /webjars/swagger-ui/index.html HTTP/1.1" 404 1251 "-" "Mozilla/5.0 (l9scan/2.0.9343e2134323e23333e2738313; +https://leakix.net)"
46.101.1.225 - - [21/Dec/2025:13:55:16 -0300] "GET /webjars/swagger-ui/index.html HTTP/2" 404 1251 "-" "Mozilla/5.0 (l9scan/2.0.2353e2337313e27363e2237313; +https://leakix.net)"
142.93.143.8 - - [21/Dec/2025:13:55:19 -0300] "GET /v2/api-docs HTTP/1.1" 404 1251 "-" "Mozilla/5.0 (l9scan/2.0.9343e2134323e23333e2738313; +https://leakix.net)"
142.93.0.66 - - [21/Dec/2025:13:55:20 -0300] "GET /api-docs/swagger.json HTTP/2" 404 1251 "-" "Mozilla/5.0 (l9scan/2.0.535313e20333e21323e2430313; +https://leakix.net)"
46.101.1.225 - - [21/Dec/2025:13:55:21 -0300] "GET /api-docs/swagger.json HTTP/2" 404 1251 "-" "Mozilla/5.0 (l9scan/2.0.2353e2337313e27363e2237313; +https://leakix.net)"
46.101.1.225 - - [21/Dec/2025:13:55:22 -0300] "GET /api/swagger.json HTTP/2" 404 1251 "-" "Mozilla/5.0 (l9scan/2.0.2353e2337313e27363e2237313; +https://leakix.net)"
142.93.143.8 - - [21/Dec/2025:13:55:22 -0300] "GET /api/swagger.json HTTP/1.1" 404 1251 "-" "Mozilla/5.0 (l9scan/2.0.9343e2134323e23333e2738313; +https://leakix.net)"
142.93.143.8 - - [21/Dec/2025:13:55:23 -0300] "GET /@vite/env HTTP/1.1" 404 1251 "-" "Mozilla/5.0 (l9scan/2.0.9343e2134323e23333e2738313; +https://leakix.net)"
46.101.1.225 - - [21/Dec/2025:13:55:25 -0300] "GET /server HTTP/2" 404 1251 "-" "Mozilla/5.0 (l9scan/2.0.2353e2337313e27363e2237313; +https://leakix.net)"
142.93.143.8 - - [21/Dec/2025:13:55:25 -0300] "GET /server HTTP/1.1" 404 1251 "-" "Mozilla/5.0 (l9scan/2.0.9343e2134323e23333e2738313; +https://leakix.net)"
142.93.143.8 - - [21/Dec/2025:13:55:26 -0300] "GET /.vscode/sftp.json HTTP/1.1" 404 1251 "-" "Mozilla/5.0 (l9scan/2.0.9343e2134323e23333e2738313; +https://leakix.net)"
142.93.0.66 - - [21/Dec/2025:13:55:27 -0300] "GET /about HTTP/2" 404 1251 "-" "Mozilla/5.0 (l9scan/2.0.535313e20333e21323e2430313; +https://leakix.net)"
142.93.143.8 - - [21/Dec/2025:13:55:15 -0300] "GET /swagger/swagger-ui.html HTTP/1.1" 404 1251 "-" "Mozilla/5.0 (l9scan/2.0.9343e2134323e23333e2738313; +https://leakix.net)"
64.226.65.160 - - [21/Dec/2025:13:55:15 -0300] "GET /webjars/swagger-ui/index.html HTTP/2" 404 1251 "-" "Mozilla/5.0 (l9scan/2.0.2353e2337313e27363e2237313; +https://leakix.net)"
142.93.0.66 - - [21/Dec/2025:13:55:16 -0300] "GET /swagger.json HTTP/2" 404 1251 "-" "Mozilla/5.0 (l9scan/2.0.535313e20333e21323e2430313; +https://leakix.net)"
64.226.65.160 - - [21/Dec/2025:13:55:16 -0300] "GET /swagger.json HTTP/2" 404 1251 "-" "Mozilla/5.0 (l9scan/2.0.2353e2337313e27363e2237313; +https://leakix.net)"
64.226.65.160 - - [21/Dec/2025:13:55:17 -0300] "GET /swagger/v1/swagger.json HTTP/2" 404 1251 "-" "Mozilla/5.0 (l9scan/2.0.2353e2337313e27363e2237313; +https://leakix.net)"
46.101.1.225 - - [21/Dec/2025:13:55:17 -0300] "GET /swagger.json HTTP/2" 404 1251 "-" "Mozilla/5.0 (l9scan/2.0.2353e2337313e27363e2237313; +https://leakix.net)"
142.93.0.66 - - [21/Dec/2025:13:55:18 -0300] "GET /v2/api-docs HTTP/2" 404 1251 "-" "Mozilla/5.0 (l9scan/2.0.535313e20333e21323e2430313; +https://leakix.net)"
46.101.1.225 - - [21/Dec/2025:13:55:18 -0300] "GET /swagger/v1/swagger.json HTTP/2" 404 1251 "-" "Mozilla/5.0 (l9scan/2.0.2353e2337313e27363e2237313; +https://leakix.net)"
46.101.1.225 - - [21/Dec/2025:13:55:19 -0300] "GET /v2/api-docs HTTP/2" 404 1251 "-" "Mozilla/5.0 (l9scan/2.0.2353e2337313e27363e2237313; +https://leakix.net)"
46.101.1.225 - - [21/Dec/2025:13:55:20 -0300] "GET /v3/api-docs HTTP/2" 404 1251 "-" "Mozilla/5.0 (l9scan/2.0.2353e2337313e27363e2237313; +https://leakix.net)"
142.93.143.8 - - [21/Dec/2025:13:55:21 -0300] "GET /api-docs/swagger.json HTTP/1.1" 404 1251 "-" "Mozilla/5.0 (l9scan/2.0.9343e2134323e23333e2738313; +https://leakix.net)"
142.93.0.66 - - [21/Dec/2025:13:55:22 -0300] "GET /@vite/env HTTP/2" 404 1251 "-" "Mozilla/5.0 (l9scan/2.0.535313e20333e21323e2430313; +https://leakix.net)"
64.226.65.160 - - [21/Dec/2025:13:55:22 -0300] "GET /@vite/env HTTP/2" 404 1251 "-" "Mozilla/5.0 (l9scan/2.0.2353e2337313e27363e2237313; +https://leakix.net)"
142.93.0.66 - - [21/Dec/2025:13:55:23 -0300] "GET /actuator/env HTTP/2" 404 1251 "-" "Mozilla/5.0 (l9scan/2.0.535313e20333e21323e2430313; +https://leakix.net)"
64.226.65.160 - - [21/Dec/2025:13:55:23 -0300] "GET /actuator/env HTTP/2" 404 1251 "-" "Mozilla/5.0 (l9scan/2.0.2353e2337313e27363e2237313; +https://leakix.net)"
46.101.1.225 - - [21/Dec/2025:13:55:23 -0300] "GET /@vite/env HTTP/2" 404 1251 "-" "Mozilla/5.0 (l9scan/2.0.2353e2337313e27363e2237313; +https://leakix.net)"
142.93.0.66 - - [21/Dec/2025:13:55:24 -0300] "GET /server HTTP/2" 404 1251 "-" "Mozilla/5.0 (l9scan/2.0.535313e20333e21323e2430313; +https://leakix.net)"
64.226.65.160 - - [21/Dec/2025:13:55:24 -0300] "GET /server HTTP/2" 404 1251 "-" "Mozilla/5.0 (l9scan/2.0.2353e2337313e27363e2237313; +https://leakix.net)"
64.226.65.160 - - [21/Dec/2025:13:55:25 -0300] "GET /.vscode/sftp.json HTTP/2" 404 1251 "-" "Mozilla/5.0 (l9scan/2.0.2353e2337313e27363e2237313; +https://leakix.net)"
46.101.1.225 - - [21/Dec/2025:13:55:26 -0300] "GET /.vscode/sftp.json HTTP/2" 404 1251 "-" "Mozilla/5.0 (l9scan/2.0.2353e2337313e27363e2237313; +https://leakix.net)"
64.226.65.160 - - [21/Dec/2025:13:55:27 -0300] "GET /about HTTP/2" 404 1251 "-" "Mozilla/5.0 (l9scan/2.0.2353e2337313e27363e2237313; +https://leakix.net)"
142.93.0.66 - - [21/Dec/2025:13:55:29 -0300] "GET /v2/_catalog HTTP/2" 404 1251 "-" "Mozilla/5.0 (l9scan/2.0.535313e20333e21323e2430313; +https://leakix.net)"
64.226.65.160 - - [21/Dec/2025:13:55:29 -0300] "GET /v2/_catalog HTTP/2" 404 1251 "-" "Mozilla/5.0 (l9scan/2.0.2353e2337313e27363e2237313; +https://leakix.net)"
142.93.0.66 - - [21/Dec/2025:13:55:30 -0300] "GET /ecp/Current/exporttool/microsoft.exchange.ediscovery.exporttool.application HTTP/2" 404 1251 "-" "Mozilla/5.0 (l9scan/2.0.535313e20333e21323e2430313; +https://leakix.net)"
64.226.65.160 - - [21/Dec/2025:13:55:18 -0300] "GET /v2/api-docs HTTP/2" 404 1251 "-" "Mozilla/5.0 (l9scan/2.0.2353e2337313e27363e2237313; +https://leakix.net)"
142.93.143.8 - - [21/Dec/2025:13:55:18 -0300] "GET /swagger/v1/swagger.json HTTP/1.1" 404 1251 "-" "Mozilla/5.0 (l9scan/2.0.9343e2134323e23333e2738313; +https://leakix.net)"
142.93.0.66 - - [21/Dec/2025:13:55:19 -0300] "GET /v3/api-docs HTTP/2" 404 1251 "-" "Mozilla/5.0 (l9scan/2.0.535313e20333e21323e2430313; +https://leakix.net)"
64.226.65.160 - - [21/Dec/2025:13:55:19 -0300] "GET /v3/api-docs HTTP/2" 404 1251 "-" "Mozilla/5.0 (l9scan/2.0.2353e2337313e27363e2237313; +https://leakix.net)"
64.226.65.160 - - [21/Dec/2025:13:55:20 -0300] "GET /api-docs/swagger.json HTTP/2" 404 1251 "-" "Mozilla/5.0 (l9scan/2.0.2353e2337313e27363e2237313; +https://leakix.net)"
142.93.143.8 - - [21/Dec/2025:13:55:20 -0300] "GET /v3/api-docs HTTP/1.1" 404 1251 "-" "Mozilla/5.0 (l9scan/2.0.9343e2134323e23333e2738313; +https://leakix.net)"
142.93.0.66 - - [21/Dec/2025:13:55:21 -0300] "GET /api/swagger.json HTTP/2" 404 1251 "-" "Mozilla/5.0 (l9scan/2.0.535313e20333e21323e2430313; +https://leakix.net)"
64.226.65.160 - - [21/Dec/2025:13:55:21 -0300] "GET /api/swagger.json HTTP/2" 404 1251 "-" "Mozilla/5.0 (l9scan/2.0.2353e2337313e27363e2237313; +https://leakix.net)"
46.101.1.225 - - [21/Dec/2025:13:55:24 -0300] "GET /actuator/env HTTP/2" 404 1251 "-" "Mozilla/5.0 (l9scan/2.0.2353e2337313e27363e2237313; +https://leakix.net)"
142.93.143.8 - - [21/Dec/2025:13:55:24 -0300] "GET /actuator/env HTTP/1.1" 404 1251 "-" "Mozilla/5.0 (l9scan/2.0.9343e2134323e23333e2738313; +https://leakix.net)"
142.93.0.66 - - [21/Dec/2025:13:55:25 -0300] "GET /.vscode/sftp.json HTTP/2" 404 1251 "-" "Mozilla/5.0 (l9scan/2.0.535313e20333e21323e2430313; +https://leakix.net)"
64.226.65.160 - - [21/Dec/2025:13:55:28 -0300] "GET /debug/default/view?panel=config HTTP/2" 404 1251 "-" "Mozilla/5.0 (l9scan/2.0.2353e2337313e27363e2237313; +https://leakix.net)"
142.93.143.8 - - [21/Dec/2025:13:55:29 -0300] "GET /debug/default/view?panel=config HTTP/1.1" 404 1251 "-" "Mozilla/5.0 (l9scan/2.0.9343e2134323e23333e2738313; +https://leakix.net)"
46.101.1.225 - - [21/Dec/2025:13:55:29 -0300] "GET /debug/default/view?panel=config HTTP/2" 404 1251 "-" "Mozilla/5.0 (l9scan/2.0.2353e2337313e27363e2237313; +https://leakix.net)"
142.93.143.8 - - [21/Dec/2025:13:55:30 -0300] "GET /v2/_catalog HTTP/1.1" 404 1251 "-" "Mozilla/5.0 (l9scan/2.0.9343e2134323e23333e2738313; +https://leakix.net)"
142.93.0.66 - - [21/Dec/2025:13:55:31 -0300] "GET /server-status HTTP/2" 404 1251 "-" "Mozilla/5.0 (l9scan/2.0.535313e20333e21323e2430313; +https://leakix.net)"
142.93.143.8 - - [21/Dec/2025:13:55:32 -0300] "GET /server-status HTTP/1.1" 404 1251 "-" "Mozilla/5.0 (l9scan/2.0.9343e2134323e23333e2738313; +https://leakix.net)"
142.93.143.8 - - [21/Dec/2025:13:55:33 -0300] "GET /login.action HTTP/1.1" 404 1251 "-" "Mozilla/5.0 (l9scan/2.0.9343e2134323e23333e2738313; +https://leakix.net)"
159.65.144.72 - - [21/Dec/2025:13:55:34 -0300] "POST /api/graphql HTTP/2" 404 1251 "-" "Mozilla/5.0 (l9scan/2.0.535313e20333e21323e2430313; +https://leakix.net)"
142.93.143.8 - - [21/Dec/2025:13:55:34 -0300] "GET /_all_dbs HTTP/1.1" 404 1251 "-" "Mozilla/5.0 (l9scan/2.0.9343e2134323e23333e2738313; +https://leakix.net)"
64.226.65.160 - - [21/Dec/2025:13:55:34 -0300] "GET /.DS_Store HTTP/2" 404 1251 "-" "Mozilla/5.0 (l9scan/2.0.2353e2337313e27363e2237313; +https://leakix.net)"
142.93.0.66 - - [21/Dec/2025:13:55:35 -0300] "GET /.env HTTP/2" 404 1251 "-" "Mozilla/5.0 (l9scan/2.0.535313e20333e21323e2430313; +https://leakix.net)"
159.65.144.72 - - [21/Dec/2025:13:55:35 -0300] "POST /api/gql HTTP/2" 404 1251 "-" "Mozilla/5.0 (l9scan/2.0.535313e20333e21323e2430313; +https://leakix.net)"
142.93.143.8 - - [21/Dec/2025:13:55:35 -0300] "GET /.DS_Store HTTP/1.1" 404 1251 "-" "Mozilla/5.0 (l9scan/2.0.9343e2134323e23333e2738313; +https://leakix.net)"
64.226.65.160 - - [21/Dec/2025:13:55:30 -0300] "GET /ecp/Current/exporttool/microsoft.exchange.ediscovery.exporttool.application HTTP/2" 404 1251 "-" "Mozilla/5.0 (l9scan/2.0.2353e2337313e27363e2237313; +https://leakix.net)"
64.226.65.160 - - [21/Dec/2025:13:55:31 -0300] "GET /server-status HTTP/2" 404 1251 "-" "Mozilla/5.0 (l9scan/2.0.2353e2337313e27363e2237313; +https://leakix.net)"
142.93.0.66 - - [21/Dec/2025:13:55:32 -0300] "GET /login.action HTTP/2" 404 1251 "-" "Mozilla/5.0 (l9scan/2.0.535313e20333e21323e2430313; +https://leakix.net)"
46.101.1.225 - - [21/Dec/2025:13:55:32 -0300] "GET /server-status HTTP/2" 404 1251 "-" "Mozilla/5.0 (l9scan/2.0.2353e2337313e27363e2237313; +https://leakix.net)"
64.226.65.160 - - [21/Dec/2025:13:55:32 -0300] "GET /login.action HTTP/2" 404 1251 "-" "Mozilla/5.0 (l9scan/2.0.2353e2337313e27363e2237313; +https://leakix.net)"
64.226.65.160 - - [21/Dec/2025:13:55:33 -0300] "GET /_all_dbs HTTP/2" 404 1251 "-" "Mozilla/5.0 (l9scan/2.0.2353e2337313e27363e2237313; +https://leakix.net)"
46.101.1.225 - - [21/Dec/2025:13:55:33 -0300] "GET /login.action HTTP/2" 404 1251 "-" "Mozilla/5.0 (l9scan/2.0.2353e2337313e27363e2237313; +https://leakix.net)"
64.226.65.160 - - [21/Dec/2025:13:55:35 -0300] "GET /.env HTTP/2" 404 1251 "-" "Mozilla/5.0 (l9scan/2.0.2353e2337313e27363e2237313; +https://leakix.net)"
46.101.1.225 - - [21/Dec/2025:13:55:35 -0300] "GET /.DS_Store HTTP/2" 404 1251 "-" "Mozilla/5.0 (l9scan/2.0.2353e2337313e27363e2237313; +https://leakix.net)"
142.93.143.8 - - [21/Dec/2025:13:55:36 -0300] "GET /.env HTTP/1.1" 404 1251 "-" "Mozilla/5.0 (l9scan/2.0.9343e2134323e23333e2738313; +https://leakix.net)"
142.93.0.66 - - [21/Dec/2025:13:55:38 -0300] "GET /s/535313e20333e21323e2430313/_/;/META-INF/maven/com.atlassian.jira/jira-webapp-dist/pom.properties HTTP/2" 404 1251 "-" "Mozilla/5.0 (l9scan/2.0.535313e20333e21323e2430313; +https://leakix.net)"
64.226.65.160 - - [21/Dec/2025:13:55:38 -0300] "GET /s/2353e2337313e27363e2237313/_/;/META-INF/maven/com.atlassian.jira/jira-webapp-dist/pom.properties HTTP/2" 404 1251 "-" "Mozilla/5.0 (l9scan/2.0.2353e2337313e27363e2237313; +https://leakix.net)"
46.101.1.225 - - [21/Dec/2025:13:55:38 -0300] "GET /.git/config HTTP/2" 403 1242 "-" "Mozilla/5.0 (l9scan/2.0.2353e2337313e27363e2237313; +https://leakix.net)"
46.101.1.225 - - [21/Dec/2025:13:55:39 -0300] "GET /s/2353e2337313e27363e2237313/_/;/META-INF/maven/com.atlassian.jira/jira-webapp-dist/pom.properties HTTP/2" 404 1251 "-" "Mozilla/5.0 (l9scan/2.0.2353e2337313e27363e2237313; +https://leakix.net)"
142.93.143.8 - - [21/Dec/2025:13:55:40 -0300] "GET /s/9343e2134323e23333e2738313/_/;/META-INF/maven/com.atlassian.jira/jira-webapp-dist/pom.properties HTTP/1.1" 404 1251 "-" "Mozilla/5.0 (l9scan/2.0.9343e2134323e23333e2738313; +https://leakix.net)"
64.226.65.160 - - [21/Dec/2025:13:55:41 -0300] "GET /info.php HTTP/2" 404 1251 "-" "Mozilla/5.0 (l9scan/2.0.2353e2337313e27363e2237313; +https://leakix.net)"
142.93.0.66 - - [21/Dec/2025:13:55:42 -0300] "GET /?rest_route=/wp/v2/users/ HTTP/2" 200 571 "-" "Mozilla/5.0 (l9scan/2.0.535313e20333e21323e2430313; +https://leakix.net)"
64.226.65.160 - - [21/Dec/2025:13:55:42 -0300] "GET /?rest_route=/wp/v2/users/ HTTP/2" 200 571 "-" "Mozilla/5.0 (l9scan/2.0.2353e2337313e27363e2237313; +https://leakix.net)"
142.93.143.8 - - [21/Dec/2025:13:55:42 -0300] "GET /telescope/requests HTTP/1.1" 404 1251 "-" "Mozilla/5.0 (l9scan/2.0.9343e2134323e23333e2738313; +https://leakix.net)"
142.93.143.8 - - [21/Dec/2025:13:55:43 -0300] "GET /info.php HTTP/1.1" 404 1251 "-" "Mozilla/5.0 (l9scan/2.0.9343e2134323e23333e2738313; +https://leakix.net)"
46.101.1.225 - - [21/Dec/2025:13:55:43 -0300] "GET /?rest_route=/wp/v2/users/ HTTP/2" 200 571 "-" "Mozilla/5.0 (l9scan/2.0.2353e2337313e27363e2237313; +https://leakix.net)"
159.65.144.72 - - [21/Dec/2025:13:55:49 -0300] "GET /v3/api-docs HTTP/2" 404 1251 "-" "Mozilla/5.0 (l9scan/2.0.535313e20333e21323e2430313; +https://leakix.net)"
142.93.0.66 - - [21/Dec/2025:13:55:28 -0300] "GET /debug/default/view?panel=config HTTP/2" 404 1251 "-" "Mozilla/5.0 (l9scan/2.0.535313e20333e21323e2430313; +https://leakix.net)"
46.101.1.225 - - [21/Dec/2025:13:55:28 -0300] "GET /about HTTP/2" 404 1251 "-" "Mozilla/5.0 (l9scan/2.0.2353e2337313e27363e2237313; +https://leakix.net)"
142.93.143.8 - - [21/Dec/2025:13:55:28 -0300] "GET /about HTTP/1.1" 404 1251 "-" "Mozilla/5.0 (l9scan/2.0.9343e2134323e23333e2738313; +https://leakix.net)"
46.101.1.225 - - [21/Dec/2025:13:55:30 -0300] "GET /v2/_catalog HTTP/2" 404 1251 "-" "Mozilla/5.0 (l9scan/2.0.2353e2337313e27363e2237313; +https://leakix.net)"
46.101.1.225 - - [21/Dec/2025:13:55:31 -0300] "GET /ecp/Current/exporttool/microsoft.exchange.ediscovery.exporttool.application HTTP/2" 404 1251 "-" "Mozilla/5.0 (l9scan/2.0.2353e2337313e27363e2237313; +https://leakix.net)"
142.93.143.8 - - [21/Dec/2025:13:55:31 -0300] "GET /ecp/Current/exporttool/microsoft.exchange.ediscovery.exporttool.application HTTP/1.1" 404 1251 "-" "Mozilla/5.0 (l9scan/2.0.9343e2134323e23333e2738313; +https://leakix.net)"
142.93.0.66 - - [21/Dec/2025:13:55:33 -0300] "GET /_all_dbs HTTP/2" 404 1251 "-" "Mozilla/5.0 (l9scan/2.0.535313e20333e21323e2430313; +https://leakix.net)"
142.93.0.66 - - [21/Dec/2025:13:55:34 -0300] "GET /.DS_Store HTTP/2" 404 1251 "-" "Mozilla/5.0 (l9scan/2.0.535313e20333e21323e2430313; +https://leakix.net)"
46.101.1.225 - - [21/Dec/2025:13:55:34 -0300] "GET /_all_dbs HTTP/2" 404 1251 "-" "Mozilla/5.0 (l9scan/2.0.2353e2337313e27363e2237313; +https://leakix.net)"
159.65.144.72 - - [21/Dec/2025:13:55:34 -0300] "POST /graphql/api HTTP/2" 404 1251 "-" "Mozilla/5.0 (l9scan/2.0.535313e20333e21323e2430313; +https://leakix.net)"
46.101.1.225 - - [21/Dec/2025:13:55:36 -0300] "GET /.env HTTP/2" 404 1251 "-" "Mozilla/5.0 (l9scan/2.0.2353e2337313e27363e2237313; +https://leakix.net)"
159.65.144.72 - - [21/Dec/2025:13:55:37 -0300] "GET /swagger/index.html HTTP/2" 404 1251 "-" "Mozilla/5.0 (l9scan/2.0.535313e20333e21323e2430313; +https://leakix.net)"
142.93.0.66 - - [21/Dec/2025:13:55:39 -0300] "GET /config.json HTTP/2" 404 1251 "-" "Mozilla/5.0 (l9scan/2.0.535313e20333e21323e2430313; +https://leakix.net)"
142.93.0.66 - - [21/Dec/2025:13:55:41 -0300] "GET /info.php HTTP/2" 404 1251 "-" "Mozilla/5.0 (l9scan/2.0.535313e20333e21323e2430313; +https://leakix.net)"
46.101.1.225 - - [21/Dec/2025:13:55:41 -0300] "GET /telescope/requests HTTP/2" 404 1251 "-" "Mozilla/5.0 (l9scan/2.0.2353e2337313e27363e2237313; +https://leakix.net)"
46.101.1.225 - - [21/Dec/2025:13:55:42 -0300] "GET /info.php HTTP/2" 404 1251 "-" "Mozilla/5.0 (l9scan/2.0.2353e2337313e27363e2237313; +https://leakix.net)"
159.65.144.72 - - [21/Dec/2025:13:55:48 -0300] "GET /v2/api-docs HTTP/2" 404 1251 "-" "Mozilla/5.0 (l9scan/2.0.535313e20333e21323e2430313; +https://leakix.net)"
159.65.144.72 - - [21/Dec/2025:13:55:51 -0300] "GET /api/swagger.json HTTP/2" 404 1251 "-" "Mozilla/5.0 (l9scan/2.0.535313e20333e21323e2430313; +https://leakix.net)"
159.65.144.72 - - [21/Dec/2025:13:55:59 -0300] "GET /about HTTP/2" 404 1251 "-" "Mozilla/5.0 (l9scan/2.0.535313e20333e21323e2430313; +https://leakix.net)"
159.65.144.72 - - [21/Dec/2025:13:55:50 -0300] "GET /api-docs/swagger.json HTTP/2" 404 1251 "-" "Mozilla/5.0 (l9scan/2.0.535313e20333e21323e2430313; +https://leakix.net)"
159.65.144.72 - - [21/Dec/2025:13:55:56 -0300] "GET /server HTTP/2" 404 1251 "-" "Mozilla/5.0 (l9scan/2.0.535313e20333e21323e2430313; +https://leakix.net)"
159.65.144.72 - - [21/Dec/2025:13:55:57 -0300] "GET /.vscode/sftp.json HTTP/2" 404 1251 "-" "Mozilla/5.0 (l9scan/2.0.535313e20333e21323e2430313; +https://leakix.net)"
159.65.144.72 - - [21/Dec/2025:13:56:01 -0300] "GET /v2/_catalog HTTP/2" 404 1251 "-" "Mozilla/5.0 (l9scan/2.0.535313e20333e21323e2430313; +https://leakix.net)"
159.65.144.72 - - [21/Dec/2025:13:56:06 -0300] "GET /login.action HTTP/2" 404 1251 "-" "Mozilla/5.0 (l9scan/2.0.535313e20333e21323e2430313; +https://leakix.net)"
159.65.144.72 - - [21/Dec/2025:13:56:07 -0300] "GET /_all_dbs HTTP/2" 404 1251 "-" "Mozilla/5.0 (l9scan/2.0.535313e20333e21323e2430313; +https://leakix.net)"
159.65.144.72 - - [21/Dec/2025:13:56:16 -0300] "GET /s/535313e20333e21323e2430313/_/;/META-INF/maven/com.atlassian.jira/jira-webapp-dist/pom.properties HTTP/2" 404 1251 "-" "Mozilla/5.0 (l9scan/2.0.535313e20333e21323e2430313; +https://leakix.net)"
159.65.144.72 - - [21/Dec/2025:13:56:17 -0300] "GET /config.json HTTP/2" 404 1251 "-" "Mozilla/5.0 (l9scan/2.0.535313e20333e21323e2430313; +https://leakix.net)"
159.65.144.72 - - [21/Dec/2025:13:55:36 -0300] "GET /swagger-ui.html HTTP/2" 404 1251 "-" "Mozilla/5.0 (l9scan/2.0.535313e20333e21323e2430313; +https://leakix.net)"
142.93.0.66 - - [21/Dec/2025:13:55:37 -0300] "GET /.git/config HTTP/2" 403 1242 "-" "Mozilla/5.0 (l9scan/2.0.535313e20333e21323e2430313; +https://leakix.net)"
64.226.65.160 - - [21/Dec/2025:13:55:37 -0300] "GET /.git/config HTTP/2" 403 1242 "-" "Mozilla/5.0 (l9scan/2.0.2353e2337313e27363e2237313; +https://leakix.net)"
159.65.144.72 - - [21/Dec/2025:13:55:38 -0300] "GET /swagger/swagger-ui.html HTTP/2" 404 1251 "-" "Mozilla/5.0 (l9scan/2.0.535313e20333e21323e2430313; +https://leakix.net)"
142.93.143.8 - - [21/Dec/2025:13:55:38 -0300] "GET /.git/config HTTP/1.1" 403 1242 "-" "Mozilla/5.0 (l9scan/2.0.9343e2134323e23333e2738313; +https://leakix.net)"
64.226.65.160 - - [21/Dec/2025:13:55:39 -0300] "GET /config.json HTTP/2" 404 1251 "-" "Mozilla/5.0 (l9scan/2.0.2353e2337313e27363e2237313; +https://leakix.net)"
142.93.0.66 - - [21/Dec/2025:13:55:40 -0300] "GET /telescope/requests HTTP/2" 404 1251 "-" "Mozilla/5.0 (l9scan/2.0.535313e20333e21323e2430313; +https://leakix.net)"
64.226.65.160 - - [21/Dec/2025:13:55:40 -0300] "GET /telescope/requests HTTP/2" 404 1251 "-" "Mozilla/5.0 (l9scan/2.0.2353e2337313e27363e2237313; +https://leakix.net)"
46.101.1.225 - - [21/Dec/2025:13:55:40 -0300] "GET /config.json HTTP/2" 404 1251 "-" "Mozilla/5.0 (l9scan/2.0.2353e2337313e27363e2237313; +https://leakix.net)"
142.93.143.8 - - [21/Dec/2025:13:55:41 -0300] "GET /config.json HTTP/1.1" 404 1251 "-" "Mozilla/5.0 (l9scan/2.0.9343e2134323e23333e2738313; +https://leakix.net)"
142.93.143.8 - - [21/Dec/2025:13:55:44 -0300] "GET /?rest_route=/wp/v2/users/ HTTP/1.1" 200 702 "-" "Mozilla/5.0 (l9scan/2.0.9343e2134323e23333e2738313; +https://leakix.net)"
159.65.144.72 - - [21/Dec/2025:13:55:55 -0300] "GET /actuator/env HTTP/2" 404 1251 "-" "Mozilla/5.0 (l9scan/2.0.535313e20333e21323e2430313; +https://leakix.net)"
159.65.144.72 - - [21/Dec/2025:13:56:00 -0300] "GET /debug/default/view?panel=config HTTP/2" 404 1251 "-" "Mozilla/5.0 (l9scan/2.0.535313e20333e21323e2430313; +https://leakix.net)"
159.65.144.72 - - [21/Dec/2025:13:56:05 -0300] "GET /server-status HTTP/2" 404 1251 "-" "Mozilla/5.0 (l9scan/2.0.535313e20333e21323e2430313; +https://leakix.net)"
159.65.144.72 - - [21/Dec/2025:13:56:11 -0300] "GET /.env HTTP/2" 404 1251 "-" "Mozilla/5.0 (l9scan/2.0.535313e20333e21323e2430313; +https://leakix.net)"
159.65.144.72 - - [21/Dec/2025:13:56:18 -0300] "GET /telescope/requests HTTP/2" 404 1251 "-" "Mozilla/5.0 (l9scan/2.0.535313e20333e21323e2430313; +https://leakix.net)"
159.65.144.72 - - [21/Dec/2025:13:56:22 -0300] "GET /?rest_route=/wp/v2/users/ HTTP/2" 200 571 "-" "Mozilla/5.0 (l9scan/2.0.535313e20333e21323e2430313; +https://leakix.net)"
74.125.151.137 - - [21/Dec/2025:14:00:07 -0300] "GET /content.php?s=60303599996492 HTTP/1.1" 404 1251 "-" "Mozilla/5.0 (X11; Linux x86_64) AppleWebKit/537.36 (KHTML, like Gecko) Chrome/141.0.7390.122 Safari/537.36"
173.214.176.24 - - [21/Dec/2025:14:33:16 -0300] "GET /content.php?1303-link185 HTTP/1.1" 404 1251 "-" "Mozilla/5.0 (compatible; Yahoo! Slurp; http://help.yahoo.com/help/us/ysearch/slurp)"
